000
CXUS53 KBIS 200728
CF6MOT
PRELIMINARY LOCAL CLIMATOLOGICAL DATA (WS FORM: F-6)

                                          STATION:   MINOT ND
                                          MONTH:     APRIL
                                          YEAR:      2014
                                          LATITUDE:   48 15 N
                                          LONGITUDE: 101 16 W

  TEMPERATURE IN F:       :PCPN:    SNOW:  WIND      :SUNSHINE: SKY     :PK WND
================================================================================
1   2   3   4   5  6A  6B    7    8   9   10  11  12  13   14  15   16   17  18
                                     12Z  AVG MX 2MIN
DY MAX MIN AVG DEP HDD CDD  WTR  SNW DPTH SPD SPD DIR MIN PSBL S-S WX    SPD DR
================================================================================

 1  33   5  19 -17  46   0 0.00    M    M  6.5 13 320   M    M   0        16 340
 2  33   9  21 -16  44   0 0.02    M    M  8.6 17 120   M    M   6 1      22 130
 3  34  22  28  -9  37   0 0.07    M    M  6.8 14 310   M    M  10 18     17 320
 4  41  18  30  -8  35   0 0.00    M    M  8.1 18 180   M    M   2        24 160
 5  50  30  40   2  25   0 0.02    M    M 10.1 22 220   M    M   4        29 210
 6  59  28  44   5  21   0    T    M    M  9.1 22 270   M    M   3        28 300
 7  54  27  41   2  24   0    T    M    M 13.2 32 300   M    M   2        39 310
 8  65  27  46   6  19   0 0.00    M    M 11.5 22 180   M    M   0        27 160
 9  72  41  57  17   8   0    T    M    M 18.1 39 300   M    M   1        49 310
10  59  35  47   6  18   0    T    M    M 15.4 35 290   M    M   4        42 290
11  54  32  43   2  22   0    T    M    M  9.1 16 110   M    M   5        23 290
12  50  28  39  -3  26   0    T    M    M 16.5 30 310   M    M   9 18     36 300
13  35  20  28 -14  37   0    T    M    M 14.1 28 330   M    M   6        35 330
14  30  16  23 -20  42   0    T    M    M  9.7 20 360   M    M   6 12     22 330
15  38  18  28 -15  37   0 0.01    M    M 17.0 26  90   M    M   6 1      33  90
16  34  22  28 -16  37   0 0.03    M    M 11.6 22  80   M    M  10 1      27  70
17  42  22  32 -12  33   0 0.00    M    M 10.3 17 110   M    M  10        23 100
18  54  29  42  -3  23   0 0.15    M    M 19.8 36 100   M    M   6 18     43 120
19  55  34  45   0  20   0    T    M    M 12.2 29 250   M    M   4 1      39 250
================================================================================
SM  892  463       554   0  0.30    M    227.7          M       94
================================================================================
AV 46.9 24.4                              12.0 FASTST   M    M   5    MAX(MPH)
                                 MISC ---->  # 39 300               # 49  310
================================================================================
NOTES:
# LAST OF SEVERAL OCCURRENCES

COLUMN 17 PEAK WIND IN M.P.H.

PRELIMINARY LOCAL CLIMATOLOGICAL DATA (WS FORM: F-6) , PAGE 2

                                          STATION:  MINOT ND
                                          MONTH:    APRIL
                                          YEAR:     2014
                                          LATITUDE:   48 15 N
                                          LONGITUDE: 101 16 W

[TEMPERATURE DATA]      [PRECIPITATION DATA]       SYMBOLS USED IN COLUMN 16

AVERAGE MONTHLY: 35.7   TOTAL FOR MONTH:   0.30    1 = FOG OR MIST
DPTR FM NORMAL:  -5.1   DPTR FM NORMAL:   -0.31    2 = FOG REDUCING VISIBILITY
HIGHEST:    72 ON  9    GRTST 24HR  0.15 ON 18-18      TO 1/4 MILE OR LESS
LOWEST:      5 ON  1                               3 = THUNDER
                        SNOW, ICE PELLETS, HAIL    4 = ICE PELLETS
                        TOTAL MONTH:    M          5 = HAIL
                        GRTST 24HR    M  ON   M    6 = FREEZING RAIN OR DRIZZLE
                        GRTST DEPTH:  M  ON   M    7 = DUSTSTORM OR SANDSTORM:
                                                       VSBY 1/2 MILE OR LESS
                                                   8 = SMOKE OR HAZE
[NO. OF DAYS WITH]      [WEATHER - DAYS WITH]      9 = BLOWING SNOW
                                                   X = TORNADO
MAX 32 OR BELOW:   1    0.01 INCH OR MORE:   6
MAX 90 OR ABOVE:   0    0.10 INCH OR MORE:   1
MIN 32 OR BELOW:  16    0.50 INCH OR MORE:   0
MIN  0 OR BELOW:   0    1.00 INCH OR MORE:   0

[HDD (BASE 65) ]
TOTAL THIS MO.   554    CLEAR  (SCALE 0-3)   5
DPTR FM NORMAL    93    PTCLDY (SCALE 4-7)  10
TOTAL FM JUL 1  9070    CLOUDY (SCALE 8-10)  4
DPTR FM NORMAL   894

[CDD (BASE 65) ]
TOTAL THIS MO.     0
DPTR FM NORMAL     0    [PRESSURE DATA]
TOTAL FM JAN 1     0    HIGHEST SLP M ON M
DPTR FM NORMAL     0    LOWEST  SLP 29.51 ON  9

[REMARKS]
