000
CXUS51 KLWX 010620
CF6MRB
PRELIMINARY LOCAL CLIMATOLOGICAL DATA (WS FORM: F-6)

                                          STATION:   MARTINSBURG WV
                                          MONTH:     JUNE
                                          YEAR:      2015
                                          LATITUDE:   39 24 N
                                          LONGITUDE:  77 59 W

  TEMPERATURE IN F:       :PCPN:    SNOW:  WIND      :SUNSHINE: SKY     :PK WND
================================================================================
1   2   3   4   5  6A  6B    7    8   9   10  11  12  13   14  15   16   17  18
                                     12Z  AVG MX 2MIN
DY MAX MIN AVG DEP HDD CDD  WTR  SNW DPTH SPD SPD DIR MIN PSBL S-S WX    SPD DR
================================================================================

 1  83  63  73   7   0   8 0.58    M    M  3.5 14 330   M    M   6 128    19 330
 2  63  58  61  -5   4   0 0.30    M    M  8.1 15  20   M    M  10 1      19  30
 3  62  57  60  -7   5   0    T    M    M  2.4  9  80   M    M  10 18     12  20
 4  61  56  59  -8   6   0 0.25    M    M  3.5  8  90   M    M  10 1      11  10
 5  73  58  66  -1   0   1    T    M    M  2.5  8 260   M    M   6 18     11 270
 6  78  57  68   0   0   3 0.00    M    M  5.5 20  30   M    M   4 12     25 360
 7  79  50  65  -3   0   0 0.00    M    M  6.5 17 150   M    M   3 1      23 150
 8  88  64  76   8   0  11 0.22    M    M  8.2 31 300   M    M   1 1      42 180
 9  84  64  74   6   0   9    T    M    M  9.0 22 260   M    M   4        27 250
10  82  56  69   0   0   4 0.00    M    M  5.2 13 160   M    M   1 18     17 160
11  91  65  78   9   0  13 0.00    M    M  4.9 12 240   M    M   0 18     18 180
12  91  66  79   9   0  14    T    M    M  4.6 15 240   M    M   1 18     20 180
13  86  73  80  10   0  15 0.00    M    M  5.7 13 270   M    M   1        18 270
14  89  68  79   9   0  14 0.15    M    M  2.0 14 260   M    M   3 18     17 270
15  89  71  80  10   0  15 0.43    M    M  5.9 21 260   M    M   3 1      26 270
16  88  70  79   8   0  14 0.01    M    M  8.9 17 290   M    M   2        30 260
17  78  63  71   0   0   6 0.30    M    M  2.4  8 240   M    M   6 1      14  60
18  90  68  79   8   0  14 0.09    M    M  4.6 31 280   M    M   6 1      38 290
19  85  69  77   5   0  12    T    M    M  7.3 18 270   M    M   5 8      23 270
20  85  68  77   5   0  12 0.74    M    M  2.9 22 260   M    M   M 1      29 260
21  90  72  81   9   0  16 0.31    M    M  9.5 22 260   M    M   3 1      27 300
22  88  68  78   6   0  13 0.00    M    M  5.3 14 270   M    M   1 1      21 300
23  92  72  82  10   0  17 0.11    M    M  6.9 32 300   M    M   2        41 290
24  84  62  73   0   0   8 0.00    M    M  6.3 15 270   M    M   0        21 310
25  79  60  70  -3   0   5 0.03    M    M  3.2 14 350   M    M   6 1      20 350
26  80  66  73   0   0   8 0.00    M    M  2.9  9  80   M    M   7 18     12  70
27  70  62  66  -7   0   1 0.71    M    M  6.5 16 290   M    M   9 1      19 310
28  76  60  68  -6   0   3 0.03    M    M 10.6 28 280   M    M   7 12     37 250
29  81  55  68  -6   0   3 0.00    M    M  4.7 13 140   M    M   1        18 270
30  85  64  75   1   0  10    T    M    M  3.5 16 150   M    M   4 8      22 220
================================================================================
SM 2450 1905        15 249  4.26    M    163.0          M      122
================================================================================
AV 81.7 63.5                               5.4 FASTST   M    M   4    MAX(MPH)
                                 MISC ---->  # 32 300               # 42  180
================================================================================
NOTES:
# LAST OF SEVERAL OCCURRENCES

COLUMN 17 PEAK WIND IN M.P.H.

PRELIMINARY LOCAL CLIMATOLOGICAL DATA (WS FORM: F-6) , PAGE 2

                                          STATION:  MARTINSBURG WV
                                          MONTH:    JUNE
                                          YEAR:     2015
                                          LATITUDE:   39 24 N
                                          LONGITUDE:  77 59 W

[TEMPERATURE DATA]      [PRECIPITATION DATA]       SYMBOLS USED IN COLUMN 16

AVERAGE MONTHLY: 72.6   TOTAL FOR MONTH:   4.26    1 = FOG OR MIST
DPTR FM NORMAL:   2.3   DPTR FM NORMAL:    0.50    2 = FOG REDUCING VISIBILITY
HIGHEST:    92 ON 23    GRTST 24HR  0.88 ON  1- 2      TO 1/4 MILE OR LESS
LOWEST:     50 ON  7                               3 = THUNDER
                        SNOW, ICE PELLETS, HAIL    4 = ICE PELLETS
                        TOTAL MONTH:    M          5 = HAIL
                        GRTST 24HR    M  ON   M    6 = FREEZING RAIN OR DRIZZLE
                        GRTST DEPTH:  M  ON   M    7 = DUSTSTORM OR SANDSTORM:
                                                       VSBY 1/2 MILE OR LESS
                                                   8 = SMOKE OR HAZE
[NO. OF DAYS WITH]      [WEATHER - DAYS WITH]      9 = BLOWING SNOW
                                                   X = TORNADO
MAX 32 OR BELOW:   0    0.01 INCH OR MORE:  15
MAX 90 OR ABOVE:   5    0.10 INCH OR MORE:  11
MIN 32 OR BELOW:   0    0.50 INCH OR MORE:   3
MIN  0 OR BELOW:   0    1.00 INCH OR MORE:   0

[HDD (BASE 65) ]
TOTAL THIS MO.    15    CLEAR  (SCALE 0-3)  13
DPTR FM NORMAL    -9    PTCLDY (SCALE 4-7)  12
TOTAL FM JUL 1  5030    CLOUDY (SCALE 8-10)  4
DPTR FM NORMAL  -219

[CDD (BASE 65) ]
TOTAL THIS MO.   249
DPTR FM NORMAL    66    [PRESSURE DATA]
TOTAL FM JAN 1   397    HIGHEST SLP M ON M
DPTR FM NORMAL   157    LOWEST  SLP 29.66 ON 28

[REMARKS]
#FINAL-06-15#
