000
CXUS52 KMHX 270806
CF6MRH
PRELIMINARY LOCAL CLIMATOLOGICAL DATA (WS FORM: F-6)

                                          STATION:   BEAUFORT/SMITH FIELD NC
                                          MONTH:     AUGUST
                                          YEAR:      2014
                                          LATITUDE:   34 43 N
                                          LONGITUDE:  76 39 W

  TEMPERATURE IN F:       :PCPN:    SNOW:  WIND      :SUNSHINE: SKY     :PK WND
================================================================================
1   2   3   4   5  6A  6B    7    8   9   10  11  12  13   14  15   16   17  18
                                     12Z  AVG MX 2MIN
DY MAX MIN AVG DEP HDD CDD  WTR  SNW DPTH SPD SPD DIR MIN PSBL S-S WX    SPD DR
================================================================================

 1  80  73  77  -3   0  12 3.15  0.0    0  6.5 16 190   M    M   5 12     21 180
 2  78  74  76  -4   0  11 1.11  0.0    0  4.7 18 180   M    M   6 1      25 180
 3  77  72  75  -5   0  10 0.62  0.0    0  6.0 13 140   M    M   7 1      26 330
 4  79  73  76  -4   0  11 0.98  0.0    0  4.5 13 170   M    M   6 1      16 180
 5  85  73  79  -1   0  14 0.76  0.0    0  4.6 15 120   M    M   5 18     19 120
 6  86  71  79  -1   0  14    T  0.0    0  6.9 17 230   M    M   1        20 230
 7  86  72  79  -1   0  14 0.99  0.0    0  4.3 21  10   M    M   3 18     29 360
 8  85  73  79   0   0  14 0.00  0.0    0  6.8 14  60   M    M   1        18  50
 9  81  71  76  -3   0  11 0.08  0.0    0  7.0 14  50   M    M   8 1      20  50
10  84  73  79   0   0  14 0.51  0.0    0  6.7 14  70   M    M   9 1      18  70
11  85  73  79   0   0  14 0.03  0.0    0  8.8 17 120   M    M   6 1      23 110
12  86  77  82   3   0  17    T  0.0    0  9.0 18 220   M    M   2        21 200
13  86  73  80   1   0  15 0.00  0.0    0  8.9 16 230   M    M   3        20 240
14  84  69  77  -2   0  12 0.00  0.0    0  5.8 14  30   M    M   1        18  40
15  84  65  75  -4   0  10 0.00  0.0    0  5.9 14 190   M    M   0        18 190
16  84  72  78  -1   0  13 0.00  0.0    0  6.8 14 220   M    M   0        17 200
17  87  77  82   3   0  17 0.00  0.0    0  7.9 15 220   M    M   2 18     18 210
18  87  71  79   0   0  14 2.08  0.0    0  8.4 32 350   M    M   5 18     42 360
19  86  73  80   1   0  15 0.01  0.0    0  8.6 18 230   M    M   3        22 220
20  88  76  82   4   0  17 0.00  0.0    0  6.3 12 220   M    M   3 18     15 360
21  88  75  82   4   0  17 0.05  0.0    0  5.7 25 340   M    M   1 1      31 330
22  92  78  85   7   0  20 0.00  0.0    0  6.8 16 230   M    M   2        21 230
23  84  74  79   1   0  14 0.68  0.0    0  5.6 18  20   M    M   6 18     24  30
24  82  71  77  -1   0  12    T  0.0    0 13.3 23  40   M    M   4        31  20
25  82  68  75  -3   0  10    T  0.0    0 13.0 22  20   M    M   5 1      30  30
26  85  69  77  -1   0  12 0.00  0.0    0 11.9 21  20   M    M   1        26  50
================================================================================
SM 2191 1886         0 354 11.05     0.0 190.7          M       95
================================================================================
AV 84.3 72.5                               7.3 FASTST   M    M   4    MAX(MPH)
                                 MISC ---->  # 32 350               # 42  360
================================================================================
NOTES:
# LAST OF SEVERAL OCCURRENCES

COLUMN 17 PEAK WIND IN M.P.H.

PRELIMINARY LOCAL CLIMATOLOGICAL DATA (WS FORM: F-6) , PAGE 2

                                          STATION:  BEAUFORT/SMITH FIELD NC
                                          MONTH:    AUGUST
                                          YEAR:     2014
                                          LATITUDE:   34 43 N
                                          LONGITUDE:  76 39 W

[TEMPERATURE DATA]      [PRECIPITATION DATA]       SYMBOLS USED IN COLUMN 16

AVERAGE MONTHLY: 78.4   TOTAL FOR MONTH:  11.05    1 = FOG OR MIST
DPTR FM NORMAL:  -0.6   DPTR FM NORMAL:    4.50    2 = FOG REDUCING VISIBILITY
HIGHEST:    92 ON 22    GRTST 24HR  3.55 ON  1- 2      TO 1/4 MILE OR LESS
LOWEST:     65 ON 15                               3 = THUNDER
                        SNOW, ICE PELLETS, HAIL    4 = ICE PELLETS
                        TOTAL MONTH:   0.0 INCH    5 = HAIL
                        GRTST 24HR     0.0         6 = FREEZING RAIN OR DRIZZLE
                        GRTST DEPTH:   0           7 = DUSTSTORM OR SANDSTORM:
                                                       VSBY 1/2 MILE OR LESS
                                                   8 = SMOKE OR HAZE
[NO. OF DAYS WITH]      [WEATHER - DAYS WITH]      9 = BLOWING SNOW
                                                   X = TORNADO
MAX 32 OR BELOW:   0    0.01 INCH OR MORE:  13
MAX 90 OR ABOVE:   1    0.10 INCH OR MORE:   9
MIN 32 OR BELOW:   0    0.50 INCH OR MORE:   9
MIN  0 OR BELOW:   0    1.00 INCH OR MORE:   3

[HDD (BASE 65) ]
TOTAL THIS MO.     0    CLEAR  (SCALE 0-3)  13
DPTR FM NORMAL     0    PTCLDY (SCALE 4-7)  11
TOTAL FM JUL 1     0    CLOUDY (SCALE 8-10)  2
DPTR FM NORMAL     0

[CDD (BASE 65) ]
TOTAL THIS MO.   354
DPTR FM NORMAL   -11    [PRESSURE DATA]
TOTAL FM JAN 1  1391    HIGHEST SLP M ON M
DPTR FM NORMAL    56    LOWEST  SLP 29.76 ON 19

[REMARKS]
