000
CXUS52 KMHX 270700
CF6MRH
PRELIMINARY LOCAL CLIMATOLOGICAL DATA (WS FORM: F-6)

                                          STATION:   BEAUFORT/SMITH FIELD NC
                                          MONTH:     JULY
                                          YEAR:      2016
                                          LATITUDE:   34 43 N
                                          LONGITUDE:  76 39 W

  TEMPERATURE IN F:       :PCPN:    SNOW:  WIND      :SUNSHINE: SKY     :PK WND
================================================================================
1   2   3   4   5  6A  6B    7    8   9   10  11  12  13   14  15   16   17  18
                                     12Z  AVG MX 2MIN
DY MAX MIN AVG DEP HDD CDD  WTR  SNW DPTH SPD SPD DIR MIN PSBL S-S WX    SPD DR
================================================================================

 1  81  74  78  -1   0  13 0.90  0.0    0 12.8 24 210   M    M   5 1      31 210
 2  86  79  83   4   0  18 0.00  0.0    0 10.0 15 200   M    M   2        48 220
 3  86  74  80   1   0  15 0.27  0.0    0  7.3 22 330   M    M   5 1      27 330
 4  86  73  80   1   0  15 0.00  0.0    0 10.5 20 220   M    M   6 1      27 200
 5  88  76  82   2   0  17 0.16  0.0    0 17.2 25 300   M    M   3 1      39 280
 6  87  78  83   3   0  18 0.00  0.0    0 13.0 24 220   M    M   0        39 220
 7  86  74  80   0   0  15 0.33  0.0    0 13.8 26 230   M    M   1 1      32 220
 8  90  73  82   2   0  17 0.36  0.0    0 12.8 39 340   M    M   1 1      49 340
 9  88  73  81   1   0  16 0.16  0.0    0 12.0 21 200   M    M   1 1      26 200
10  89  78  84   4   0  19 0.00  0.0    0  7.3 15 220   M    M   1        25 220
11  84  78  81   1   0  16 0.01  0.0    0  5.4 15 230   M    M   3 1      26 210
12  86  74  80   0   0  15 0.00  0.0    0  6.8 14 200   M    M   2        21 110
13  88  73  81   1   0  16 0.94  0.0    0  7.8 28 320   M    M   2 1      36 320
14  89  81  85   5   0  20 0.00  0.0    0 13.5 22 220   M    M   0        27 210
15  88  76  82   2   0  17 0.01  0.0    0 12.7 26 280   M    M   1 1      36 230
16  88  75  82   2   0  17 0.10  0.0    0 10.2 23 210   M    M   1 1      28 220
17  86  72  79  -1   0  14 0.12  0.0    0  9.7 30 310   M    M   1 1      38 300
18  87  77  82   2   0  17 0.00  0.0    0 10.5 21 220   M    M   0        23 220
19  87  72  80   0   0  15 0.16  0.0    0  9.6 21 210   M    M   2 1      25  60
20  86  73  80   0   0  15 0.05  0.0    0  3.9 18 330   M    M   3        29 100
21  88  73  81   1   0  16 0.00  0.0    0  4.7 13 160   M    M   1        32 180
22  87  71  79  -1   0  14 0.00  0.0    0  6.7 14 200   M    M   0        21 330
23  87  80  84   4   0  19 0.00  0.0    0 10.1 16 200   M    M   2        27 180
24  88  82  85   5   0  20 0.00  0.0    0 11.2 16 210   M    M   1        21 220
25  88  82  85   5   0  20 0.00  0.0    0 14.0 22 210   M    M   0        26 210
26  88  80  84   4   0  19 0.00  0.0    0 14.3 23 230   M    M   0        34 240
================================================================================
SM 2262 1971         0 433  3.57     0.0 267.8          M       44
================================================================================
AV 87.0 75.8                              10.3 FASTST   M    M   2    MAX(MPH)
                                 MISC ---->  # 39 340               # 49  340
================================================================================
NOTES:
# LAST OF SEVERAL OCCURRENCES

COLUMN 17 PEAK WIND IN M.P.H.

PRELIMINARY LOCAL CLIMATOLOGICAL DATA (WS FORM: F-6) , PAGE 2

                                          STATION:  BEAUFORT/SMITH FIELD NC
                                          MONTH:    JULY
                                          YEAR:     2016
                                          LATITUDE:   34 43 N
                                          LONGITUDE:  76 39 W

[TEMPERATURE DATA]      [PRECIPITATION DATA]       SYMBOLS USED IN COLUMN 16

AVERAGE MONTHLY: 81.4   TOTAL FOR MONTH:   3.57    1 = FOG OR MIST
DPTR FM NORMAL:   1.6   DPTR FM NORMAL:   -1.28    2 = FOG REDUCING VISIBILITY
HIGHEST:    90 ON  8    GRTST 24HR  1.07 ON  1- 2      TO 1/4 MILE OR LESS
LOWEST:     71 ON 22                               3 = THUNDER
                        SNOW, ICE PELLETS, HAIL    4 = ICE PELLETS
                        TOTAL MONTH:   0.0 INCH    5 = HAIL
                        GRTST 24HR     0.0         6 = FREEZING RAIN OR DRIZZLE
                        GRTST DEPTH:   0           7 = DUSTSTORM OR SANDSTORM:
                                                       VSBY 1/2 MILE OR LESS
                                                   8 = SMOKE OR HAZE
[NO. OF DAYS WITH]      [WEATHER - DAYS WITH]      9 = BLOWING SNOW
                                                   X = TORNADO
MAX 32 OR BELOW:   0    0.01 INCH OR MORE:  13
MAX 90 OR ABOVE:   1    0.10 INCH OR MORE:  10
MIN 32 OR BELOW:   0    0.50 INCH OR MORE:   2
MIN  0 OR BELOW:   0    1.00 INCH OR MORE:   0

[HDD (BASE 65) ]
TOTAL THIS MO.     0    CLEAR  (SCALE 0-3)  22
DPTR FM NORMAL     0    PTCLDY (SCALE 4-7)   4
TOTAL FM JUL 1     0    CLOUDY (SCALE 8-10)  0
DPTR FM NORMAL     0

[CDD (BASE 65) ]
TOTAL THIS MO.   433
DPTR FM NORMAL    48    [PRESSURE DATA]
TOTAL FM JAN 1  1026    HIGHEST SLP M ON M
DPTR FM NORMAL   136    LOWEST  SLP 29.81 ON M

[REMARKS]
