000
CXUS53 KILX 282300
CF6MTO
PRELIMINARY LOCAL CLIMATOLOGICAL DATA (WS FORM: F-6)

                                          STATION:   MATTOON IL AIRPORT
                                          MONTH:     MAY
                                          YEAR:      2015
                                          LATITUDE:   39 28 N
                                          LONGITUDE:  88 17 W

  TEMPERATURE IN F:       :PCPN:    SNOW:  WIND      :SUNSHINE: SKY     :PK WND
================================================================================
1   2   3   4   5  6A  6B    7    8   9   10  11  12  13   14  15   16   17  18
                                     12Z  AVG MX 2MIN
DY MAX MIN AVG DEP HDD CDD  WTR  SNW DPTH SPD SPD DIR MIN PSBL S-S WX    SPD DR
================================================================================

 1  71  35  53  -6  12   0 0.00    M    M  4.1 13  50   M    M   0        17  40
 2  73  51  62   3   3   0 0.00    M    M  5.1 14 190   M    M   1        19 200
 3  79  58  69   9   0   4 0.00    M    M 10.0 21 180   M    M   2        28 170
 4  80  61  71  11   0   6    T    M    M  9.1 15 210   M    M   5        21 240
 5  83  63  73  13   0   8 0.00    M    M  8.2 16 190   M    M   2        22 220
 6  84  61  73  13   0   8 0.00    M    M  7.3 18 160   M    M   2        22 150
 7  83  59  71  10   0   6 0.00    M    M  8.1 20 160   M    M   1        27 190
 8  84  66  75  14   0  10 0.18    M    M  9.1 21 160   M    M   6 13     28 170
 9  74  62  68   7   0   3 0.22    M    M  5.1 14 160   M    M   9 13     19 160
10  78  64  71   9   0   6 0.44    M    M  7.6 32 230   M    M   7 13     49 200
11  71  54  63   1   2   0 0.33    M    M  9.9 18 290   M    M   6 13     26 200
12  64  48  56  -6   9   0 0.00    M    0 10.8 23 290   M    M   3        29 290
13  66  43  55  -7  10   0 0.00    M    M  8.3 18  50   M    M   0        23  40
14  69  52  61  -2   4   0    T    M    M 10.8 17 160   M    M   4        22 130
15  82  62  72   9   0   7 0.09    M    M  8.7 22 230   M    M   5 13     37 230
16  78  66  72   9   0   7 0.00    M    M 10.5 17 170   M    M   7        22 170
17  80  67  74  10   0   9    T    M    M 13.2 29 160   M    M   7 1      41 160
18  83  54  69   5   0   4    T    M    M 10.6 22 300   M    M   3        28 290
19  64  44  54 -10  11   0 0.00    M    M 11.4 17  40   M    M   0        23 340
20  51  45  48 -16  17   0 0.09    M    M 11.7 20  80   M    M   7 1      23  80
21  64  44  54 -11  11   0    T    M    M 10.5 17 280   M    M   7 1      22 270
22  76  51  64  -1   1   0 0.00    M    M  6.7 13 220   M    M   0        17 220
23  77  57  67   2   0   2 0.00    M    M  6.6 16 160   M    M   1        23 170
24  83  61  72   6   0   7 0.23    M    M 11.9 23 160   M    M   3 18     32 140
25  78  67  73   7   0   8 0.12    M    M 12.7 22 200   M    M   5        34 190
26  78  65  72   6   0   7 0.24    M    M 12.1 24 210   M    M   6 1      36 220
27  81  62  72   6   0   7 0.00    M    M  9.9 14 230   M    M   3        25 250
================================================================================
SM 2034 1522        80 109  1.94    M    250.0          M      102
================================================================================
AV 75.3 56.4                               9.3 FASTST   M    M   4    MAX(MPH)
                                 MISC ---->  # 32 230               # 49  200
================================================================================
NOTES:
# LAST OF SEVERAL OCCURRENCES

COLUMN 17 PEAK WIND IN M.P.H.

PRELIMINARY LOCAL CLIMATOLOGICAL DATA (WS FORM: F-6) , PAGE 2

                                          STATION:  MATTOON IL AIRPORT
                                          MONTH:    MAY
                                          YEAR:     2015
                                          LATITUDE:   39 28 N
                                          LONGITUDE:  88 17 W

[TEMPERATURE DATA]      [PRECIPITATION DATA]       SYMBOLS USED IN COLUMN 16

AVERAGE MONTHLY: 65.9   TOTAL FOR MONTH:   1.94    1 = FOG OR MIST
DPTR FM NORMAL:   3.1   DPTR FM NORMAL:   -1.98    2 = FOG REDUCING VISIBILITY
HIGHEST:    84 ON  8, 6 GRTST 24HR  0.77 ON 10-11      TO 1/4 MILE OR LESS
LOWEST:     35 ON  1                               3 = THUNDER
                        SNOW, ICE PELLETS, HAIL    4 = ICE PELLETS
                        TOTAL MONTH:    M          5 = HAIL
                        GRTST 24HR    M  ON   M    6 = FREEZING RAIN OR DRIZZLE
                        GRTST DEPTH:   0           7 = DUSTSTORM OR SANDSTORM:
                                                       VSBY 1/2 MILE OR LESS
                                                   8 = SMOKE OR HAZE
[NO. OF DAYS WITH]      [WEATHER - DAYS WITH]      9 = BLOWING SNOW
                                                   X = TORNADO
MAX 32 OR BELOW:   0    0.01 INCH OR MORE:   9
MAX 90 OR ABOVE:   0    0.10 INCH OR MORE:   7
MIN 32 OR BELOW:   0    0.50 INCH OR MORE:   0
MIN  0 OR BELOW:   0    1.00 INCH OR MORE:   0

[HDD (BASE 65) ]
TOTAL THIS MO.    80    CLEAR  (SCALE 0-3)  14
DPTR FM NORMAL   -41    PTCLDY (SCALE 4-7)  12
TOTAL FM JUL 1  5893    CLOUDY (SCALE 8-10)  1
DPTR FM NORMAL   510

[CDD (BASE 65) ]
TOTAL THIS MO.   109
DPTR FM NORMAL    50    [PRESSURE DATA]
TOTAL FM JAN 1   111    HIGHEST SLP M ON M
DPTR FM NORMAL    38    LOWEST  SLP 29.90 ON 11

[REMARKS]
