000
CXUS54 KLZK 301330
CF6MWT
PRELIMINARY LOCAL CLIMATOLOGICAL DATA (WS FORM: F-6)

                                          STATION:   Mount Ida
                                          MONTH:     AUGUST
                                          YEAR:      2014
                                          LATITUDE:   34 32 N
                                          LONGITUDE:  93 35 W

  TEMPERATURE IN F:       :PCPN:    SNOW:  WIND      :SUNSHINE: SKY     :PK WND
================================================================================
1   2   3   4   5  6A  6B    7    8   9   10  11  12  13   14  15   16   17  18
                                     12Z  AVG MX 2MIN
DY MAX MIN AVG DEP HDD CDD  WTR  SNW DPTH SPD SPD DIR MIN PSBL S-S WX    SPD DR
================================================================================

 1  78  66  72  -8   0   7 0.05  0.0    0  0.5  6  80   M    M  10 128     9  10
 2  85  65  75  -5   0  10 0.00  0.0    0  1.0  8 130   M    M   4 12     12  90
 3  87  63  75  -5   0  10 0.00  0.0    0  1.4  7  80   M    M   0 18     11 130
 4  87  60  74  -6   0   9 0.00  0.0    0  1.1  7 140   M    M   0 1      10 110
 5  90  61  76  -4   0  11 0.00  0.0    0  0.3  7 350   M    M   0 18     10 360
 6  91  66  79  -1   0  14 0.00  0.0    0  1.4  7 230   M    M   1 18     11 230
 7  88  73  81   1   0  16 0.00  0.0    0  1.4  9 190   M    M   2 1      14 230
 8  93  71  82   2   0  17 1.01  0.0    0  2.1 12 140   M    M   3 18     21 330
 9  80  70  75  -5   0  10    T  0.0    0  1.2  8 280   M    M   2 1      13 260
10  90  68  79  -1   0  14 0.13  0.0    0  1.2  8 310   M    M   3 1      13 310
11  88  70  79  -1   0  14 0.90  0.0    0  3.3 14 260   M    M   3 1      28 240
12  84  63  74  -6   0   9 0.00  0.0    0  1.5  9  30   M    M   1 1      13  20
13  86  58  72  -8   0   7 0.00  0.0    0  0.5  6 140   M    M   0 1      10 320
14  71  60  66 -14   0   1 0.00  0.0    0  0.0  M   M   M    M   0 1       M  M
15  87  61  74  -6   0   9 0.00  0.0    0   M   M   M   M    M   0         M  M
16  91  65  78  -2   0  13 0.00  0.0    0   M   M   M   M    M   M         M  M
17  89  73  81   1   0  16 0.00  0.0    0   M   M   M   M    M   M         M  M
18  92  67  80   0   0  15 0.20  0.0    M  3.1 17 310   M    M   4 1      30 310
19  93  65  79  -1   0  14 0.00  0.0    0  1.1  8 200   M    M   1 1      14 220
20  90  70  80   0   0  15 0.00  0.0    0  2.4  9 210   M    M   0 1      14 220
21  89  72  81   1   0  16 0.00  0.0    0  3.3 10 270   M    M   1        18 260
22  92  74  83   4   0  18 0.00  0.0    0  2.2  8 180   M    M   1 1      13 290
23  95  71  83   4   0  18 0.00  0.0    0  1.1  8 320   M    M   0 1      12 320
24  94  68  81   2   0  16 0.00  0.0    0  0.9  7 270   M    M   0 1      10 230
25  96  69  83   4   0  18 0.00  0.0    0  0.5  7  90   M    M   0 18     12  80
26  94  71  83   4   0  18    T  0.0    0  1.3  9 130   M    M   1 1      16 130
27  93  70  82   4   0  17 0.00  0.0    0  1.0  7 140   M    M   1 1      11 120
28  92  67  80   2   0  15 0.00  0.0    0  1.0  9 130   M    M   2 12     13 120
29  89  72  81   3   0  16 0.02  0.0    0  1.8 10 310   M    M   5 1      17 180
================================================================================
SM 2574 1949         0 383  2.31     0.0  36.6          M       45
================================================================================
AV 88.8 67.2                               1.4 FASTST   M    M   2    MAX(MPH)
                                 MISC ---->  # 17 310               # 30  310
================================================================================
NOTES:
# LAST OF SEVERAL OCCURRENCES

COLUMN 17 PEAK WIND IN M.P.H.

PRELIMINARY LOCAL CLIMATOLOGICAL DATA (WS FORM: F-6) , PAGE 2

                                          STATION:  Mount Ida
                                          MONTH:    AUGUST
                                          YEAR:     2014
                                          LATITUDE:   34 32 N
                                          LONGITUDE:  93 35 W

[TEMPERATURE DATA]      [PRECIPITATION DATA]       SYMBOLS USED IN COLUMN 16

AVERAGE MONTHLY: 78.0   TOTAL FOR MONTH:   2.31    1 = FOG OR MIST
DPTR FM NORMAL:  -1.6   DPTR FM NORMAL:    0.02    2 = FOG REDUCING VISIBILITY
HIGHEST:    96 ON 25    GRTST 24HR  1.03 ON 10-11      TO 1/4 MILE OR LESS
LOWEST:     58 ON 13                               3 = THUNDER
                        SNOW, ICE PELLETS, HAIL    4 = ICE PELLETS
                        TOTAL MONTH:   0.0 INCH    5 = HAIL
                        GRTST 24HR     0.0         6 = FREEZING RAIN OR DRIZZLE
                        GRTST DEPTH:   0           7 = DUSTSTORM OR SANDSTORM:
                                                       VSBY 1/2 MILE OR LESS
                                                   8 = SMOKE OR HAZE
[NO. OF DAYS WITH]      [WEATHER - DAYS WITH]      9 = BLOWING SNOW
                                                   X = TORNADO
MAX 32 OR BELOW:   0    0.01 INCH OR MORE:   6
MAX 90 OR ABOVE:  15    0.10 INCH OR MORE:   4
MIN 32 OR BELOW:   0    0.50 INCH OR MORE:   2
MIN  0 OR BELOW:   0    1.00 INCH OR MORE:   1

[HDD (BASE 65) ]
TOTAL THIS MO.     0    CLEAR  (SCALE 0-3)  23
DPTR FM NORMAL     0    PTCLDY (SCALE 4-7)   3
TOTAL FM JUL 1     3    CLOUDY (SCALE 8-10)  1
DPTR FM NORMAL     3

[CDD (BASE 65) ]
TOTAL THIS MO.   383
DPTR FM NORMAL   -42    [PRESSURE DATA]
TOTAL FM JAN 1  1272    HIGHEST SLP M ON M
DPTR FM NORMAL  -158    LOWEST  SLP 29.80 ON  8

[REMARKS]
ALL SNOWFALL DATA IS FROM THE MT IDA 1 SSE COOPERATIVE OBSERVER SITE
