000
CXUS53 KBIS 200729
CF6N60
PRELIMINARY LOCAL CLIMATOLOGICAL DATA (WS FORM: F-6)

                                          STATION:   GARRISON (AMOS) ND
                                          MONTH:     FEBRUARY
                                          YEAR:      2017
                                          LATITUDE:   47 39 N
                                          LONGITUDE: 101 23 W

  TEMPERATURE IN F:       :PCPN:    SNOW:  WIND      :SUNSHINE: SKY     :PK WND
================================================================================
1   2   3   4   5  6A  6B    7    8   9   10  11  12  13   14  15   16   17  18
                                     12Z  AVG MX 2MIN
DY MAX MIN AVG DEP HDD CDD  WTR  SNW DPTH SPD SPD DIR MIN PSBL S-S WX    SPD DR
================================================================================

 1  12  -2   5   M  60   0 0.00    M    M 17.6 31 320   M    M   0        35 320
 2   9  -3   3   M  62   0 0.00    M    M 14.4 24 310   M    M   0        31 310
 3  14  -4   5   M  60   0 0.00    M    M  9.1 15 270   M    M   0        17 120
 4  14   0   7   M  58   0 0.01    M    M 12.0 26 340   M    M   0        31 330
 5  13  -6   4   M  61   0 0.00    M    M  8.0 18 130   M    M   0        22 140
 6  11   2   7   M  58   0 0.06    M    M 11.5 22  80   M    M   0        27  80
 7   2 -15  -6   M  71   0 0.22    M    M  9.2 16 330   M    M   0        19  30
 8   0 -19  -9   M  74   0 0.00    M    M 13.0 21 280   M    M   0        25 280
 9  22 -17   3   M  62   0 0.02    M    M  9.3 21 170   M    M   0        27 180
10  44  21  33   M  32   0 0.00    M    M 12.9 28 280   M    M   0        33 280
11  42  18  30   M  35   0 0.00    M    M 14.0 35 320   M    M   0        40 320
12  36  20  28   M  37   0 0.00    M    M 12.7 21 280   M    M   0        25 280
13  37  20  29   M  36   0 0.00    M    M 14.4 26 280   M    M   0        32 310
14  35  20  28   M  37   0 0.00    M    M 11.9 22 300   M    M   0        26 300
15  41  18  30   M  35   0 0.00    M    M  4.7 10 230   M    M   0        12 230
16  48  27  38   M  27   0 0.00    M    M  4.1 15 260   M    M   0        17 260
17  47  30  39   M  26   0 0.00    M    M 10.1 24 280   M    M   0        29 280
18  39  25  32   M  33   0 0.00    M    M  6.4 21  80   M    M   0        25  80
19  42  32  37   M  28   0 0.00    M    M  8.1 16  80   M    M   0        21  90
================================================================================
SM  508  167       892   0  0.31    M    203.4          M        0
================================================================================
AV 26.7  8.8                              10.7 FASTST   M    M   0    MAX(MPH)
                                 MISC ---->  # 35 320               # 40  320
================================================================================
NOTES:
# LAST OF SEVERAL OCCURRENCES

COLUMN 17 PEAK WIND IN M.P.H.

PRELIMINARY LOCAL CLIMATOLOGICAL DATA (WS FORM: F-6) , PAGE 2

                                          STATION:  GARRISON (AMOS) ND
                                          MONTH:    FEBRUARY
                                          YEAR:     2017
                                          LATITUDE:   47 39 N
                                          LONGITUDE: 101 23 W

[TEMPERATURE DATA]      [PRECIPITATION DATA]       SYMBOLS USED IN COLUMN 16

AVERAGE MONTHLY: 17.8   TOTAL FOR MONTH:   0.31    1 = FOG OR MIST
DPTR FM NORMAL:     M   DPTR FM NORMAL:       M    2 = FOG REDUCING VISIBILITY
HIGHEST:    48 ON 16    GRTST 24HR  0.28 ON  6- 7      TO 1/4 MILE OR LESS
LOWEST:    -19 ON  8                               3 = THUNDER
                        SNOW, ICE PELLETS, HAIL    4 = ICE PELLETS
                        TOTAL MONTH:    M          5 = HAIL
                        GRTST 24HR    M  ON   M    6 = FREEZING RAIN OR DRIZZLE
                        GRTST DEPTH:  M  ON   M    7 = DUSTSTORM OR SANDSTORM:
                                                       VSBY 1/2 MILE OR LESS
                                                   8 = SMOKE OR HAZE
[NO. OF DAYS WITH]      [WEATHER - DAYS WITH]      9 = BLOWING SNOW
                                                   X = TORNADO
MAX 32 OR BELOW:   9    0.01 INCH OR MORE:   4
MAX 90 OR ABOVE:   0    0.10 INCH OR MORE:   1
MIN 32 OR BELOW:  19    0.50 INCH OR MORE:   0
MIN  0 OR BELOW:   8    1.00 INCH OR MORE:   0

[HDD (BASE 65) ]
TOTAL THIS MO.   892    CLEAR  (SCALE 0-3)  19
DPTR FM NORMAL     M    PTCLDY (SCALE 4-7)   0
TOTAL FM JUL 1  5876    CLOUDY (SCALE 8-10)  0
DPTR FM NORMAL     M

[CDD (BASE 65) ]
TOTAL THIS MO.     0
DPTR FM NORMAL     M    [PRESSURE DATA]
TOTAL FM JAN 1     0    HIGHEST SLP M ON M
DPTR FM NORMAL     M    LOWEST  SLP 29.40 ON 17

[REMARKS]
