000
CXHW50 PHFO 281250
CF6NGF
PRELIMINARY LOCAL CLIMATOLOGICAL DATA (WS FORM: F-6)

                                          STATION:   KANEOHE BAY MCAS HI
                                          MONTH:     FEBRUARY
                                          YEAR:      2015
                                          LATITUDE:   21 25 N
                                          LONGITUDE: 157 46 W

  TEMPERATURE IN F:       :PCPN:    SNOW:  WIND      :SUNSHINE: SKY     :PK WND
================================================================================
1   2   3   4   5  6A  6B    7    8   9   10  11  12  13   14  15   16   17  18
                                     12Z  AVG MX 2MIN
DY MAX MIN AVG DEP HDD CDD  WTR  SNW DPTH SPD SPD DIR MIN PSBL S-S WX    SPD DR
================================================================================

 1  79  65  72  -1   0   7 0.00  0.0    0  3.8  9 100   M    M   4         M  M
 2  83  66  75   2   0  10    T  0.0    0  8.6 16 200   M    M   5        32 200
 3  85  72  79   6   0  14 0.22  0.0    0 10.2 20 230   M    M   9 8      39 240
 4  83  72  78   6   0  13 0.00  0.0    0 10.0 18 250   M    M   3        37 280
 5  80  65  73   1   0   8    T  0.0    0 10.4 18 340   M    M   4        27 340
 6  82  61  72   0   0   7 0.00  0.0    0  6.0 16 250   M    M   1         M  M
 7  80  64  72   0   0   7    T  0.0    0  5.8 12  20   M    M   4         M  M
 8  82  60  71  -1   0   6 0.00  0.0    0  4.0  9 220   M    M   3        20 220
 9  83  72  78   6   0  13 0.00  0.0    0 10.3 20 220   M    M   6        32 230
10  83  70  77   5   0  12 0.04  0.0    0  8.6 20 240   M    M   5        30 240
11  82  66  74   2   0   9 0.00  0.0    0  7.2 17 350   M    M   4        23  10
12  78  65  72   0   0   7 0.00  0.0    0  4.3  9 110   M    M   2         M  M
13  82  72  77   5   0  12 0.03  0.0    0 12.4 24 210   M    M   7 8      41 200
14  81  69  75   3   0  10 0.52  0.0    0 15.2 36 230   M    M   7        59 240
15  77  64  71  -2   0   6 0.00  0.0    0  6.0 12 330   M    M   4         M  M
16  79  61  70  -3   0   5 0.00  0.0    0  3.5 10  40   M    M   2         M  M
17  84  68  76   3   0  11 0.00  0.0    0  4.0 10 330   M    M   3         M  M
18  81  65  73   0   0   8 0.00  0.0    0  3.2  9  90   M    M   4         M  M
19  83  67  75   2   0  10 0.02  0.0    0  9.3 21 210   M    M   3 8      33 200
20  76  66  71  -2   0   6 0.30  0.0    0  8.9 16 350   M    M   9 1      17 340
21  77  68  73   0   0   8 0.00  0.0    0  8.2 13  40   M    M   7         M  M
22  80  70  75   2   0  10 0.00  0.0    0  5.9  9 110   M    M   7         M  M
23  81  73  77   4   0  12 0.00  0.0    0  7.0 12 110   M    M   6         M  M
24  80  72  76   3   0  11 0.00  0.0    0  7.7 13  80   M    M   7        24  80
25  78  73  76   3   0  11    T  0.0    0  9.3 15  70   M    M   8        22  70
26  81  70  76   3   0  11 0.13  0.0    0  4.2  8  40   M    M   6 1       M  M
27  81  67  74   1   0   9    T  0.0    0  5.0 15 350   M    M   5        22 350
================================================================================
SM 2181 1823         0 253  1.26     0.0 199.0          M      135
================================================================================
AV 80.8 67.5                               7.4 FASTST   M    M   5    MAX(MPH)
                                 MISC ---->    36   M                 59    M
================================================================================
NOTES:
# LAST OF SEVERAL OCCURRENCES

COLUMN 17 PEAK WIND IN M.P.H.

PRELIMINARY LOCAL CLIMATOLOGICAL DATA (WS FORM: F-6) , PAGE 2

                                          STATION:  KANEOHE BAY MCAS HI
                                          MONTH:    FEBRUARY
                                          YEAR:     2015
                                          LATITUDE:   21 25 N
                                          LONGITUDE: 157 46 W

[TEMPERATURE DATA]      [PRECIPITATION DATA]       SYMBOLS USED IN COLUMN 16

AVERAGE MONTHLY: 74.1   TOTAL FOR MONTH:   1.26    1 = FOG OR MIST
DPTR FM NORMAL:   1.6   DPTR FM NORMAL:   -1.75    2 = FOG REDUCING VISIBILITY
HIGHEST:    85 ON  3    GRTST 24HR  0.52 ON 14-14      TO 1/4 MILE OR LESS
LOWEST:     60 ON  8                               3 = THUNDER
                        SNOW, ICE PELLETS, HAIL    4 = ICE PELLETS
                        TOTAL MONTH:   0.0 INCH    5 = HAIL
                        GRTST 24HR     0.0         6 = FREEZING RAIN OR DRIZZLE
                        GRTST DEPTH:   0           7 = DUSTSTORM OR SANDSTORM:
                                                       VSBY 1/2 MILE OR LESS
                                                   8 = SMOKE OR HAZE
[NO. OF DAYS WITH]      [WEATHER - DAYS WITH]      9 = BLOWING SNOW
                                                   X = TORNADO
MAX 32 OR BELOW:   0    0.01 INCH OR MORE:   7
MAX 90 OR ABOVE:   0    0.10 INCH OR MORE:   4
MIN 32 OR BELOW:   0    0.50 INCH OR MORE:   1
MIN  0 OR BELOW:   0    1.00 INCH OR MORE:   0

[HDD (BASE 65) ]
TOTAL THIS MO.     0    CLEAR  (SCALE 0-3)   6
DPTR FM NORMAL     0    PTCLDY (SCALE 4-7)  19
TOTAL FM JUL 1     0    CLOUDY (SCALE 8-10)  2
DPTR FM NORMAL     0

[CDD (BASE 65) ]
TOTAL THIS MO.   253
DPTR FM NORMAL    37    [PRESSURE DATA]
TOTAL FM JAN 1   480    HIGHEST SLP M ON M
DPTR FM NORMAL    19    LOWEST  SLP M ON M

[REMARKS]
