000
CXUS56 KMTR 251000
CF6NUQ
PRELIMINARY LOCAL CLIMATOLOGICAL DATA (WS FORM: F-6)

                                          STATION:   MOFFETT FIELD
                                          MONTH:     OCTOBER
                                          YEAR:      2014
                                          LATITUDE:   37 25 N
                                          LONGITUDE: 122  3 W

  TEMPERATURE IN F:       :PCPN:    SNOW:  WIND      :SUNSHINE: SKY     :PK WND
================================================================================
1   2   3   4   5  6A  6B    7    8   9   10  11  12  13   14  15   16   17  18
                                     12Z  AVG MX 2MIN
DY MAX MIN AVG DEP HDD CDD  WTR  SNW DPTH SPD SPD DIR MIN PSBL S-S WX    SPD DR
================================================================================

 1  86  56  71   5   0   6 0.00  0.0    0  3.5 14 350   M    M   0        17 350
 2  91  54  73   7   0   8 0.00  0.0    0  2.7 12 350   M    M   0        13 350
 3  93  59  76  10   0  11 0.00  0.0    0  2.8 10 330   M    M   0        14 330
 4  91  57  74   8   0   9 0.00  0.0    0  3.0 12 350   M    M   0        16 350
 5  88  58  73   7   0   8 0.00  0.0    0  2.9 12 340   M    M   0        14 310
 6  85  57  71   5   0   6 0.00  0.0    0  3.0 12 340   M    M   0        20  20
 7  77  57  67   2   0   2 0.00  0.0    0  3.7 14 340   M    M   1 18     16 320
 8  82  56  69   4   0   4 0.00  0.0    0  2.9 14 340   M    M   0 1      17 340
 9  72  57  65   0   0   0 0.00  0.0    0  4.4 12 350   M    M   2 1      14 350
10  68  57  63  -2   2   0 0.00  0.0    0  4.5 13 340   M    M   4        17 350
11  76  55  66   1   0   1 0.00  0.0    0  2.9 14 360   M    M   3        16 360
12  89  55  72   8   0   7 0.00  0.0    0  3.4 13 340   M    M   0        15 340
13  85  55  70   6   0   5 0.00  0.0    0  4.7 17 340   M    M   0        21 340
14  73  56  65   1   0   0 0.00  0.0    0  6.8 20 180   M    M   4        29 190
15  74  60  67   3   0   2    T  0.0    0  5.4 20 350   M    M   4        23 340
16  73  55  64   0   1   0 0.00  0.0    0  3.8 14 340   M    M   0        16 340
17  77  52  65   1   0   0 0.00  0.0    0  3.1 13 350   M    M   1        17 130
18  79  56  68   5   0   3 0.00  0.0    0  4.1 14 340   M    M   0        16 340
19  74  56  65   2   0   0 0.00  0.0    0  5.1 21 340   M    M   2        23 340
20  70  57  64   1   1   0 0.02  0.0    0  3.7 14 320   M    M   5 1      18 320
21  72  51  62  -1   3   0 0.00  0.0    0  4.2 15 340   M    M   0        20 340
22  73  51  62  -1   3   0 0.00  0.0    0  4.3 13 340   M    M   0        15 340
23  74  57  66   4   0   1 0.00  0.0    0  2.8 12 350   M    M   1        14 320
24  73  54  64   2   1   0 0.00  0.0    0  5.6 17 340   M    M   0        21 340
================================================================================
SM 1895 1338        11  73  0.02     0.0  93.3          M       27
================================================================================
AV 79.0 55.8                               3.9 FASTST   M    M   1    MAX(MPH)
                                 MISC ---->  # 21 340               # 29  190
================================================================================
NOTES:
# LAST OF SEVERAL OCCURRENCES

COLUMN 17 PEAK WIND IN M.P.H.

PRELIMINARY LOCAL CLIMATOLOGICAL DATA (WS FORM: F-6) , PAGE 2

                                          STATION:  MOFFETT FIELD
                                          MONTH:    OCTOBER
                                          YEAR:     2014
                                          LATITUDE:   37 25 N
                                          LONGITUDE: 122  3 W

[TEMPERATURE DATA]      [PRECIPITATION DATA]       SYMBOLS USED IN COLUMN 16

AVERAGE MONTHLY: 67.4   TOTAL FOR MONTH:   0.02    1 = FOG OR MIST
DPTR FM NORMAL:   3.0   DPTR FM NORMAL:   -0.37    2 = FOG REDUCING VISIBILITY
HIGHEST:    93 ON  3    GRTST 24HR  0.02 ON 20-20      TO 1/4 MILE OR LESS
LOWEST:     51 ON 22,21                            3 = THUNDER
                        SNOW, ICE PELLETS, HAIL    4 = ICE PELLETS
                        TOTAL MONTH:   0.0 INCH    5 = HAIL
                        GRTST 24HR     0.0         6 = FREEZING RAIN OR DRIZZLE
                        GRTST DEPTH:   0           7 = DUSTSTORM OR SANDSTORM:
                                                       VSBY 1/2 MILE OR LESS
                                                   8 = SMOKE OR HAZE
[NO. OF DAYS WITH]      [WEATHER - DAYS WITH]      9 = BLOWING SNOW
                                                   X = TORNADO
MAX 32 OR BELOW:   0    0.01 INCH OR MORE:   1
MAX 90 OR ABOVE:   3    0.10 INCH OR MORE:   0
MIN 32 OR BELOW:   0    0.50 INCH OR MORE:   0
MIN  0 OR BELOW:   0    1.00 INCH OR MORE:   0

[HDD (BASE 65) ]
TOTAL THIS MO.    11    CLEAR  (SCALE 0-3)  20
DPTR FM NORMAL   -41    PTCLDY (SCALE 4-7)   4
TOTAL FM JUL 1    13    CLOUDY (SCALE 8-10)  0
DPTR FM NORMAL   -71

[CDD (BASE 65) ]
TOTAL THIS MO.    73
DPTR FM NORMAL    37    [PRESSURE DATA]
TOTAL FM JAN 1   639    HIGHEST SLP M ON M
DPTR FM NORMAL   176    LOWEST  SLP 29.81 ON 14

[REMARKS]
