000
CXUS56 KMTR 261000
CF6OAK
PRELIMINARY LOCAL CLIMATOLOGICAL DATA (WS FORM: F-6)

                                          STATION:   OAKLAND AIRPORT
                                          MONTH:     JANUARY
                                          YEAR:      2015
                                          LATITUDE:   37 43 N
                                          LONGITUDE: 122 13 W

  TEMPERATURE IN F:       :PCPN:    SNOW:  WIND      :SUNSHINE: SKY     :PK WND
================================================================================
1   2   3   4   5  6A  6B    7    8   9   10  11  12  13   14  15   16   17  18
                                     12Z  AVG MX 2MIN
DY MAX MIN AVG DEP HDD CDD  WTR  SNW DPTH SPD SPD DIR MIN PSBL S-S WX    SPD DR
================================================================================

 1  56  38  47  -1  18   0 0.00  0.0    0  7.9 23  50   M    M   0        28  40
 2  50  32  41  -7  24   0 0.00  0.0    0  3.5  8 290   M    M   2        10 230
 3  53  32  43  -5  22   0 0.00  0.0    0  2.3 12 300   M    M   2        14 310
 4  54  35  45  -3  20   0 0.00  0.0    0  3.1 14  90   M    M   6 8      17  90
 5  56  36  46  -2  19   0 0.00  0.0    0  2.8  8  90   M    M   6 8       9  90
 6  59  38  49   1  16   0 0.00  0.0    0  2.2  8 110   M    M   1 8      12 240
 7  64  38  51   2  14   0 0.00  0.0    0  1.6  8 160   M    M   1 18      9 160
 8  61  42  52   3  13   0 0.00  0.0    0  2.0  8 280   M    M   7 18      9 290
 9  63  46  55   6  10   0 0.00  0.0    0  3.5  9 300   M    M   8 18     12 300
10  60  47  54   5  11   0 0.00  0.0    0  3.2  8 290   M    M   7 18     10 210
11  57  42  50   1  15   0 0.00  0.0    0  3.3  8 130   M    M   7 128    25  20
12  57  41  49   0  16   0 0.00  0.0    M  1.5  8 240   M    M   4 18     10 210
13  66  43  55   6  10   0 0.00  0.0    0  3.4 16  40   M    M   2 12     21  20
14  59  39  49   0  16   0 0.00  0.0    0  2.8 12 280   M    M   3 18     13 280
15  59  40  50   1  15   0 0.00  0.0    0  3.7 13 300   M    M   7 18     16 330
16  57  43  50   1  15   0    T    M    0  3.2 10 300   M    M   7 18     12 300
17  57  48  53   4  12   0 0.00  0.0    0  4.7 12 310   M    M   7 18     15 300
18  65  49  57   8   8   0 0.00  0.0    0  3.9 13 300   M    M   7 128    14 300
19  63  47  55   5  10   0 0.00  0.0    0  4.5 14  50   M    M   6 1      16  50
20  58  45  52   2  13   0 0.00  0.0    0  2.2  7 280   M    M   4 128     M  M
21  61  40  51   1  14   0 0.00  0.0    0  4.8 14  70   M    M   1 1      16  70
22  60  41  51   1  14   0 0.00  0.0    0  5.7 14  60   M    M   3 18     18  70
23  64  39  52   2  13   0 0.00  0.0    0  3.3 10 300   M    M   1 18     15  90
24  69  46  58   8   7   0 0.00  0.0    0  7.4 22  30   M    M   1 18     26  30
25  59  40  50   0  15   0 0.00  0.0    0  3.6  9  90   M    M   1        12  80
================================================================================
SM 1487 1027       360   0    T      0.0  90.1          M      101
================================================================================
AV 59.5 41.1                               3.6 FASTST   M    M   4    MAX(MPH)
                                 MISC ---->  # 23  50               # 28   40
================================================================================
NOTES:
# LAST OF SEVERAL OCCURRENCES

COLUMN 17 PEAK WIND IN M.P.H.

PRELIMINARY LOCAL CLIMATOLOGICAL DATA (WS FORM: F-6) , PAGE 2

                                          STATION:  OAKLAND AIRPORT
                                          MONTH:    JANUARY
                                          YEAR:     2015
                                          LATITUDE:   37 43 N
                                          LONGITUDE: 122 13 W

[TEMPERATURE DATA]      [PRECIPITATION DATA]       SYMBOLS USED IN COLUMN 16

AVERAGE MONTHLY: 50.3   TOTAL FOR MONTH:      T    1 = FOG OR MIST
DPTR FM NORMAL:   1.2   DPTR FM NORMAL:   -3.48    2 = FOG REDUCING VISIBILITY
HIGHEST:    69 ON 24    GRTST 24HR  0.01 ON 19-20      TO 1/4 MILE OR LESS
LOWEST:     32 ON  3, 2                            3 = THUNDER
                        SNOW, ICE PELLETS, HAIL    4 = ICE PELLETS
                        TOTAL MONTH:   0.0 INCH    5 = HAIL
                        GRTST 24HR     0.0         6 = FREEZING RAIN OR DRIZZLE
                        GRTST DEPTH:   0           7 = DUSTSTORM OR SANDSTORM:
                                                       VSBY 1/2 MILE OR LESS
                                                   8 = SMOKE OR HAZE
[NO. OF DAYS WITH]      [WEATHER - DAYS WITH]      9 = BLOWING SNOW
                                                   X = TORNADO
MAX 32 OR BELOW:   0    0.01 INCH OR MORE:   0
MAX 90 OR ABOVE:   0    0.10 INCH OR MORE:   0
MIN 32 OR BELOW:   2    0.50 INCH OR MORE:   0
MIN  0 OR BELOW:   0    1.00 INCH OR MORE:   0

[HDD (BASE 65) ]
TOTAL THIS MO.   360    CLEAR  (SCALE 0-3)  11
DPTR FM NORMAL   -39    PTCLDY (SCALE 4-7)  13
TOTAL FM JUL 1   999    CLOUDY (SCALE 8-10)  1
DPTR FM NORMAL  -572

[CDD (BASE 65) ]
TOTAL THIS MO.     0
DPTR FM NORMAL     0    [PRESSURE DATA]
TOTAL FM JAN 1     0    HIGHEST SLP M ON M
DPTR FM NORMAL     0    LOWEST  SLP 29.95 ON 10

[REMARKS]
