000
CXUS53 KOAX 271000
CF6OAX
PRELIMINARY LOCAL CLIMATOLOGICAL DATA (WS FORM: F-6)

                                          STATION:   VALLEY  NWS, NEBRASKA
                                          MONTH:     APRIL
                                          YEAR:      2017
                                          LATITUDE:   41 19 N
                                          LONGITUDE:  96 22 W

  TEMPERATURE IN F:       :PCPN:    SNOW:  WIND      :SUNSHINE: SKY     :PK WND
================================================================================
1   2   3   4   5  6A  6B    7    8   9   10  11  12  13   14  15   16   17  18
                                     12Z  AVG MX 2MIN
DY MAX MIN AVG DEP HDD CDD  WTR  SNW DPTH SPD SPD DIR MIN PSBL S-S WX    SPD DR
================================================================================

 1  49  40  45   0  20   0 0.01  0.0    0   M   M   M   M    M   M        20  M
 2  53  44  49   3  16   0 0.02  0.0    0   M   M   M   M    M   M 1      16  M
 3  59  46  53   7  12   0 0.21  0.0    0   M   M   M   M    M   M        22  M
 4  59  46  53   7  12   0    T  0.0    0   M   M   M   M    M   M        24  M
 5  58  42  50   3  15   0    T  0.0    0   M   M   M   M    M   M        30  M
 6  57  35  46  -1  19   0 0.00  0.0    0   M   M   M   M    M   M        26  M
 7  64  35  50   3  15   0 0.00  0.0    0   M   M   M   M    M   M        33  M
 8  75  49  62  14   3   0 0.00  0.0    0   M   M   M   M    M   M        28  M
 9  77  52  65  17   0   0 0.13  0.0    0   M   M   M   M    M   M 3      30  M
10  52  35  44  -5  21   0    T  0.0    0   M   M   M   M    M   M        32  M
11  63  30  47  -2  18   0 0.00  0.0    0   M   M   M   M    M   M        16  M
12  69  49  59  10   6   0 0.03  0.0    0   M   M   M   M    M   M        28  M
13  77  47  62  12   3   0    T  0.0    0   M   M   M   M    M   M        18  M
14  71  60  66  16   0   1 0.73  0.0    0   M   M   M   M    M   M 3      28  M
15  76  58  67  17   0   2 0.10  0.0    0   M   M   M   M    M   M 3      33  M
16  69  47  58   7   7   0 0.00  0.0    0   M   M   M   M    M   M        20  M
17  72  48  60   9   5   0 0.00  0.0    0   M   M   M   M    M   M        22  M
18  71  56  64  12   1   0 0.31  0.0    0   M   M   M   M    M   M 3      29  M
19  72  49  61   9   4   0 0.41  0.0    0   M   M   M   M    M   M 3      26  M
20  62  44  53   1  12   0    T  0.0    0   M   M   M   M    M   M        32  M
21  57  41  49  -4  16   0 0.00  0.0    0   M   M   M   M    M   M        23  M
22  67  40  54   1  11   0 0.00  0.0    0   M   M   M   M    M   M        18  M
23  71  38  55   2  10   0 0.00  0.0    0   M   M   M   M    M   M        28  M
24  74  52  63   9   2   0 0.00  0.0    0   M   M   M   M    M   M        37  M
25  62  42  52  -2  13   0 0.05  0.0    0   M   M   M   M    M   M        30  M
26  43  36  40 -14  25   0    T  0.0    0   M   M   M   M    M   M        35  M
================================================================================
SM 1679 1161       266   3  2.00     0.0     M          M        M
================================================================================
AV 64.6 44.7                                 M FASTST   M    M   7    MAX(MPH)
                                 MISC ---->     M   M                 37    M
================================================================================
NOTES:
# LAST OF SEVERAL OCCURRENCES

COLUMN 17 PEAK WIND IN M.P.H.

PRELIMINARY LOCAL CLIMATOLOGICAL DATA (WS FORM: F-6) , PAGE 2

                                          STATION:  VALLEY  NWS, NEBRASKA
                                          MONTH:    APRIL
                                          YEAR:     2017
                                          LATITUDE:   41 19 N
                                          LONGITUDE:  96 22 W

[TEMPERATURE DATA]      [PRECIPITATION DATA]       SYMBOLS USED IN COLUMN 16

AVERAGE MONTHLY: 54.6   TOTAL FOR MONTH:   2.00    1 = FOG OR MIST
DPTR FM NORMAL:   4.8   DPTR FM NORMAL:   -0.53    2 = FOG REDUCING VISIBILITY
HIGHEST:    77 ON 13, 9 GRTST 24HR  0.73 ON 14-14      TO 1/4 MILE OR LESS
LOWEST:     30 ON 11                               3 = THUNDER
                        SNOW, ICE PELLETS, HAIL    4 = ICE PELLETS
                        TOTAL MONTH:   0.0 INCH    5 = HAIL
                        GRTST 24HR     0.0         6 = FREEZING RAIN OR DRIZZLE
                        GRTST DEPTH:   0           7 = DUSTSTORM OR SANDSTORM:
                                                       VSBY 1/2 MILE OR LESS
                                                   8 = SMOKE OR HAZE
[NO. OF DAYS WITH]      [WEATHER - DAYS WITH]      9 = BLOWING SNOW
                                                   X = TORNADO
MAX 32 OR BELOW:   0    0.01 INCH OR MORE:  10
MAX 90 OR ABOVE:   0    0.10 INCH OR MORE:   6
MIN 32 OR BELOW:   1    0.50 INCH OR MORE:   1
MIN  0 OR BELOW:   0    1.00 INCH OR MORE:   0

[HDD (BASE 65) ]
TOTAL THIS MO.   266    CLEAR  (SCALE 0-3)   0
DPTR FM NORMAL  -134    PTCLDY (SCALE 4-7)   0
TOTAL FM JUL 1  4823    CLOUDY (SCALE 8-10)  0
DPTR FM NORMAL -1236

[CDD (BASE 65) ]
TOTAL THIS MO.     3
DPTR FM NORMAL     3    [PRESSURE DATA]
TOTAL FM JAN 1     3    HIGHEST SLP M ON M
DPTR FM NORMAL     3    LOWEST  SLP M ON M

[REMARKS]
