000
CXUS53 KOAX 221000
CF6OAX
PRELIMINARY LOCAL CLIMATOLOGICAL DATA (WS FORM: F-6)

                                          STATION:   VALLEY  NWS, NEBRASKA
                                          MONTH:     SEPTEMBER
                                          YEAR:      2014
                                          LATITUDE:   41 19 N
                                          LONGITUDE:  96 22 W

  TEMPERATURE IN F:       :PCPN:    SNOW:  WIND      :SUNSHINE: SKY     :PK WND
================================================================================
1   2   3   4   5  6A  6B    7    8   9   10  11  12  13   14  15   16   17  18
                                     12Z  AVG MX 2MIN
DY MAX MIN AVG DEP HDD CDD  WTR  SNW DPTH SPD SPD DIR MIN PSBL S-S WX    SPD DR
================================================================================

 1  79  62  71   0   0   6    T  0.0    0   M   M   M   M    M   M 1      32  M
 2  79  57  68  -2   0   3 0.00  0.0    0   M   M   M   M    M   M        14  M
 3  84  68  76   6   0  11    T  0.0    0   M   M   M   M    M   M        32  M
 4  89  67  78   8   0  13 0.00  0.0    0   M   M   M   M    M   M        29  M
 5  67  55  61  -9   4   0 0.16  0.0    0   M   M   M   M    M   M 3      25  M
 6  73  49  61  -8   4   0 0.00  0.0    0   M   M   M   M    M   M 1      16  M
 7  76  54  65  -4   0   0 0.00  0.0    0   M   M   M   M    M   M        20  M
 8  86  61  74   6   0   9 0.00  0.0    0   M   M   M   M    M   M        26  M
 9  76  67  72   4   0   7 2.29  0.0    0   M   M   M   M    M   M 13     51  M
10  68  53  61  -7   4   0 0.02  0.0    0   M   M   M   M    M   M        35  M
11  55  51  53 -15  12   0 0.02  0.0    0   M   M   M   M    M   M        20  M
12  56  42  49 -18  16   0 0.42  0.0    0   M   M   M   M    M   M        21  M
13  62  40  51 -16  14   0 0.00  0.0    0   M   M   M   M    M   M 1      25  M
14  71  51  61  -5   4   0 0.07  0.0    0   M   M   M   M    M   M 3      18  M
15  65  46  56 -10   9   0 0.02  0.0    0   M   M   M   M    M   M 1      32  M
16  69  45  57  -9   8   0 0.00  0.0    0   M   M   M   M    M   M 12     16  M
17  79  56  68   3   0   3 0.00  0.0    0   M   M   M   M    M   M        14  M
18  76  60  68   3   0   3 0.00  0.0    0   M   M   M   M    M   M 1      22  M
19  88  62  75  11   0  10 0.00  0.0    0   M   M   M   M    M   M        29  M
20  85  60  73   9   0   8 0.11  0.0    0   M   M   M   M    M   M 3      39  M
21  73  53  63  -1   2   0 0.00  0.0    0   M   M   M   M    M   M        31  M
================================================================================
SM 1556 1159        77  73  3.11     0.0     M          M        M
================================================================================
AV 74.1 55.2                                 M FASTST   M    M   5    MAX(MPH)
                                 MISC ---->     M   M                 51    M
================================================================================
NOTES:
# LAST OF SEVERAL OCCURRENCES

COLUMN 17 PEAK WIND IN M.P.H.

PRELIMINARY LOCAL CLIMATOLOGICAL DATA (WS FORM: F-6) , PAGE 2

                                          STATION:  VALLEY  NWS, NEBRASKA
                                          MONTH:    SEPTEMBER
                                          YEAR:     2014
                                          LATITUDE:   41 19 N
                                          LONGITUDE:  96 22 W

[TEMPERATURE DATA]      [PRECIPITATION DATA]       SYMBOLS USED IN COLUMN 16

AVERAGE MONTHLY: 64.6   TOTAL FOR MONTH:   3.11    1 = FOG OR MIST
DPTR FM NORMAL:  -2.7   DPTR FM NORMAL:    1.04    2 = FOG REDUCING VISIBILITY
HIGHEST:    89 ON  4    GRTST 24HR  2.29 ON  9- 9      TO 1/4 MILE OR LESS
LOWEST:     40 ON 13                               3 = THUNDER
                        SNOW, ICE PELLETS, HAIL    4 = ICE PELLETS
                        TOTAL MONTH:   0.0 INCH    5 = HAIL
                        GRTST 24HR     0.0         6 = FREEZING RAIN OR DRIZZLE
                        GRTST DEPTH:   0           7 = DUSTSTORM OR SANDSTORM:
                                                       VSBY 1/2 MILE OR LESS
                                                   8 = SMOKE OR HAZE
[NO. OF DAYS WITH]      [WEATHER - DAYS WITH]      9 = BLOWING SNOW
                                                   X = TORNADO
MAX 32 OR BELOW:   0    0.01 INCH OR MORE:   8
MAX 90 OR ABOVE:   0    0.10 INCH OR MORE:   4
MIN 32 OR BELOW:   0    0.50 INCH OR MORE:   1
MIN  0 OR BELOW:   0    1.00 INCH OR MORE:   1

[HDD (BASE 65) ]
TOTAL THIS MO.    77    CLEAR  (SCALE 0-3)   0
DPTR FM NORMAL    34    PTCLDY (SCALE 4-7)   0
TOTAL FM JUL 1    78    CLOUDY (SCALE 8-10)  0
DPTR FM NORMAL    29

[CDD (BASE 65) ]
TOTAL THIS MO.    73
DPTR FM NORMAL   -19    [PRESSURE DATA]
TOTAL FM JAN 1   998    HIGHEST SLP M ON M
DPTR FM NORMAL   -45    LOWEST  SLP M ON M

[REMARKS]
