000
CXUS53 KGID 180830
CF6ODX
PRELIMINARY LOCAL CLIMATOLOGICAL DATA (WS FORM: F-6)
STATION: ORD NE
MONTH: APRIL
YEAR: 2024
LATITUDE: 41 37 N
LONGITUDE: 98 57 W
TEMPERATURE IN F: :PCPN: SNOW: WIND :SUNSHINE: SKY :PK WND
================================================================================
1 2 3 4 5 6A 6B 7 8 9 10 11 12 13 14 15 16 17 18
12Z AVG MX 2MIN
DY MAX MIN AVG DEP HDD CDD WTR SNW DPTH SPD SPD DIR MIN PSBL S-S WX SPD DR
================================================================================
1 43 35 39 -5 26 0 0.17 M M 15.2 26 330 M M 10 138 33 340
2 56 34 45 1 20 0 0.00 M M 20.0 38 340 M M 4 51 350
3 58 30 44 0 21 0 0.00 M M 15.4 26 350 M M 0 35 350
4 64 27 46 1 19 0 0.00 M M 5.6 12 30 M M 0 17 360
5 67 28 48 3 17 0 0.00 M M 10.7 25 130 M M 0 38 120
6 68 43 56 11 9 0 0.34 M M 19.6 35 190 M M 3 3 51 140
7 55 43 49 3 16 0 0.05 M M 20.7 36 190 M M 10 8 49 190
8 60 34 47 1 18 0 T M M 11.7 26 290 M M 5 39 290
9 69 31 50 4 15 0 0.00 M M 6.5 20 240 M M 0 27 290
10 71 34 53 7 12 0 T M M 12.3 31 340 M M 2 40 340
11 62 31 47 0 18 0 0.00 M M 16.7 32 330 M M 1 46 330
12 72 26 49 2 16 0 0.00 M M 7.8 20 180 M M 0 28 170
13 85 36 61 14 4 0 0.00 M M 4.5 15 200 M M 0 21 190
14 84 44 64 17 1 0 0.00 M M 9.9 21 40 M M 0 28 40
15 87 55 71 23 0 6 0.00 M M 19.1 32 140 M M 1 3 48 140
16 71 52 62 14 3 0 0.25 M M 20.1 54 180 M M 7 3 75 160
17 69 41 55 7 10 0 0.09 M M 13.4 29 330 M M 2 3 39 330
================================================================================
SM 1141 624 225 6 0.90 M 229.2 M 45
================================================================================
AV 67.1 36.7 13.5 FASTST M M 3 MAX(MPH)
MISC ----> 54 180 75 160
================================================================================
NOTES:
# LAST OF SEVERAL OCCURRENCES
COLUMN 17 PEAK WIND IN M.P.H.
PRELIMINARY LOCAL CLIMATOLOGICAL DATA (WS FORM: F-6) , PAGE 2
STATION: ORD NE
MONTH: APRIL
YEAR: 2024
LATITUDE: 41 37 N
LONGITUDE: 98 57 W
[TEMPERATURE DATA] [PRECIPITATION DATA] SYMBOLS USED IN COLUMN 16
AVERAGE MONTHLY: 51.9 TOTAL FOR MONTH: 0.90 1 = FOG OR MIST
DPTR FM NORMAL: 5.9 DPTR FM NORMAL: -0.53 2 = FOG REDUCING VISIBILITY
HIGHEST: 87 ON 15 GRTST 24HR 0.39 ON 6- 7 TO 1/4 MILE OR LESS
LOWEST: 26 ON 12 3 = THUNDER
SNOW, ICE PELLETS, HAIL 4 = ICE PELLETS
TOTAL MONTH: M 5 = HAIL
GRTST 24HR M ON M 6 = FREEZING RAIN OR DRIZZLE
GRTST DEPTH: M ON M 7 = DUSTSTORM OR SANDSTORM:
VSBY 1/2 MILE OR LESS
8 = SMOKE OR HAZE
[NO. OF DAYS WITH] [WEATHER - DAYS WITH] 9 = BLOWING SNOW
X = TORNADO
MAX 32 OR BELOW: 0 0.01 INCH OR MORE: 5
MAX 90 OR ABOVE: 0 0.10 INCH OR MORE: 3
MIN 32 OR BELOW: 6 0.50 INCH OR MORE: 0
MIN 0 OR BELOW: 0 1.00 INCH OR MORE: 0
[HDD (BASE 65) ]
TOTAL THIS MO. 225 CLEAR (SCALE 0-3) 11
DPTR FM NORMAL -98 PTCLDY (SCALE 4-7) 4
TOTAL FM JUL 1 5364 CLOUDY (SCALE 8-10) 2
DPTR FM NORMAL -814
[CDD (BASE 65) ]
TOTAL THIS MO. 6
DPTR FM NORMAL 6 [PRESSURE DATA]
TOTAL FM JAN 1 6 HIGHEST SLP M ON M
DPTR FM NORMAL 6 LOWEST SLP 29.17 ON 7
[REMARKS]