000
CXUS53 KGID 011339
CF6ODX

PRELIMINARY LOCAL CLIMATOLOGICAL DATA (WS FORM: F-6)

                                          STATION:   ORD NE
                                          MONTH:     JUNE
                                          YEAR:      2015
                                          LATITUDE:   41 37 N
                                          LONGITUDE:  98 57 W

  TEMPERATURE IN F:       :PCPN:    SNOW:  WIND      :SUNSHINE: SKY     :PK WND
================================================================================
1   2   3   4   5  6A  6B    7    8   9   10  11  12  13   14  15   16   17  18
                                     12Z  AVG MX 2MIN
DY MAX MIN AVG DEP HDD CDD  WTR  SNW DPTH SPD SPD DIR MIN PSBL S-S WX    SPD DR
================================================================================

 1  79  53  66   1   0   1 0.00    M    M 11.6 22 170   M    M   3        28 150
 2  81  60  71   6   0   6 0.30    M    M 12.4 35 300   M    M   5 13     41 310
 3  81  60  71   5   0   6 0.27    M    M  7.1 25 360   M    M   3 13     34 350
 4  78  62  70   4   0   5 0.03    M    M  5.5 23  90   M    M   7 13     29  90
 5  79  59  69   3   0   4 0.00    M    M  5.9 14  50   M    M   5 1      16  50
 6  87  66  77  11   0  12 0.07    M    M 12.0 30 190   M    M   3 3      36 190
 7  79  59  69   2   0   4 0.01    M    M  7.3 17 280   M    M   2        24  30
 8  88  56  72   5   0   7 0.00    M    M  7.6 21 320   M    M   0        27 310
 9  96  55  76   9   0  11 0.00    M    M  5.2 18 260   M    M   0        24 260
10  91  60  76   8   0  11 1.38    M    M  8.4 37 290   M    M   3 13     53 290
11  65  61  63  -5   2   0 0.30    M    M 10.8 21  10   M    M  10 1      27  20
12  67  57  62  -6   3   0 0.00    M    M  6.8 12  60   M    M   6        15  20
13  81  55  68  -1   0   3 0.00    M    M  6.3 16 190   M    M   3 12     20 180
14  82  57  70   1   0   5 0.00    M    M  3.7 13 170   M    M   3 123    18 170
15  77  56  67  -2   0   2 0.02    M    M 10.0 20  30   M    M   5 3      25 360
16  80  50  65  -5   0   0 0.08    M    M  9.3 21 170   M    M   1 3      30 160
17  81  61  71   1   0   6 0.04    M    M  6.4 22 180   M    M   0        29 190
18  76  58  67  -3   0   2 0.57    M    M  6.5 30 310   M    M   5 3      38 300
19  83  54  69  -1   0   4 0.00    M    M 10.4 22 180   M    M   3 1      30 170
20  83  66  75   5   0  10 0.00    M    M 10.1 22 360   M    M   1        28 350
21  84  62  73   2   0   8 0.05    M    M  7.6 20  40   M    M   2        26  30
22  82  56  69  -2   0   4 0.00    M    M 13.2 26 350   M    M   0        35 360
23  76  51  64  -7   1   0 0.00    M    M  5.6 13 150   M    M   5        17 150
24  84  59  72   0   0   7    T    M    M  7.8 20 340   M    M   1        25 340
25  84  63  74   2   0   9 0.08    M    M  6.9 15  60   M    M   1 1      18  80
26  81  59  70  -2   0   5 0.07    M    M  6.9 17  50   M    M   4 1      24  60
27  86  54  70  -2   0   5 0.00    M    M  3.8 10 250   M    M   1 1      17 250
28  86  57  72   0   0   7 0.00    M    M  9.4 23 360   M    M   1        30 350
29  91  53  72  -1   0   7 0.00    M    M  5.4 14 330   M    M   0        18 310
30  90  57  74   1   0   9 0.00    M    M  7.0 17 110   M    M   1 18     23 120
================================================================================
SM 2458 1736         6 160  3.27    M    236.9          M       84
================================================================================
AV 81.9 57.9                               7.9 FASTST   M    M   3    MAX(MPH)
                                 MISC ---->  # 37 290               # 53  290
================================================================================
NOTES:
# LAST OF SEVERAL OCCURRENCES

COLUMN 17 PEAK WIND IN M.P.H.

PRELIMINARY LOCAL CLIMATOLOGICAL DATA (WS FORM: F-6) , PAGE 2

                                          STATION:  ORD NE
                                          MONTH:    JUNE
                                          YEAR:     2015
                                          LATITUDE:   41 37 N
                                          LONGITUDE:  98 57 W

[TEMPERATURE DATA]      [PRECIPITATION DATA]       SYMBOLS USED IN COLUMN 16

AVERAGE MONTHLY: 69.9   TOTAL FOR MONTH:   3.27    1 = FOG OR MIST
DPTR FM NORMAL:   0.7   DPTR FM NORMAL:   -0.85    2 = FOG REDUCING VISIBILITY
HIGHEST:    96 ON  9    GRTST 24HR  1.67 ON 10-11      TO 1/4 MILE OR LESS
LOWEST:     50 ON 16                               3 = THUNDER
                        SNOW, ICE PELLETS, HAIL    4 = ICE PELLETS
                        TOTAL MONTH:    M          5 = HAIL
                        GRTST 24HR    M  ON   M    6 = FREEZING RAIN OR DRIZZLE
                        GRTST DEPTH:  M  ON   M    7 = DUSTSTORM OR SANDSTORM:
                                                       VSBY 1/2 MILE OR LESS
                                                   8 = SMOKE OR HAZE
[NO. OF DAYS WITH]      [WEATHER - DAYS WITH]      9 = BLOWING SNOW
                                                   X = TORNADO
MAX 32 OR BELOW:   0    0.01 INCH OR MORE:  14
MAX 90 OR ABOVE:   4    0.10 INCH OR MORE:   5
MIN 32 OR BELOW:   0    0.50 INCH OR MORE:   2
MIN  0 OR BELOW:   0    1.00 INCH OR MORE:   1

[HDD (BASE 65) ]
TOTAL THIS MO.     6    CLEAR  (SCALE 0-3)  19
DPTR FM NORMAL   -31    PTCLDY (SCALE 4-7)  10
TOTAL FM JUL 1  6537    CLOUDY (SCALE 8-10)  1
DPTR FM NORMAL   -70

[CDD (BASE 65) ]
TOTAL THIS MO.   160
DPTR FM NORMAL    -2    [PRESSURE DATA]
TOTAL FM JAN 1   169    HIGHEST SLP 30.20 ON 15
DPTR FM NORMAL   -34    LOWEST  SLP 29.54 ON 22

[REMARKS]
#FINAL-06-15#
