000
CXUS53 KOAX 301000
CF6OFK
PRELIMINARY LOCAL CLIMATOLOGICAL DATA (WS FORM: F-6)

                                          STATION:   NORFOLK, NEBRASKA
                                          MONTH:     JUNE
                                          YEAR:      2015
                                          LATITUDE:   41 58 N
                                          LONGITUDE:  97 26 W

  TEMPERATURE IN F:       :PCPN:    SNOW:  WIND      :SUNSHINE: SKY     :PK WND
================================================================================
1   2   3   4   5  6A  6B    7    8   9   10  11  12  13   14  15   16   17  18
                                     12Z  AVG MX 2MIN
DY MAX MIN AVG DEP HDD CDD  WTR  SNW DPTH SPD SPD DIR MIN PSBL S-S WX    SPD DR
================================================================================

 1  79  51  65  -1   0   0 0.00  0.0    0 12.4 21 140   M    M   2        25 150
 2  79  59  69   3   0   4 0.00  0.0    0 15.6 24 160   M    M   3        30 160
 3  83  62  73   7   0   8 0.29  0.0    0  6.2 24 270   M    M   2 13     32 260
 4  79  61  70   3   0   5 0.02  0.0    0  5.7 20  70   M    M   4 13     26 120
 5  83  61  72   5   0   7 0.00  0.0    0  5.1 14 210   M    M   3 1      17 210
 6  84  66  75   8   0  10 1.40  0.0    0 11.7 37 350   M    M   5 13     42 350
 7  76  60  68   0   0   3    T  0.0    0  8.1 17 300   M    M   2        23 290
 8  87  61  74   6   0   9 0.00  0.0    0  9.1 18 330   M    M   0        24 320
 9  97  62  80  12   0  15 0.00  0.0    0  6.1 17 270   M    M   0        31 310
10  89  64  77   8   0  12 0.52  0.0    0 11.6 37 280   M    M   0 13     45 270
11  64  61  63  -6   2   0 0.68  0.0    0 11.9 22  10   M    M   9 13     27  20
12  67  60  64  -5   1   0 0.01  0.0    0  6.7 16  20   M    M  10 1      20 360
13  80  58  69  -1   0   4    T  0.0    0  6.6 14 180   M    M   4 1      17 200
14  84  62  73   3   0   8    T  0.0    0  5.1 16 160   M    M   1 1      21 170
15  76  57  67  -3   0   2 0.41  0.0    0  8.8 22 360   M    M   6 1      26  10
16  79  52  66  -5   0   1 0.02  0.0    0  8.2 22 130   M    M   1 13     28 150
17  80  61  71   0   0   6 0.00  0.0    0  6.2 20 350   M    M   1        25 340
18  77  59  68  -3   0   3 0.42  0.0    0  7.1 24 120   M    M   3 13     33 120
19  83  55  69  -2   0   4 0.00  0.0    0 10.4 22 160   M    M   0 1      30 170
20  86  66  76   4   0  11 0.00  0.0    0  9.7 28 320   M    M   0        38 310
21  87  61  74   2   0   9 0.02  0.0    0  8.2 17 130   M    M   1 1      22 140
22  86  56  71  -1   0   6 0.02  0.0    0 13.8 25 190   M    M   1 3      34 180
23  81  54  68  -4   0   3 0.00  0.0    0  4.2 14 110   M    M   4        17 160
24  85  64  75   2   0  10 0.27  0.0    0  9.3 26 330   M    M   3 138    34 310
25  82  64  73   0   0   8 0.00  0.0    0  7.1 14  30   M    M   2 1      17  60
26  83  61  72  -1   0   7 0.35  0.0    0  7.5 24  10   M    M   4 1      30  20
27  87  58  73   0   0   8 0.00  0.0    0  4.3 12 290   M    M   0        15 300
28  85  63  74   0   0   9 0.00  0.0    0 11.1 24 330   M    M   1        29 330
29  86  61  74   0   0   9 0.00  0.0    0  6.6 16 340   M    M   0 18     20 340
================================================================================
SM 2374 1740         3 181  4.43     0.0 244.4          M       72
================================================================================
AV 81.9 60.0                               8.4 FASTST   M    M   2    MAX(MPH)
                                 MISC ---->  # 37 350               # 45  270
================================================================================
NOTES:
# LAST OF SEVERAL OCCURRENCES

COLUMN 17 PEAK WIND IN M.P.H.

PRELIMINARY LOCAL CLIMATOLOGICAL DATA (WS FORM: F-6) , PAGE 2

                                          STATION:  NORFOLK, NEBRASKA
                                          MONTH:    JUNE
                                          YEAR:     2015
                                          LATITUDE:   41 58 N
                                          LONGITUDE:  97 26 W

[TEMPERATURE DATA]      [PRECIPITATION DATA]       SYMBOLS USED IN COLUMN 16

AVERAGE MONTHLY: 70.9   TOTAL FOR MONTH:   4.43    1 = FOG OR MIST
DPTR FM NORMAL:   0.9   DPTR FM NORMAL:    0.30    2 = FOG REDUCING VISIBILITY
HIGHEST:    97 ON  9    GRTST 24HR  1.40 ON  6- 6      TO 1/4 MILE OR LESS
LOWEST:     51 ON  1                               3 = THUNDER
                        SNOW, ICE PELLETS, HAIL    4 = ICE PELLETS
                        TOTAL MONTH:   0.0 INCH    5 = HAIL
                        GRTST 24HR     0.0         6 = FREEZING RAIN OR DRIZZLE
                        GRTST DEPTH:   0           7 = DUSTSTORM OR SANDSTORM:
                                                       VSBY 1/2 MILE OR LESS
                                                   8 = SMOKE OR HAZE
[NO. OF DAYS WITH]      [WEATHER - DAYS WITH]      9 = BLOWING SNOW
                                                   X = TORNADO
MAX 32 OR BELOW:   0    0.01 INCH OR MORE:  13
MAX 90 OR ABOVE:   1    0.10 INCH OR MORE:   8
MIN 32 OR BELOW:   0    0.50 INCH OR MORE:   3
MIN  0 OR BELOW:   0    1.00 INCH OR MORE:   1

[HDD (BASE 65) ]
TOTAL THIS MO.     3    CLEAR  (SCALE 0-3)  21
DPTR FM NORMAL   -25    PTCLDY (SCALE 4-7)   6
TOTAL FM JUL 1  6292    CLOUDY (SCALE 8-10)  2
DPTR FM NORMAL  -349

[CDD (BASE 65) ]
TOTAL THIS MO.   181
DPTR FM NORMAL     4    [PRESSURE DATA]
TOTAL FM JAN 1   214    HIGHEST SLP M ON M
DPTR FM NORMAL   -24    LOWEST  SLP 29.61 ON 10

[REMARKS]
