000
CXUS55 KCAE 221400
CF6OGB
PRELIMINARY LOCAL CLIMATOLOGICAL DATA (WS FORM: F-6)

                                          STATION:   ORANGEBURG AIRPORT SC
                                          MONTH:     APRIL
                                          YEAR:      2014
                                          LATITUDE:   33 27 N
                                          LONGITUDE:  80 51 W

  TEMPERATURE IN F:       :PCPN:    SNOW:  WIND      :SUNSHINE: SKY     :PK WND
================================================================================
1   2   3   4   5  6A  6B    7    8   9   10  11  12  13   14  15   16   17  18
                                     12Z  AVG MX 2MIN
DY MAX MIN AVG DEP HDD CDD  WTR  SNW DPTH SPD SPD DIR MIN PSBL S-S WX    SPD DR
================================================================================

 1  84  44  64   4   1   0 0.00    M    M  5.1 17 210   M    M   0        20 260
 2  87  48  68   7   0   3 0.00    M    M  6.9 18 230   M    M   1        22 220
 3  85  56  71  10   0   6 0.00    M    M  9.7 21 240   M    M   0 8      27 240
 4  83  55  69   8   0   4 0.00    M    M 10.8 29 250   M    M   0        40 240
 5  83  58  71  10   0   6 0.00    M    M  6.4 20 270   M    M   1        26 240
 6  63  54  59  -2   6   0    T    M    M  6.3 14  70   M    M   4        18  60
 7  70  56  63   1   2   0 0.89    M    M  7.5 20 350   M    M   9 138    27 360
 8  70  53  62   0   3   0 0.01    M    M  9.6 18 240   M    M   3        24 230
 9  72  50  61  -1   4   0 0.00    M    M  5.9 17 270   M    M   3        23 270
10  76  43  60  -2   5   0 0.00    M    M  4.4 14 240   M    M   0 1      19 230
11  79  49  64   2   1   0 0.00    M    M  7.8 21 210   M    M   2        26 210
12  81  52  67   4   0   2 0.00    M    M  4.1 14 190   M    M   1        19 170
13  81  54  68   5   0   3 0.00    M    M  4.7 14 140   M    M   3 12     18 160
14  82  62  72   9   0   7 0.01    M    M  7.1 21 160   M    M   5        27 150
15  74  49  62  -1   3   0 0.37    M    M 10.9 22 210   M    M  10 1      28 300
16  58  38  48 -16  17   0 0.00    M    M  9.0 22  50   M    M   0        29  40
17  67  41  54 -10  11   0 0.00    M    M  8.3 17  50   M    M   0        23  50
18  60  51  56  -8   9   0 1.79    M    M 10.7 21  30   M    M   7 1      32  30
19  58  52  55  -9  10   0 0.31    M    M 13.0 21  30   M    M  10 138    28  50
20  69  50  60  -4   5   0 0.05    M    M 12.6 22  30   M    M   9 18     31  40
21  77  51  64  -1   1   0 0.00    M    M  4.8 14  20   M    M   0        19  30
================================================================================
SM 1559 1066        78  31  3.43    M    165.6          M       68
================================================================================
AV 74.2 50.8                               7.9 FASTST   M    M   3    MAX(MPH)
                                 MISC ---->  # 29 250               # 40  240
================================================================================
NOTES:
# LAST OF SEVERAL OCCURRENCES

COLUMN 17 PEAK WIND IN M.P.H.

PRELIMINARY LOCAL CLIMATOLOGICAL DATA (WS FORM: F-6) , PAGE 2

                                          STATION:  ORANGEBURG AIRPORT SC
                                          MONTH:    APRIL
                                          YEAR:     2014
                                          LATITUDE:   33 27 N
                                          LONGITUDE:  80 51 W

[TEMPERATURE DATA]      [PRECIPITATION DATA]       SYMBOLS USED IN COLUMN 16

AVERAGE MONTHLY: 62.5   TOTAL FOR MONTH:   3.43    1 = FOG OR MIST
DPTR FM NORMAL:   0.0   DPTR FM NORMAL:    1.27    2 = FOG REDUCING VISIBILITY
HIGHEST:    87 ON  2    GRTST 24HR  1.96 ON 18-19      TO 1/4 MILE OR LESS
LOWEST:     38 ON 16                               3 = THUNDER
                        SNOW, ICE PELLETS, HAIL    4 = ICE PELLETS
                        TOTAL MONTH:    M          5 = HAIL
                        GRTST 24HR    M  ON   M    6 = FREEZING RAIN OR DRIZZLE
                        GRTST DEPTH:  M  ON   M    7 = DUSTSTORM OR SANDSTORM:
                                                       VSBY 1/2 MILE OR LESS
                                                   8 = SMOKE OR HAZE
[NO. OF DAYS WITH]      [WEATHER - DAYS WITH]      9 = BLOWING SNOW
                                                   X = TORNADO
MAX 32 OR BELOW:   0    0.01 INCH OR MORE:   7
MAX 90 OR ABOVE:   0    0.10 INCH OR MORE:   4
MIN 32 OR BELOW:   0    0.50 INCH OR MORE:   2
MIN  0 OR BELOW:   0    1.00 INCH OR MORE:   1

[HDD (BASE 65) ]
TOTAL THIS MO.    78    CLEAR  (SCALE 0-3)  13
DPTR FM NORMAL   -13    PTCLDY (SCALE 4-7)   4
TOTAL FM JUL 1  2328    CLOUDY (SCALE 8-10)  4
DPTR FM NORMAL    28

[CDD (BASE 65) ]
TOTAL THIS MO.    31
DPTR FM NORMAL    -6    [PRESSURE DATA]
TOTAL FM JAN 1    39    HIGHEST SLP M ON M
DPTR FM NORMAL   -18    LOWEST  SLP 29.61 ON 15

[REMARKS]
