000
CXUS55 KEAX 250736
CF6OJC
PRELIMINARY LOCAL CLIMATOLOGICAL DATA (WS FORM: F-6)

                                          STATION:   Johnson County Executive KS
                                          MONTH:     MAY
                                          YEAR:      2017
                                          LATITUDE:   38 50 N
                                          LONGITUDE:  94 44 W

  TEMPERATURE IN F:       :PCPN:    SNOW:  WIND      :SUNSHINE: SKY     :PK WND
================================================================================
1   2   3   4   5  6A  6B    7    8   9   10  11  12  13   14  15   16   17  18
                                     12Z  AVG MX 2MIN
DY MAX MIN AVG DEP HDD CDD  WTR  SNW DPTH SPD SPD DIR MIN PSBL S-S WX    SPD DR
================================================================================

 1  61  38  50 -10  15   0 0.01    M    M 11.3 24 320   M    M   7 1      76 160
 2  66  48  57  -3   8   0 0.01    M    M  5.8 13 320   M    M   5        19 320
 3  55  44  50 -11  15   0 0.66    M    M  9.8 22  70   M    M   8 1      29  80
 4  68  39  54  -7  11   0 0.00    M    M 10.8 26 360   M    M   2        35  10
 5  73  45  59  -2   6   0 0.00    M    M  7.4 17 330   M    M   0        23 330
 6  78  55  67   5   0   2 0.00    M    M  7.0 18 320   M    M   0        23 310
 7  78  51  65   3   0   0 0.00    M    M  7.4 15 170   M    M   0        20 160
 8  81  58  70   8   0   5 0.00    M    M  9.2 18 190   M    M   0        24 190
 9  83  62  73  11   0   8 0.00    M    M  7.7 16 200   M    M   1        26 210
10  77  63  70   7   0   5 0.15    M    M  8.4 35 220   M    M   5 138    45 230
11  67  61  64   1   1   0 0.01    M    M  8.9 17  20   M    M   9 1      23  30
12  74  55  65   1   0   0 0.00    M    M  8.8 17  30   M    M   1        22  30
13  76  50  63  -1   2   0 0.00    M    M  5.8 17 170   M    M   0        22 160
14  80  54  67   3   0   2 0.00    M    M 11.5 25 180   M    M   0        33 180
15  86  61  74  10   0   9 0.00    M    M 12.2 21 200   M    M   0 8      28 210
16  82  65  74   9   0   9 0.00    M    M 16.1 26 170   M    M   2        36 180
17  78  63  71   6   0   6 0.03    M    M 17.8 33 180   M    M   5 3      45 170
18  82  55  69   4   0   4 1.43    M    M  8.0 26 340   M    M   3 13     37 350
19  70  59  65  -1   0   0 0.69    M    M  9.3 21  70   M    M   9 13     26 110
20  63  48  56 -10   9   0 0.05    M    M 10.5 20 140   M    M   8 13     26 140
21  69  43  56 -10   9   0 0.00    M    M  7.5 17 290   M    M   0        26 290
22  71  50  61  -6   4   0 0.04    M    M  6.6 18 360   M    M   5 13     22 350
23  68  50  59  -8   6   0 0.06    M    M  9.5 22 350   M    M   8 1      34 340
24  65  47  56 -11   9   0 0.00    M    M  8.2 18 330   M    M   5        24 330
================================================================================
SM 1751 1264        95  50  3.14    M    225.5          M       83
================================================================================
AV 73.0 52.7                               9.4 FASTST   M    M   3    MAX(MPH)
                                 MISC ---->  # 35 220               # 76  160
================================================================================
NOTES:
# LAST OF SEVERAL OCCURRENCES

COLUMN 17 PEAK WIND IN M.P.H.

PRELIMINARY LOCAL CLIMATOLOGICAL DATA (WS FORM: F-6) , PAGE 2

                                          STATION:  Johnson County Executive KS
                                          MONTH:    MAY
                                          YEAR:     2017
                                          LATITUDE:   38 50 N
                                          LONGITUDE:  94 44 W

[TEMPERATURE DATA]      [PRECIPITATION DATA]       SYMBOLS USED IN COLUMN 16

AVERAGE MONTHLY: 62.8   TOTAL FOR MONTH:   3.14    1 = FOG OR MIST
DPTR FM NORMAL:  -0.8   DPTR FM NORMAL:   -1.12    2 = FOG REDUCING VISIBILITY
HIGHEST:    86 ON 15    GRTST 24HR  1.43 ON 18-18      TO 1/4 MILE OR LESS
LOWEST:     38 ON  1                               3 = THUNDER
                        SNOW, ICE PELLETS, HAIL    4 = ICE PELLETS
                        TOTAL MONTH:    M          5 = HAIL
                        GRTST 24HR    M  ON   M    6 = FREEZING RAIN OR DRIZZLE
                        GRTST DEPTH:  M  ON   M    7 = DUSTSTORM OR SANDSTORM:
                                                       VSBY 1/2 MILE OR LESS
                                                   8 = SMOKE OR HAZE
[NO. OF DAYS WITH]      [WEATHER - DAYS WITH]      9 = BLOWING SNOW
                                                   X = TORNADO
MAX 32 OR BELOW:   0    0.01 INCH OR MORE:  11
MAX 90 OR ABOVE:   0    0.10 INCH OR MORE:   4
MIN 32 OR BELOW:   0    0.50 INCH OR MORE:   3
MIN  0 OR BELOW:   0    1.00 INCH OR MORE:   1

[HDD (BASE 65) ]
TOTAL THIS MO.    95    CLEAR  (SCALE 0-3)  12
DPTR FM NORMAL    10    PTCLDY (SCALE 4-7)  10
TOTAL FM JUL 1  4013    CLOUDY (SCALE 8-10)  2
DPTR FM NORMAL  -903

[CDD (BASE 65) ]
TOTAL THIS MO.    50
DPTR FM NORMAL    -2    [PRESSURE DATA]
TOTAL FM JAN 1    76    HIGHEST SLP  0.00 ON M
DPTR FM NORMAL     6    LOWEST  SLP  0.00 ON M

[REMARKS]
