000
CXUS55 KEAX 290736
CF6OJC
PRELIMINARY LOCAL CLIMATOLOGICAL DATA (WS FORM: F-6)

                                          STATION:   Johnson County Executive KS
                                          MONTH:     DECEMBER
                                          YEAR:      2014
                                          LATITUDE:   38 50 N
                                          LONGITUDE:  94 44 W

  TEMPERATURE IN F:       :PCPN:    SNOW:  WIND      :SUNSHINE: SKY     :PK WND
================================================================================
1   2   3   4   5  6A  6B    7    8   9   10  11  12  13   14  15   16   17  18
                                     12Z  AVG MX 2MIN
DY MAX MIN AVG DEP HDD CDD  WTR  SNW DPTH SPD SPD DIR MIN PSBL S-S WX    SPD DR
================================================================================

 1  28  17  23 -14  42   0 0.00    M    M 11.5 22  40   M    M   0        29  10
 2  38  20  29  -7  36   0 0.00    M    M  7.6 17 200   M    M   4        23 190
 3  45  25  35  -1  30   0 0.00    M    M  8.6 16  50   M    M   0        21  40
 4  42  33  38   2  27   0 0.00    M    M  5.9 12  80   M    M  10 18     14  90
 5  46  40  43   8  22   0 0.78    M    M  8.3 14  10   M    M  10 12     17  10
 6  41  33  37   2  28   0 0.00    M    M  7.3 15  20   M    M  10 1      19  20
 7  43  33  38   4  27   0    T    M    M  8.5 15 150   M    M  10 12     19 150
 8  53  39  46  12  19   0 0.00    M    M  9.1 24  10   M    M   4 1      30  10
 9  39  27  33  -1  32   0 0.00    M    M  7.2 22  10   M    M   6 8      29  10
10  34  25  30  -4  35   0 0.12    M    M  6.4 13 120   M    M   7 16     17 120
11  39  33  36   3  29   0 0.00    M    M  4.9  8 100   M    M  10 1      12  80
12  54  38  46  13  19   0 0.00    M    M  5.1 12 170   M    M   9 128    15 170
13  56  44  50  17  15   0 0.00    M    M  9.3 17 180   M    M  10 1      23 210
14  64  49  57  25   8   0 0.91    M    M 12.1 20 160   M    M   9 1      30 150
15  52  32  42  10  23   0 0.04    M    M 14.6 23 300   M    M   9 1      36 270
16  33  26  30  -2  35   0 0.00    M    M 13.2 25 330   M    M   9 1      36 310
17  31  25  28  -4  37   0 0.05    M    M  4.4  9 110   M    M  10 18     12  30
18  33  28  31  -1  34   0 0.11    M    M  4.8 10  70   M    M  10 1      12  80
19  34  30  32   1  33   0 0.00    M    M  1.8  8 170   M    M  10 1       9 170
20  45  33  39   8  26   0 0.00    M    M  8.6 16 200   M    M   6 1      24 110
21  45  34  40   9  25   0 0.00    M    M 11.4 17 160   M    M   9 1      22 190
22  47  40  44  13  21   0 0.06    M    M  9.0 16 290   M    M   9 1      23 280
23  41  30  36   5  29   0    T    M    M  8.0 17 340   M    M   6 1      23 340
24  36  29  33   3  32   0 0.04    M    M 10.7 18 340   M    M   9 1      25 340
25  53  30  42  12  23   0 0.00    M    M 16.1 33 180   M    M   0        44 190
26  54  38  46  16  19   0    T    M    M  9.4 17 200   M    M   5 1      25 190
27  38  22  30   0  35   0    T    M    M  8.1 17 310   M    M   7 1      25 280
28  38  16  27  -3  38   0 0.00    M    M  3.6 10 200   M    M   0        12 200
================================================================================
SM 1202  869       779   0  2.11    M    235.5          M      198
================================================================================
AV 42.9 31.0                               8.4 FASTST   M    M   7    MAX(MPH)
                                 MISC ---->  # 33 180               # 44  190
================================================================================
NOTES:
# LAST OF SEVERAL OCCURRENCES

COLUMN 17 PEAK WIND IN M.P.H.

PRELIMINARY LOCAL CLIMATOLOGICAL DATA (WS FORM: F-6) , PAGE 2

                                          STATION:  Johnson County Executive KS
                                          MONTH:    DECEMBER
                                          YEAR:     2014
                                          LATITUDE:   38 50 N
                                          LONGITUDE:  94 44 W

[TEMPERATURE DATA]      [PRECIPITATION DATA]       SYMBOLS USED IN COLUMN 16

AVERAGE MONTHLY: 37.0   TOTAL FOR MONTH:   2.11    1 = FOG OR MIST
DPTR FM NORMAL:   4.3   DPTR FM NORMAL:    0.63    2 = FOG REDUCING VISIBILITY
HIGHEST:    64 ON 14    GRTST 24HR  0.95 ON 14-15      TO 1/4 MILE OR LESS
LOWEST:     16 ON 28                               3 = THUNDER
                        SNOW, ICE PELLETS, HAIL    4 = ICE PELLETS
                        TOTAL MONTH:    M          5 = HAIL
                        GRTST 24HR    M  ON   M    6 = FREEZING RAIN OR DRIZZLE
                        GRTST DEPTH:  M  ON   M    7 = DUSTSTORM OR SANDSTORM:
                                                       VSBY 1/2 MILE OR LESS
                                                   8 = SMOKE OR HAZE
[NO. OF DAYS WITH]      [WEATHER - DAYS WITH]      9 = BLOWING SNOW
                                                   X = TORNADO
MAX 32 OR BELOW:   2    0.01 INCH OR MORE:   8
MAX 90 OR ABOVE:   0    0.10 INCH OR MORE:   4
MIN 32 OR BELOW:  15    0.50 INCH OR MORE:   2
MIN  0 OR BELOW:   0    1.00 INCH OR MORE:   0

[HDD (BASE 65) ]
TOTAL THIS MO.   779    CLEAR  (SCALE 0-3)   4
DPTR FM NORMAL  -127    PTCLDY (SCALE 4-7)   8
TOTAL FM JUL 1  1837    CLOUDY (SCALE 8-10) 16
DPTR FM NORMAL   -24

[CDD (BASE 65) ]
TOTAL THIS MO.     0
DPTR FM NORMAL     0    [PRESSURE DATA]
TOTAL FM JAN 1  1237    HIGHEST SLP  0.00 ON M
DPTR FM NORMAL  -112    LOWEST  SLP  0.00 ON M

[REMARKS]
