000
CXUS55 KEAX 210736
CF6OJC
PRELIMINARY LOCAL CLIMATOLOGICAL DATA (WS FORM: F-6)

                                          STATION:   Johnson County Executive KS
                                          MONTH:     OCTOBER
                                          YEAR:      2014
                                          LATITUDE:   38 50 N
                                          LONGITUDE:  94 44 W

  TEMPERATURE IN F:       :PCPN:    SNOW:  WIND      :SUNSHINE: SKY     :PK WND
================================================================================
1   2   3   4   5  6A  6B    7    8   9   10  11  12  13   14  15   16   17  18
                                     12Z  AVG MX 2MIN
DY MAX MIN AVG DEP HDD CDD  WTR  SNW DPTH SPD SPD DIR MIN PSBL S-S WX    SPD DR
================================================================================

 1  80  65  73  11   0   8 0.71    M    M  7.5 21 170   M    M   6 138    28 170
 2  70  56  63   1   2   0 1.24    M    M 10.0 23 320   M    M   8 13     32 330
 3  56  44  50 -12  15   0 0.05    M    M 11.2 29 340   M    M   2 1      37 340
 4  60  37  49 -12  16   0 0.00    M    M  7.5 22 320   M    M   0        33 320
 5  74  45  60  -1   5   0 0.03    M    M  7.5 23 300   M    M   3        37 300
 6  73  52  63   2   2   0 0.01    M    M  7.3 15 210   M    M   1        22 270
 7  78  56  67   7   0   2 0.00    M    M  6.5 18 330   M    M   0 18     23 320
 8  76  52  64   4   1   0 0.00    M    M  6.3 14  40   M    M   2 8      17 110
 9  68  54  61   1   4   0 1.07    M    M 11.9 23  40   M    M   9 13     29  40
10  54  49  52  -7  13   0 0.33    M    M 11.4 22  60   M    M   9 1      26  60
11  63  44  54  -5  11   0 0.00    M    M  7.4 12  60   M    M   4        15  60
12  59  50  55  -3  10   0 0.00    M    M  7.1 16 150   M    M  10 1      18 160
13  58  52  55  -3  10   0 1.48    M    M 14.2 28 340   M    M  10 18     39 330
14  66  51  59   1   6   0 0.01    M    M 17.4 32 340   M    M   3        45 350
15  69  43  56  -1   9   0 0.00    M    M  6.5 16 330   M    M   0        21 330
16  78  43  61   4   4   0 0.00    M    M  6.7 20 170   M    M   0        23 170
17  66  50  58   1   7   0 0.00    M    M  7.9 20 350   M    M   0        25 340
18  64  43  54  -2  11   0 0.00    M    M  4.7 12  10   M    M   0 18     26  60
19  68  41  55  -1  10   0 0.00    M    M  5.6 15 200   M    M   0 1      31 170
20  75  51  63   7   2   0 0.00    M    M  4.7 12  70   M    M   0 18     14  20
================================================================================
SM 1355  978       138  10  4.93    M    169.3          M       67
================================================================================
AV 67.8 48.9                               8.5 FASTST   M    M   3    MAX(MPH)
                                 MISC ---->  # 32 340               # 45  350
================================================================================
NOTES:
# LAST OF SEVERAL OCCURRENCES

COLUMN 17 PEAK WIND IN M.P.H.

PRELIMINARY LOCAL CLIMATOLOGICAL DATA (WS FORM: F-6) , PAGE 2

                                          STATION:  Johnson County Executive KS
                                          MONTH:    OCTOBER
                                          YEAR:     2014
                                          LATITUDE:   38 50 N
                                          LONGITUDE:  94 44 W

[TEMPERATURE DATA]      [PRECIPITATION DATA]       SYMBOLS USED IN COLUMN 16

AVERAGE MONTHLY: 58.3   TOTAL FOR MONTH:   4.93    1 = FOG OR MIST
DPTR FM NORMAL:  -0.7   DPTR FM NORMAL:    2.53    2 = FOG REDUCING VISIBILITY
HIGHEST:    80 ON  1    GRTST 24HR  1.87 ON  1- 2      TO 1/4 MILE OR LESS
LOWEST:     37 ON  4                               3 = THUNDER
                        SNOW, ICE PELLETS, HAIL    4 = ICE PELLETS
                        TOTAL MONTH:    M          5 = HAIL
                        GRTST 24HR    M  ON   M    6 = FREEZING RAIN OR DRIZZLE
                        GRTST DEPTH:  M  ON   M    7 = DUSTSTORM OR SANDSTORM:
                                                       VSBY 1/2 MILE OR LESS
                                                   8 = SMOKE OR HAZE
[NO. OF DAYS WITH]      [WEATHER - DAYS WITH]      9 = BLOWING SNOW
                                                   X = TORNADO
MAX 32 OR BELOW:   0    0.01 INCH OR MORE:   9
MAX 90 OR ABOVE:   0    0.10 INCH OR MORE:   5
MIN 32 OR BELOW:   0    0.50 INCH OR MORE:   4
MIN  0 OR BELOW:   0    1.00 INCH OR MORE:   3

[HDD (BASE 65) ]
TOTAL THIS MO.   138    CLEAR  (SCALE 0-3)  13
DPTR FM NORMAL    -6    PTCLDY (SCALE 4-7)   3
TOTAL FM JUL 1   196    CLOUDY (SCALE 8-10)  4
DPTR FM NORMAL     3

[CDD (BASE 65) ]
TOTAL THIS MO.    10
DPTR FM NORMAL   -17    [PRESSURE DATA]
TOTAL FM JAN 1  1228    HIGHEST SLP  0.00 ON M
DPTR FM NORMAL  -120    LOWEST  SLP  0.00 ON M

[REMARKS]
