000
CXUS55 KEAX 210736
CF6OJC
PRELIMINARY LOCAL CLIMATOLOGICAL DATA (WS FORM: F-6)

                                          STATION:   Johnson County Executive KS
                                          MONTH:     NOVEMBER
                                          YEAR:      2017
                                          LATITUDE:   38 50 N
                                          LONGITUDE:  94 44 W

  TEMPERATURE IN F:       :PCPN:    SNOW:  WIND      :SUNSHINE: SKY     :PK WND
================================================================================
1   2   3   4   5  6A  6B    7    8   9   10  11  12  13   14  15   16   17  18
                                     12Z  AVG MX 2MIN
DY MAX MIN AVG DEP HDD CDD  WTR  SNW DPTH SPD SPD DIR MIN PSBL S-S WX    SPD DR
================================================================================

 1  50  31  41 -10  24   0 0.00    M    M  8.0 18 170   M    M   6 12     24 150
 2  57  44  51   1  14   0 0.00    M    M  9.1 20  10   M    M   8 1      23  20
 3  51  36  44  -6  21   0 0.00    M    M  8.5 20  70   M    M   6        25  60
 4  50  43  47  -3  18   0 0.00    M    M  4.4 12 260   M    M  10 1      15 260
 5  52  39  46  -3  19   0 0.00    M    M 11.3 21 360   M    M   8 18     24  10
 6  42  30  36 -13  29   0 0.00    M    M 10.5 17  40   M    M   5        23  60
 7  44  34  39  -9  26   0 0.00    M    M 10.3 17  20   M    M   5        24  10
 8  51  27  39  -9  26   0 0.00    M    M  3.1  9  30   M    M   0        12  20
 9  49  28  39  -8  26   0 0.00    M    M  8.3 16  50   M    M   0 8      21  50
10  39  23  31 -16  34   0 0.00    M    M 10.7 18  60   M    M   5        23  50
11  48  34  41  -5  24   0 0.04    M    M  8.0 18 170   M    M   8 18     25 180
12  46  42  44  -2  21   0 0.00    M    M  6.5 14  10   M    M  10 1      17 340
13  49  42  46   1  19   0    T    M    M  7.1 14 170   M    M  10 1      17 180
14  53  49  51   6  14   0    T    M    M  9.9 16 170   M    M  10 1      21 170
15  58  40  49   5  16   0 0.00    M    M 10.0 22 360   M    M   3 1      28 340
16  53  30  42  -2  23   0 0.00    M    M  7.0 15 150   M    M   2        20 150
17  68  50  59  16   6   0 0.00    M    M 10.7 22 210   M    M   7 1      30 210
18  60  35  48   5  17   0 0.06    M    M 15.8 31 350   M    M   4 1      42 350
19  51  27  39  -3  26   0 0.00    M    M  6.5 15 200   M    M   0        21 210
20  60  39  50   8  15   0 0.00    M    M 14.2 28 200   M    M   0 8      37 200
================================================================================
SM 1031  723       418   0  0.10    M    179.9          M      107
================================================================================
AV 51.6 36.2                               9.0 FASTST   M    M   5    MAX(MPH)
                                 MISC ---->  # 31 350               # 42  350
================================================================================
NOTES:
# LAST OF SEVERAL OCCURRENCES

COLUMN 17 PEAK WIND IN M.P.H.

PRELIMINARY LOCAL CLIMATOLOGICAL DATA (WS FORM: F-6) , PAGE 2

                                          STATION:  Johnson County Executive KS
                                          MONTH:    NOVEMBER
                                          YEAR:     2017
                                          LATITUDE:   38 50 N
                                          LONGITUDE:  94 44 W

[TEMPERATURE DATA]      [PRECIPITATION DATA]       SYMBOLS USED IN COLUMN 16

AVERAGE MONTHLY: 43.9   TOTAL FOR MONTH:   0.10    1 = FOG OR MIST
DPTR FM NORMAL:  -2.6   DPTR FM NORMAL:   -1.68    2 = FOG REDUCING VISIBILITY
HIGHEST:    68 ON 17    GRTST 24HR  0.06 ON 18-18      TO 1/4 MILE OR LESS
LOWEST:     23 ON 10                               3 = THUNDER
                        SNOW, ICE PELLETS, HAIL    4 = ICE PELLETS
                        TOTAL MONTH:    M          5 = HAIL
                        GRTST 24HR    M  ON   M    6 = FREEZING RAIN OR DRIZZLE
                        GRTST DEPTH:  M  ON   M    7 = DUSTSTORM OR SANDSTORM:
                                                       VSBY 1/2 MILE OR LESS
                                                   8 = SMOKE OR HAZE
[NO. OF DAYS WITH]      [WEATHER - DAYS WITH]      9 = BLOWING SNOW
                                                   X = TORNADO
MAX 32 OR BELOW:   0    0.01 INCH OR MORE:   2
MAX 90 OR ABOVE:   0    0.10 INCH OR MORE:   0
MIN 32 OR BELOW:   7    0.50 INCH OR MORE:   0
MIN  0 OR BELOW:   0    1.00 INCH OR MORE:   0

[HDD (BASE 65) ]
TOTAL THIS MO.   418    CLEAR  (SCALE 0-3)   5
DPTR FM NORMAL    46    PTCLDY (SCALE 4-7)  10
TOTAL FM JUL 1   698    CLOUDY (SCALE 8-10)  5
DPTR FM NORMAL     1

[CDD (BASE 65) ]
TOTAL THIS MO.     0
DPTR FM NORMAL     0    [PRESSURE DATA]
TOTAL FM JAN 1  1236    HIGHEST SLP  0.00 ON M
DPTR FM NORMAL  -113    LOWEST  SLP  0.00 ON M

[REMARKS]
