000
CXUS56 KSGX 211445
CF6OKB
PRELIMINARY LOCAL CLIMATOLOGICAL DATA (WS FORM: F-6)

                                          STATION:   OCEANSIDE AIRPORT CA
                                          MONTH:     MAY
                                          YEAR:      2015
                                          LATITUDE:   33 13 N
                                          LONGITUDE: 117 21 W

  TEMPERATURE IN F:       :PCPN:    SNOW:  WIND      :SUNSHINE: SKY     :PK WND
================================================================================
1   2   3   4   5  6A  6B    7    8   9   10  11  12  13   14  15   16   17  18
                                     12Z  AVG MX 2MIN
DY MAX MIN AVG DEP HDD CDD  WTR  SNW DPTH SPD SPD DIR MIN PSBL S-S WX    SPD DR
================================================================================

 1  79  50  65   5   0   0 0.00  0.0    0  4.5 16 280   M    M   0        24 290
 2  72  49  61   1   4   0 0.00  0.0    0  5.6 15 200   M    M   3        19 250
 3  70  59  65   5   0   0 0.00  0.0    0  5.2 16 250   M    M   7        21 250
 4  70  59  65   4   0   0 0.00  0.0    0  6.5 18 290   M    M   7        26 280
 5  68  55  62   1   3   0 0.00  0.0    0  4.8 15 240   M    M   7        21 250
 6  68  59  64   3   1   0    T  0.0    0  5.5 15 250   M    M   9        21 240
 7  66  55  61   0   4   0    T  0.0    0  7.3 17 240   M    M   9        22 250
 8  65  51  58  -3   7   0 0.23  0.0    0  5.1 15 250   M    M   7        24 220
 9  68  49  59  -2   6   0 0.00  0.0    0  3.9 15 290   M    M   5        19 290
10  70  47  59  -2   6   0 0.00  0.0    0  4.3 16 240   M    M   1        22 250
11  69  52  61   0   4   0 0.00  0.0    0  3.6 14 240   M    M   5        19 240
12  70  54  62   1   3   0 0.00  0.0    0  7.3 16 230   M    M   7        21 220
13  67  54  61   0   4   0 0.00  0.0    0  6.9 14 240   M    M   5        18 240
14  67  49  58  -4   7   0 0.76    M    0  6.5 17 210   M    M   8 1      23 190
15  68  53  61  -1   4   0 0.32  0.0    0  5.3 21 290   M    M   6 1      27 290
16  68  50  59  -3   6   0 0.00  0.0    0  5.7 15 180   M    M   4        21 200
17  70  50  60  -2   5   0 0.00  0.0    0  4.9 15 250   M    M   5        20 230
18  69  53  61  -1   4   0 0.00  0.0    0  6.1 18 240   M    M   7        23 220
19  69  50  60  -2   5   0 0.00  0.0    0  4.0 14 240   M    M   2 1      20 240
20  69  55  62   0   3   0 0.00  0.0    0  5.4 14 250   M    M   6        21 250
================================================================================
SM 1382 1053        76   0  1.31     0.0 108.4          M      110
================================================================================
AV 69.1 52.7                               5.4 FASTST   M    M   6    MAX(MPH)
                                 MISC ---->  # 21 290               # 27  290
================================================================================
NOTES:
# LAST OF SEVERAL OCCURRENCES

COLUMN 17 PEAK WIND IN M.P.H.

PRELIMINARY LOCAL CLIMATOLOGICAL DATA (WS FORM: F-6) , PAGE 2

                                          STATION:  OCEANSIDE AIRPORT CA
                                          MONTH:    MAY
                                          YEAR:     2015
                                          LATITUDE:   33 13 N
                                          LONGITUDE: 117 21 W

[TEMPERATURE DATA]      [PRECIPITATION DATA]       SYMBOLS USED IN COLUMN 16

AVERAGE MONTHLY: 60.9   TOTAL FOR MONTH:   1.31    1 = FOG OR MIST
DPTR FM NORMAL:  -0.3   DPTR FM NORMAL:    1.07    2 = FOG REDUCING VISIBILITY
HIGHEST:    79 ON  1    GRTST 24HR  1.05 ON 14-15      TO 1/4 MILE OR LESS
LOWEST:     47 ON 10                               3 = THUNDER
                        SNOW, ICE PELLETS, HAIL    4 = ICE PELLETS
                        TOTAL MONTH:   0.0 INCH    5 = HAIL
                        GRTST 24HR     0.0         6 = FREEZING RAIN OR DRIZZLE
                        GRTST DEPTH:   0           7 = DUSTSTORM OR SANDSTORM:
                                                       VSBY 1/2 MILE OR LESS
                                                   8 = SMOKE OR HAZE
[NO. OF DAYS WITH]      [WEATHER - DAYS WITH]      9 = BLOWING SNOW
                                                   X = TORNADO
MAX 32 OR BELOW:   0    0.01 INCH OR MORE:   3
MAX 90 OR ABOVE:   0    0.10 INCH OR MORE:   3
MIN 32 OR BELOW:   0    0.50 INCH OR MORE:   1
MIN  0 OR BELOW:   0    1.00 INCH OR MORE:   0

[HDD (BASE 65) ]
TOTAL THIS MO.    76    CLEAR  (SCALE 0-3)   4
DPTR FM NORMAL    -4    PTCLDY (SCALE 4-7)  13
TOTAL FM JUL 1  1200    CLOUDY (SCALE 8-10)  3
DPTR FM NORMAL  -774

[CDD (BASE 65) ]
TOTAL THIS MO.     0
DPTR FM NORMAL     0    [PRESSURE DATA]
TOTAL FM JAN 1    34    HIGHEST SLP M ON M
DPTR FM NORMAL    31    LOWEST  SLP 29.78 ON M

[REMARKS]
