000
CXUS55 KGGW 290800
CF6OLF
PRELIMINARY LOCAL CLIMATOLOGICAL DATA (WS FORM: F-6)

                                          STATION:   WOLF POINT MT
                                          MONTH:     MARCH
                                          YEAR:      2015
                                          LATITUDE:   48  5 N
                                          LONGITUDE: 105 35 W

  TEMPERATURE IN F:       :PCPN:    SNOW:  WIND      :SUNSHINE: SKY     :PK WND
================================================================================
1   2   3   4   5  6A  6B    7    8   9   10  11  12  13   14  15   16   17  18
                                     12Z  AVG MX 2MIN
DY MAX MIN AVG DEP HDD CDD  WTR  SNW DPTH SPD SPD DIR MIN PSBL S-S WX    SPD DR
================================================================================

 1  32   9  21  -2  44   0    T    M    0  6.8 16 290   M    M   7 18     20 280
 2  43  11  27   3  38   0 0.00  0.0    0 11.5 28 340   M    M   3        34 340
 3  19   2  11 -13  54   0    T    M    0 16.4 29 310   M    M   4 8      35 300
 4  18  -5   7 -18  58   0 0.00  0.0    0  5.9 14 340   M    M   0        18 340
 5  50   3  27   2  38   0 0.00  0.0    0  7.3 23 300   M    M   4        29 300
 6  56  24  40  14  25   0 0.00  0.0    0  9.5 26 340   M    M   6        33 340
 7  47  25  36  10  29   0 0.00  0.0    0  5.2 12 260   M    M   5        14 260
 8  56  19  38  11  27   0 0.00  0.0    0  5.8 21 330   M    M   1        25 320
 9  63  22  43  16  22   0 0.00  0.0    0  7.2 22 260   M    M   0        25 270
10  59  29  44  16  21   0 0.00  0.0    0  5.9 12  50   M    M   1        14 120
11  67  29  48  20  17   0 0.00  0.0    0  4.5 10  70   M    M   0        12  70
12  69  32  51  22  14   0 0.00  0.0    0 11.5 28 300   M    M   1        35 300
13  67  31  49  20  16   0 0.00  0.0    0  6.5 14 250   M    M   0        18 240
14  76  30  53  23  12   0 0.00  0.0    0  8.9 22 210   M    M   0        30 220
15  64  43  54  24  11   0 0.01    M    0  8.5 17 360   M    M   5        21  10
16  46  23  35   4  30   0 0.10    M    0 11.0 29  40   M    M   5 16     37  40
17  47  19  33   2  32   0    T    M    0  6.1 15 120   M    M   2 1      20 120
18  36  32  34   2  31   0 0.22    M    0  7.2 13  90   M    M  10 12     15  90
19  59  34  47  15  18   0 0.00  0.0    0  7.1 18 260   M    M   5 1      24 250
20  54  35  45  13  20   0 0.00  0.0    0 10.3 22  80   M    M   4 18     26  80
21  54  33  44  11  21   0    T    M    0 13.8 22  80   M    M   6 18     27  80
22  61  27  44  10  21   0 0.00  0.0    0  9.5 29 290   M    M   0        35 300
23  50  22  36   2  29   0 0.00  0.0    0 13.4 24  80   M    M   2 18     28  80
24  37  34  36   2  29   0 0.18    M    0 11.9 23 330   M    M  10 18     29 310
25  46  32  39   4  26   0 0.00  0.0    0  7.8 17 330   M    M   7        21 290
26  49  31  40   5  25   0    T    M    0  8.5 17  80   M    M  10 128    20  70
27  71  33  52  16  13   0 0.00  0.0    0  6.8 16 290   M    M   1 1      22 220
28  82  33  58  22   7   0 0.16    M    0 15.1 38 290   M    M   4 18     49 290
================================================================================
SM 1478  692       728   0  0.67     0.0 249.9          M      103
================================================================================
AV 52.8 24.7                               8.9 FASTST   M    M   4    MAX(MPH)
                                 MISC ---->  # 38 290               # 49  290
================================================================================
NOTES:
# LAST OF SEVERAL OCCURRENCES

COLUMN 17 PEAK WIND IN M.P.H.

PRELIMINARY LOCAL CLIMATOLOGICAL DATA (WS FORM: F-6) , PAGE 2

                                          STATION:  WOLF POINT MT
                                          MONTH:    MARCH
                                          YEAR:     2015
                                          LATITUDE:   48  5 N
                                          LONGITUDE: 105 35 W

[TEMPERATURE DATA]      [PRECIPITATION DATA]       SYMBOLS USED IN COLUMN 16

AVERAGE MONTHLY: 38.8   TOTAL FOR MONTH:   0.67    1 = FOG OR MIST
DPTR FM NORMAL:   8.9   DPTR FM NORMAL:    0.27    2 = FOG REDUCING VISIBILITY
HIGHEST:    82 ON 28    GRTST 24HR  0.22 ON 18-18      TO 1/4 MILE OR LESS
LOWEST:     -5 ON  4                               3 = THUNDER
                        SNOW, ICE PELLETS, HAIL    4 = ICE PELLETS
                        TOTAL MONTH:   0.0 INCH    5 = HAIL
                        GRTST 24HR     0.0         6 = FREEZING RAIN OR DRIZZLE
                        GRTST DEPTH:   0           7 = DUSTSTORM OR SANDSTORM:
                                                       VSBY 1/2 MILE OR LESS
                                                   8 = SMOKE OR HAZE
[NO. OF DAYS WITH]      [WEATHER - DAYS WITH]      9 = BLOWING SNOW
                                                   X = TORNADO
MAX 32 OR BELOW:   3    0.01 INCH OR MORE:   5
MAX 90 OR ABOVE:   0    0.10 INCH OR MORE:   4
MIN 32 OR BELOW:  21    0.50 INCH OR MORE:   0
MIN  0 OR BELOW:   1    1.00 INCH OR MORE:   0

[HDD (BASE 65) ]
TOTAL THIS MO.   728    CLEAR  (SCALE 0-3)  12
DPTR FM NORMAL  -256    PTCLDY (SCALE 4-7)  13
TOTAL FM JUL 1  6870    CLOUDY (SCALE 8-10)  3
DPTR FM NORMAL  -736

[CDD (BASE 65) ]
TOTAL THIS MO.     0
DPTR FM NORMAL     0    [PRESSURE DATA]
TOTAL FM JAN 1     0    HIGHEST SLP M ON M
DPTR FM NORMAL     0    LOWEST  SLP 29.49 ON 28

[REMARKS]
