000
CXUS55 KGGW 230800
CF6OLF
PRELIMINARY LOCAL CLIMATOLOGICAL DATA (WS FORM: F-6)

                                          STATION:   WOLF POINT MT
                                          MONTH:     AUGUST
                                          YEAR:      2014
                                          LATITUDE:   48  5 N
                                          LONGITUDE: 105 35 W

  TEMPERATURE IN F:       :PCPN:    SNOW:  WIND      :SUNSHINE: SKY     :PK WND
================================================================================
1   2   3   4   5  6A  6B    7    8   9   10  11  12  13   14  15   16   17  18
                                     12Z  AVG MX 2MIN
DY MAX MIN AVG DEP HDD CDD  WTR  SNW DPTH SPD SPD DIR MIN PSBL S-S WX    SPD DR
================================================================================

 1  93  64  79   7   0  14 0.01  0.0    0  8.4 29  20   M    M   1 3      39  10
 2  89  54  72   0   0   7 0.00  0.0    0  6.6 15 110   M    M   0        23  70
 3  87  65  76   4   0  11 0.38  0.0    0  8.6 18  70   M    M   4 13     21  70
 4  85  63  74   2   0   9 0.02  0.0    0  7.6 14  90   M    M   3 1      20 120
 5  77  64  71  -1   0   6 0.03  0.0    0  6.6 13  80   M    M   4        15  80
 6  86  65  76   4   0  11    T  0.0    0  6.8 14  80   M    M   7 1      18  70
 7  98  58  78   6   0  13 0.00  0.0    0  5.6 16 190   M    M   1 1      25 190
 8  99  57  78   6   0  13 0.00  0.0    0  5.7 15 170   M    M   0        23 170
 9  87  56  72   1   0   7 0.00  0.0    0 11.2 29 350   M    M   1        36 360
10  85  49  67  -4   0   2 0.00  0.0    0  3.0 14 100   M    M   0        16  90
11  93  52  73   2   0   8 0.00  0.0    0  7.2 15 100   M    M   1        18  80
12  97  56  77   6   0  12 0.00  0.0    0  4.5 15  30   M    M   0        19  20
13  90  57  74   4   0   9    T  0.0    0  7.0 22  50   M    M   1        26  40
14  97  67  82  12   0  17 0.72  0.0    0  6.6 28 220   M    M   2 3      37 180
15  84  64  74   4   0   9 0.05  0.0    0  8.5 29  10   M    M   3 138    36  10
16  87  61  74   4   0   9 0.02  0.0    0  5.4 15 230   M    M   2 1      19 230
17  85  59  72   3   0   7 0.04  0.0    0  9.3 32 310   M    M   4        42 310
18  89  60  75   6   0  10 0.00  0.0    0  7.5 13 260   M    M   1 1      23 270
19  97  56  77   8   0  12 0.00  0.0    0  5.3 16 180   M    M   1 8      20 200
20  82  59  71   3   0   6    T  0.0    0  4.2 14 240   M    M   3        18 310
21  76  56  66  -2   0   1 1.55  0.0    0  5.3 24 320   M    M   7 13     28 330
22  71  60  66  -2   0   1 0.46  0.0    0 12.1 23  70   M    M  10 1      30  80
================================================================================
SM 1934 1302         0 194  3.28     0.0 153.0          M       56
================================================================================
AV 87.9 59.2                               7.0 FASTST   M    M   3    MAX(MPH)
                                 MISC ---->  # 32 310               # 42  310
================================================================================
NOTES:
# LAST OF SEVERAL OCCURRENCES

COLUMN 17 PEAK WIND IN M.P.H.

PRELIMINARY LOCAL CLIMATOLOGICAL DATA (WS FORM: F-6) , PAGE 2

                                          STATION:  WOLF POINT MT
                                          MONTH:    AUGUST
                                          YEAR:     2014
                                          LATITUDE:   48  5 N
                                          LONGITUDE: 105 35 W

[TEMPERATURE DATA]      [PRECIPITATION DATA]       SYMBOLS USED IN COLUMN 16

AVERAGE MONTHLY: 73.5   TOTAL FOR MONTH:   3.28    1 = FOG OR MIST
DPTR FM NORMAL:   3.0   DPTR FM NORMAL:    2.23    2 = FOG REDUCING VISIBILITY
HIGHEST:    99 ON  8    GRTST 24HR  1.83 ON 21-22      TO 1/4 MILE OR LESS
LOWEST:     49 ON 10                               3 = THUNDER
                        SNOW, ICE PELLETS, HAIL    4 = ICE PELLETS
                        TOTAL MONTH:   0.0 INCH    5 = HAIL
                        GRTST 24HR     0.0         6 = FREEZING RAIN OR DRIZZLE
                        GRTST DEPTH:   0           7 = DUSTSTORM OR SANDSTORM:
                                                       VSBY 1/2 MILE OR LESS
                                                   8 = SMOKE OR HAZE
[NO. OF DAYS WITH]      [WEATHER - DAYS WITH]      9 = BLOWING SNOW
                                                   X = TORNADO
MAX 32 OR BELOW:   0    0.01 INCH OR MORE:  10
MAX 90 OR ABOVE:   8    0.10 INCH OR MORE:   4
MIN 32 OR BELOW:   0    0.50 INCH OR MORE:   2
MIN  0 OR BELOW:   0    1.00 INCH OR MORE:   1

[HDD (BASE 65) ]
TOTAL THIS MO.     0    CLEAR  (SCALE 0-3)  16
DPTR FM NORMAL   -18    PTCLDY (SCALE 4-7)   5
TOTAL FM JUL 1     6    CLOUDY (SCALE 8-10)  1
DPTR FM NORMAL   -32

[CDD (BASE 65) ]
TOTAL THIS MO.   194
DPTR FM NORMAL    56    [PRESSURE DATA]
TOTAL FM JAN 1   461    HIGHEST SLP M ON M
DPTR FM NORMAL    70    LOWEST  SLP 29.52 ON 20

[REMARKS]
