000
CXUS55 KSEW 240945
CF6OLM

PRELIMINARY LOCAL CLIMATOLOGICAL DATA (WS FORM: F-6)

                                          STATION:   OLYMPIA WA AIRPORT
                                          MONTH:     DECEMBER
                                          YEAR:      2014
                                          LATITUDE:   46 58 N
                                          LONGITUDE: 122 54 W

  TEMPERATURE IN F:       :PCPN:    SNOW:  WIND      :SUNSHINE: SKY     :PK WND
================================================================================
1   2   3   4   5  6A  6B    7    8   9   10  11  12  13   14  15   16   17  18
                                     12Z  AVG MX 2MIN
DY MAX MIN AVG DEP HDD CDD  WTR  SNW DPTH SPD SPD DIR MIN PSBL S-S WX    SPD DR
================================================================================

 1  39  16  28 -12  37   0 0.00  0.0    0  0.8  6  20   M    M   0 1       7  30
 2  42  19  31  -9  34   0 0.00  0.0    0  3.8 16  40   M    M   2 1      23  30
 3  43  23  33  -7  32   0 0.00  0.0    0  0.6  7  10   M    M   4 1       9  30
 4  44  35  40   1  25   0 0.02  0.0    0  0.6  6 120   M    M  10 1       6 120
 5  50  41  46   7  19   0 0.12  0.0    0  1.5  9 250   M    M  10 12     12 240
 6  53  44  49  10  16   0 0.17  0.0    0  6.2 16 210   M    M  10 12     19 210
 7  48  37  43   4  22   0    T  0.0    0  0.4  6  50   M    M   9 12      7  80
 8  56  34  45   6  20   0 0.13  0.0    0  2.2 13 200   M    M   9 12     19 180
 9  59  47  53  15  12   0 0.54  0.0    0  8.5 24 180   M    M   8 1      33 180
10  64  47  56  18   9   0 0.85  0.0    0 12.5 32 180   M    M   9 1      42 190
11  58  40  49  11  16   0 0.46  0.0    0 10.3 35 190   M    M   8 12     55 180
12  53  36  45   7  20   0 0.31  0.0    0  4.3 14 190   M    M   6 12     19 180
13  45  32  39   1  26   0    T  0.0    0  1.6  8  70   M    M  10 12     10  70
14  50  24  37  -1  28   0 0.00  0.0    0  3.6 10  20   M    M   6 12     13  70
15  48  24  36  -2  29   0    T    M    0  2.0 10 220   M    M   9 1      17 230
16  47  34  41   3  24   0 0.01    M    0  1.4  7  20   M    M   7 12      8 340
17  47  34  41   3  24   0 0.08  0.0    0  1.5  8 210   M    M  10 1      10 190
18  51  40  46   8  19   0 0.40  0.0    0  4.0 24 210   M    M   9 12     31 210
19  51  44  48  10  17   0 0.05  0.0    0 10.3 20 180   M    M   6 1      25 170
20  55  45  50  12  15   0 1.58  0.0    0 11.6 22 180   M    M  10 1      32 170
21  55  47  51  13  14   0 0.12  0.0    0  7.2 20 270   M    M   8 1      26 250
22  50  35  43   5  22   0 0.00  0.0    0  3.5 13 230   M    M   6 1      17 240
23  51  41  46   8  19   0 0.38  0.0    0  8.3 20  60   M    M  10 1      25  60
================================================================================
SM 1159  819       499   0  5.22     0.0 106.7          M      176
================================================================================
AV 50.4 35.6                               4.6 FASTST   M    M   8    MAX(MPH)
                                 MISC ---->  # 35 190               # 55  180
================================================================================
NOTES:
# LAST OF SEVERAL OCCURRENCES

COLUMN 17 PEAK WIND IN M.P.H.

PRELIMINARY LOCAL CLIMATOLOGICAL DATA (WS FORM: F-6) , PAGE 2

                                          STATION:  OLYMPIA WA AIRPORT
                                          MONTH:    DECEMBER
                                          YEAR:     2014
                                          LATITUDE:   46 58 N
                                          LONGITUDE: 122 54 W

[TEMPERATURE DATA]      [PRECIPITATION DATA]       SYMBOLS USED IN COLUMN 16

AVERAGE MONTHLY: 43.0   TOTAL FOR MONTH:   5.22    1 = FOG OR MIST
DPTR FM NORMAL:   4.5   DPTR FM NORMAL:   -0.40    2 = FOG REDUCING VISIBILITY
HIGHEST:    64 ON 10    GRTST 24HR  1.61 ON 19-20      TO 1/4 MILE OR LESS
LOWEST:     16 ON  1                               3 = THUNDER
                        SNOW, ICE PELLETS, HAIL    4 = ICE PELLETS
                        TOTAL MONTH:   0.0 INCH    5 = HAIL
                        GRTST 24HR     0.0         6 = FREEZING RAIN OR DRIZZLE
                        GRTST DEPTH:   0           7 = DUSTSTORM OR SANDSTORM:
                                                       VSBY 1/2 MILE OR LESS
                                                   8 = SMOKE OR HAZE
[NO. OF DAYS WITH]      [WEATHER - DAYS WITH]      9 = BLOWING SNOW
                                                   X = TORNADO
MAX 32 OR BELOW:   0    0.01 INCH OR MORE:  15
MAX 90 OR ABOVE:   0    0.10 INCH OR MORE:  11
MIN 32 OR BELOW:   6    0.50 INCH OR MORE:   3
MIN  0 OR BELOW:   0    1.00 INCH OR MORE:   1

[HDD (BASE 65) ]
TOTAL THIS MO.   499    CLEAR  (SCALE 0-3)   2
DPTR FM NORMAL  -111    PTCLDY (SCALE 4-7)   7
TOTAL FM JUL 1  1598    CLOUDY (SCALE 8-10) 14
DPTR FM NORMAL  -457

[CDD (BASE 65) ]
TOTAL THIS MO.     0
DPTR FM NORMAL     0    [PRESSURE DATA]
TOTAL FM JAN 1   187    HIGHEST SLP M ON M
DPTR FM NORMAL    81    LOWEST  SLP 29.10 ON 11

[REMARKS]
