000
CXUS55 KSEW 240930
CF6OLM
PRELIMINARY LOCAL CLIMATOLOGICAL DATA (WS FORM: F-6)

                                          STATION:   OLYMPIA WA AIRPORT
                                          MONTH:     AUGUST
                                          YEAR:      2016
                                          LATITUDE:   46 58 N
                                          LONGITUDE: 122 54 W

  TEMPERATURE IN F:       :PCPN:    SNOW:  WIND      :SUNSHINE: SKY     :PK WND
================================================================================
1   2   3   4   5  6A  6B    7    8   9   10  11  12  13   14  15   16   17  18
                                     12Z  AVG MX 2MIN
DY MAX MIN AVG DEP HDD CDD  WTR  SNW DPTH SPD SPD DIR MIN PSBL S-S WX    SPD DR
================================================================================

 1  79  46  63  -2   2   0 0.00  0.0    0  4.7 13 230   M    M   3 1      16 260
 2  72  54  63  -2   2   0    T  0.0    0  9.8 20 280   M    M   5        26 290
 3  78  54  66   1   0   1 0.00  0.0    0  5.6 15  30   M    M   4        20  30
 4  83  54  69   4   0   4 0.00  0.0    0  6.7 14  20   M    M   0        20  10
 5  78  48  63  -2   2   0 0.00  0.0    0  6.5 17 210   M    M   0        23 250
 6  67  46  57  -8   8   0 0.00  0.0    0  3.7 12 260   M    M   4 1      16 210
 7  64  49  57  -8   8   0 0.19  0.0    0  5.0 12 210   M    M   8 1      17 200
 8  73  52  63  -2   2   0 0.02  0.0    0  4.3 13 300   M    M   6        16 310
 9  68  50  59  -6   6   0 0.00  0.0    0  4.0 12 270   M    M   7 1      16 230
10  78  51  65   0   0   0 0.00  0.0    0  4.0 15 360   M    M   7 1      20  10
11  83  51  67   2   0   2 0.00  0.0    0  5.4 15  30   M    M   1 1      21  10
12  92  51  72   7   0   7 0.00  0.0    0  3.6 13 360   M    M   0        18 350
13  92  54  73   9   0   8 0.00  0.0    0  3.3 13 310   M    M   0        18 300
14  85  50  68   4   0   3 0.00  0.0    0  3.6 13  20   M    M   2        16 360
15  83  52  68   4   0   3 0.00  0.0    0  3.7 12 360   M    M   2 12     15  20
16  85  53  69   5   0   4 0.00  0.0    0  2.7  9  20   M    M   3 1      14 330
17  82  50  66   2   0   1 0.00  0.0    0  3.6 10  30   M    M   2 1      13  40
18  89  53  71   7   0   6 0.00  0.0    0  7.0 17  30   M    M   0        22  40
19  96  54  75  11   0  10 0.00  0.0    0  4.7 14 350   M    M   0        19  60
20  96  50  73   9   0   8 0.00  0.0    0  3.6 12 320   M    M   0        14  20
21  71  53  62  -2   3   0 0.00  0.0    0 12.2 23 230   M    M   3        31 210
22  74  48  61  -3   4   0 0.00  0.0    0  5.0 10 190   M    M   4        14 190
23  81  46  64   0   1   0 0.00  0.0    0  4.5 15  30   M    M   2 12     21  60
================================================================================
SM 1849 1169        38  57  0.21     0.0 117.2          M       63
================================================================================
AV 80.4 50.8                               5.1 FASTST   M    M   3    MAX(MPH)
                                 MISC ---->  # 23 230               # 31  210
================================================================================
NOTES:
# LAST OF SEVERAL OCCURRENCES

COLUMN 17 PEAK WIND IN M.P.H.

PRELIMINARY LOCAL CLIMATOLOGICAL DATA (WS FORM: F-6) , PAGE 2

                                          STATION:  OLYMPIA WA AIRPORT
                                          MONTH:    AUGUST
                                          YEAR:     2016
                                          LATITUDE:   46 58 N
                                          LONGITUDE: 122 54 W

[TEMPERATURE DATA]      [PRECIPITATION DATA]       SYMBOLS USED IN COLUMN 16

AVERAGE MONTHLY: 65.6   TOTAL FOR MONTH:   0.21    1 = FOG OR MIST
DPTR FM NORMAL:   1.1   DPTR FM NORMAL:   -0.37    2 = FOG REDUCING VISIBILITY
HIGHEST:    96 ON 20,19 GRTST 24HR  0.19 ON  7- 7      TO 1/4 MILE OR LESS
LOWEST:     46 ON 23, 6                            3 = THUNDER
                        SNOW, ICE PELLETS, HAIL    4 = ICE PELLETS
                        TOTAL MONTH:   0.0 INCH    5 = HAIL
                        GRTST 24HR     0.0         6 = FREEZING RAIN OR DRIZZLE
                        GRTST DEPTH:   0           7 = DUSTSTORM OR SANDSTORM:
                                                       VSBY 1/2 MILE OR LESS
                                                   8 = SMOKE OR HAZE
[NO. OF DAYS WITH]      [WEATHER - DAYS WITH]      9 = BLOWING SNOW
                                                   X = TORNADO
MAX 32 OR BELOW:   0    0.01 INCH OR MORE:   2
MAX 90 OR ABOVE:   4    0.10 INCH OR MORE:   1
MIN 32 OR BELOW:   0    0.50 INCH OR MORE:   0
MIN  0 OR BELOW:   0    1.00 INCH OR MORE:   0

[HDD (BASE 65) ]
TOTAL THIS MO.    38    CLEAR  (SCALE 0-3)  14
DPTR FM NORMAL    -8    PTCLDY (SCALE 4-7)   8
TOTAL FM JUL 1    96    CLOUDY (SCALE 8-10)  1
DPTR FM NORMAL   -30

[CDD (BASE 65) ]
TOTAL THIS MO.    57
DPTR FM NORMAL    18    [PRESSURE DATA]
TOTAL FM JAN 1   129    HIGHEST SLP M ON M
DPTR FM NORMAL    33    LOWEST  SLP 29.78 ON 20

[REMARKS]
