000
CXUS55 KSEW 240945
CF6OLM

PRELIMINARY LOCAL CLIMATOLOGICAL DATA (WS FORM: F-6)

                                          STATION:   OLYMPIA WA AIRPORT
                                          MONTH:     APRIL
                                          YEAR:      2014
                                          LATITUDE:   46 58 N
                                          LONGITUDE: 122 54 W

  TEMPERATURE IN F:       :PCPN:    SNOW:  WIND      :SUNSHINE: SKY     :PK WND
================================================================================
1   2   3   4   5  6A  6B    7    8   9   10  11  12  13   14  15   16   17  18
                                     12Z  AVG MX 2MIN
DY MAX MIN AVG DEP HDD CDD  WTR  SNW DPTH SPD SPD DIR MIN PSBL S-S WX    SPD DR
================================================================================

 1  58  40  49   3  16   0    T  0.0    0  2.8 13 270   M    M   7        16 280
 2  60  39  50   4  15   0 0.00  0.0    0  7.3 16 210   M    M   4        22 260
 3  53  37  45  -2  20   0 0.23  0.0    0  8.0 22 170   M    M   8 1      31 180
 4  53  34  44  -3  21   0 0.10  0.0    0  5.1 15 250   M    M   8 12     20 250
 5  55  44  50   3  15   0 0.30  0.0    0  7.5 16 180   M    M   9 1      21 180
 6  62  46  54   7  11   0 0.01  0.0    0  3.5 12 260   M    M  10 1      16 290
 7  74  45  60  13   5   0 0.00  0.0    0  3.5 14 240   M    M   4 12     17 240
 8  61  45  53   6  12   0 0.17  0.0    0  7.2 15 210   M    M   7 1      19 200
 9  59  35  47   0  18   0 0.00  0.0    0  1.5 12 200   M    M   4 1      17 210
10  60  31  46  -1  19   0 0.00  0.0    0  2.6 12  20   M    M   1 1      15 350
11  64  32  48   0  17   0 0.00  0.0    0  2.4 12 250   M    M   3 1      15 280
12  63  37  50   2  15   0 0.00  0.0    0  4.0 15  40   M    M   5 1      19  40
13  70  31  51   3  14   0 0.00  0.0    0  2.9 12 360   M    M   0 1      15 340
14  69  31  50   2  15   0 0.00  0.0    0  7.2 20 230   M    M   1 1      28 220
15  59  44  52   4  13   0 0.01  0.0    0  8.6 20 270   M    M   7        24 260
16  53  47  50   2  15   0 0.14  0.0    0  9.1 16 180   M    M  10 1      22 210
17  53  45  49   1  16   0 0.61  0.0    0  8.4 23 200   M    M  10 1      29 190
18  60  40  50   2  15   0 0.00  0.0    0  5.9 15 180   M    M   5        21 260
19  52  37  45  -4  20   0 0.43  0.0    0  7.8 25 210   M    M   8 1      31 220
20  60  36  48  -1  17   0 0.00  0.0    0  4.1 14 230   M    M   5 1      22 250
21  65  42  54   5  11   0 0.14  0.0    0  4.4 14 320   M    M   5 1      18 320
22  53  40  47  -2  18   0 0.29  0.0    0  8.1 21 210   M    M   7 1      28 210
23  51  42  47  -2  18   0 0.69  0.0    0  7.5 18 170   M    M  10 1      23 170
================================================================================
SM 1367  900       356   0  3.12     0.0 129.4          M      138
================================================================================
AV 59.4 39.1                               5.6 FASTST   M    M   6    MAX(MPH)
                                 MISC ---->  # 25 210               # 31  180
================================================================================
NOTES:
# LAST OF SEVERAL OCCURRENCES

COLUMN 17 PEAK WIND IN M.P.H.

PRELIMINARY LOCAL CLIMATOLOGICAL DATA (WS FORM: F-6) , PAGE 2

                                          STATION:  OLYMPIA WA AIRPORT
                                          MONTH:    APRIL
                                          YEAR:     2014
                                          LATITUDE:   46 58 N
                                          LONGITUDE: 122 54 W

[TEMPERATURE DATA]      [PRECIPITATION DATA]       SYMBOLS USED IN COLUMN 16

AVERAGE MONTHLY: 49.3   TOTAL FOR MONTH:   3.12    1 = FOG OR MIST
DPTR FM NORMAL:   1.6   DPTR FM NORMAL:    0.25    2 = FOG REDUCING VISIBILITY
HIGHEST:    74 ON  7    GRTST 24HR  0.71 ON 16-17      TO 1/4 MILE OR LESS
LOWEST:     31 ON 14,13                            3 = THUNDER
                        SNOW, ICE PELLETS, HAIL    4 = ICE PELLETS
                        TOTAL MONTH:   0.0 INCH    5 = HAIL
                        GRTST 24HR     0.0         6 = FREEZING RAIN OR DRIZZLE
                        GRTST DEPTH:   0           7 = DUSTSTORM OR SANDSTORM:
                                                       VSBY 1/2 MILE OR LESS
                                                   8 = SMOKE OR HAZE
[NO. OF DAYS WITH]      [WEATHER - DAYS WITH]      9 = BLOWING SNOW
                                                   X = TORNADO
MAX 32 OR BELOW:   0    0.01 INCH OR MORE:  12
MAX 90 OR ABOVE:   0    0.10 INCH OR MORE:  10
MIN 32 OR BELOW:   4    0.50 INCH OR MORE:   2
MIN  0 OR BELOW:   0    1.00 INCH OR MORE:   0

[HDD (BASE 65) ]
TOTAL THIS MO.   356    CLEAR  (SCALE 0-3)   4
DPTR FM NORMAL   -41    PTCLDY (SCALE 4-7)  12
TOTAL FM JUL 1  4716    CLOUDY (SCALE 8-10)  7
DPTR FM NORMAL   -39

[CDD (BASE 65) ]
TOTAL THIS MO.     0
DPTR FM NORMAL     0    [PRESSURE DATA]
TOTAL FM JAN 1     0    HIGHEST SLP M ON M
DPTR FM NORMAL     0    LOWEST  SLP 29.62 ON 23

[REMARKS]
