000
CXUS55 KTWC 250855
CF6OLS
PRELIMINARY LOCAL CLIMATOLOGICAL DATA (WS FORM: F-6)

                                          STATION:   NOGALES AZ AIRPORT
                                          MONTH:     JANUARY
                                          YEAR:      2015
                                          LATITUDE:   31 25 N
                                          LONGITUDE: 110 51 W

  TEMPERATURE IN F:       :PCPN:    SNOW:  WIND      :SUNSHINE: SKY     :PK WND
================================================================================
1   2   3   4   5  6A  6B    7    8   9   10  11  12  13   14  15   16   17  18
                                     12Z  AVG MX 2MIN
DY MAX MIN AVG DEP HDD CDD  WTR  SNW DPTH SPD SPD DIR MIN PSBL S-S WX    SPD DR
================================================================================

 1  47  25  36 -12  29   0 0.01    M    0  3.1 13 260   M    M   1 1      17 250
 2  41  23  32 -16  33   0 0.00  0.0    0  2.9 10 310   M    M   7 1      13 310
 3  52  19  36 -12  29   0 0.00  0.0    0  2.7  9 300   M    M   0        13 320
 4  68  24  46  -2  19   0 0.00  0.0    0  2.2 12  40   M    M   0        15  30
 5  74  32  53   5  12   0 0.00  0.0    0  6.8 14 100   M    M   0        20  70
 6  77  28  53   4  12   0 0.00  0.0    0  4.0 13  40   M    M   0        16  40
 7  76  42  59  10   6   0    T  0.0    0  5.1 17 100   M    M   M        21 110
 8  58  46  52   3  13   0 0.06    M    0  7.1 18  30   M    M   8 1      24  30
 9  68  40  54   5  11   0 0.02    M    0  4.1 16  10   M    M   2        20  10
10  65  36  51   2  14   0 0.00  0.0    0  4.8 10 320   M    M   2        14 280
11  69  37  53   4  12   0 0.01    M    0  4.6 17 220   M    M   5        21 230
12  64  42  53   4  12   0 0.19    M    0  5.0 14 230   M    M   5 1      16 210
13  63  36  50   1  15   0 0.00  0.0    0  2.6 14 240   M    M   3        18 280
14  58  38  48  -1  17   0 0.00  0.0    0  5.2 17  30   M    M   4 1      27  20
15  64  32  48  -1  17   0 0.00  0.0    0  8.6 22 120   M    M   0        29 120
16  70  36  53   3  12   0 0.00  0.0    0  3.0 10  50   M    M   0        13 190
17  72  33  53   3  12   0 0.00  0.0    0  3.1  9  80   M    M   0        12 200
18  78  34  56   6   9   0 0.00  0.0    0  3.7 13 290   M    M   0        18 270
19  78  36  57   7   8   0 0.00  0.0    0  3.1 14 260   M    M   0        19 250
20  77  35  56   6   9   0 0.00  0.0    0  3.2 14 240   M    M   0        18 250
21  67  37  52   2  13   0 0.00  0.0    0  6.9 21 270   M    M   0        28 250
22  56  32  44  -6  21   0 0.00  0.0    0  7.4 21  60   M    M   0        27 320
23  65  31  48  -2  17   0 0.00  0.0    0  8.1 15  30   M    M   0        20  20
24  71  34  53   3  12   0 0.00  0.0    0  7.2 16  70   M    M   0        23 360
================================================================================
SM 1578  808       364   0  0.29     0.0 114.5          M       37
================================================================================
AV 65.8 33.7                               4.8 FASTST   M    M   2    MAX(MPH)
                                 MISC ---->  # 22 120               # 29  120
================================================================================
NOTES:
# LAST OF SEVERAL OCCURRENCES

COLUMN 17 PEAK WIND IN M.P.H.

PRELIMINARY LOCAL CLIMATOLOGICAL DATA (WS FORM: F-6) , PAGE 2

                                          STATION:  NOGALES AZ AIRPORT
                                          MONTH:    JANUARY
                                          YEAR:     2015
                                          LATITUDE:   31 25 N
                                          LONGITUDE: 110 51 W

[TEMPERATURE DATA]      [PRECIPITATION DATA]       SYMBOLS USED IN COLUMN 16

AVERAGE MONTHLY: 49.7   TOTAL FOR MONTH:   0.29    1 = FOG OR MIST
DPTR FM NORMAL:   0.5   DPTR FM NORMAL:   -0.63    2 = FOG REDUCING VISIBILITY
HIGHEST:    78 ON 19,18 GRTST 24HR  0.20 ON 11-12      TO 1/4 MILE OR LESS
LOWEST:     19 ON  3                               3 = THUNDER
                        SNOW, ICE PELLETS, HAIL    4 = ICE PELLETS
                        TOTAL MONTH:   0.0 INCH    5 = HAIL
                        GRTST 24HR     0.0         6 = FREEZING RAIN OR DRIZZLE
                        GRTST DEPTH:   0           7 = DUSTSTORM OR SANDSTORM:
                                                       VSBY 1/2 MILE OR LESS
                                                   8 = SMOKE OR HAZE
[NO. OF DAYS WITH]      [WEATHER - DAYS WITH]      9 = BLOWING SNOW
                                                   X = TORNADO
MAX 32 OR BELOW:   0    0.01 INCH OR MORE:   5
MAX 90 OR ABOVE:   0    0.10 INCH OR MORE:   1
MIN 32 OR BELOW:   9    0.50 INCH OR MORE:   0
MIN  0 OR BELOW:   0    1.00 INCH OR MORE:   0

[HDD (BASE 65) ]
TOTAL THIS MO.   364    CLEAR  (SCALE 0-3)  18
DPTR FM NORMAL   -16    PTCLDY (SCALE 4-7)   5
TOTAL FM JUL 1  1079    CLOUDY (SCALE 8-10)  0
DPTR FM NORMAL  -135

[CDD (BASE 65) ]
TOTAL THIS MO.     0
DPTR FM NORMAL     0    [PRESSURE DATA]
TOTAL FM JAN 1     0    HIGHEST SLP M ON M
DPTR FM NORMAL     0    LOWEST  SLP 29.80 ON 21

[REMARKS]
