000
CXUS55 KTWC 300855
CF6OLS
PRELIMINARY LOCAL CLIMATOLOGICAL DATA (WS FORM: F-6)

                                          STATION:   NOGALES AZ AIRPORT
                                          MONTH:     APRIL
                                          YEAR:      2016
                                          LATITUDE:   31 25 N
                                          LONGITUDE: 110 51 W

  TEMPERATURE IN F:       :PCPN:    SNOW:  WIND      :SUNSHINE: SKY     :PK WND
================================================================================
1   2   3   4   5  6A  6B    7    8   9   10  11  12  13   14  15   16   17  18
                                     12Z  AVG MX 2MIN
DY MAX MIN AVG DEP HDD CDD  WTR  SNW DPTH SPD SPD DIR MIN PSBL S-S WX    SPD DR
================================================================================

 1  68  32  50  -8  15   0 0.00    M    M  4.7 16 310   M    M   2        24 300
 2  76  38  57  -1   8   0 0.00    M    M  6.3 16  20   M    M   0        21 350
 3  82  41  62   3   3   0 0.00    M    M  5.0 15 220   M    M   0        20 220
 4  85  42  64   5   1   0 0.00    M    M  4.3 15 200   M    M   0        22 250
 5  85  47  66   7   0   1 0.00    M    M  2.7 16 260   M    M   0        22 270
 6  90  46  68   9   0   3 0.00    M    M  4.4 15  90   M    M   0        19  80
 7  79  54  67   7   0   2 0.44    M    M  7.1 26 150   M    M   6 13     36 150
 8  74  49  62   2   3   0 0.04    M    M  9.0 25 190   M    M   M        37 160
 9  78  43  61   1   4   0 0.00    M    M  5.1 18 210   M    M   M        24 220
10  64  44  54  -6  11   0 0.25  0.0    0  8.4 26 180   M    M   M 13     35 170
11  72  39  56  -4   9   0 0.00    M    M  4.4 17 210   M    M   1        23 210
12  74  47  61   0   4   0 0.11    M    M  4.3 13 270   M    M   4 13     19 270
13  81  43  62   1   3   0 0.00    M    M  2.0 10 240   M    M   0        15 260
14  84  46  65   4   0   0 0.00    M    M  6.3 18 250   M    M   0        29 180
15  79  50  65   3   0   0 0.00    M    M 12.7 30 220   M    M   0        39 210
16  70  40  55  -7  10   0 0.00    M    M  7.1 15 350   M    M   1        23 270
17  76  39  58  -4   7   0 0.00    M    M  4.1 13 220   M    M   1        17 280
18  79  40  60  -2   5   0 0.00    M    M  5.8 16 340   M    M   0        22 330
19  82  40  61  -1   4   0 0.00    M    M  4.8 16 270   M    M   0        25 270
20  87  42  65   2   0   0 0.00    M    M  3.2 15 230   M    M   0        21 240
21  89  45  67   4   0   2 0.00    M    M  5.5 22 220   M    M   0        27 210
22  89  49  69   6   0   4 0.00    M    M  6.5 25 200   M    M   0        32 210
23  84  54  69   5   0   4 0.00    M    M 10.5 25 220   M    M   0        36 200
24  82  46  64   0   1   0 0.00    M    M  7.7 20 230   M    M   0        27 230
25  77  53  65   1   0   0 0.00    M    M 15.0 30 230   M    M   1        42 240
26  71  43  57  -7   8   0 0.00    M    M  7.6 18 250   M    M   1        25 270
27  79  38  59  -6   6   0 0.00    M    M  7.6 23 200   M    M   0        29 190
28  77  48  63  -2   2   0 0.00    M    M 13.4 36 220   M    M   0        45 200
29  74  38  56  -9   9   0 0.00    M    M  4.0 16 280   M    M   2        23 290
================================================================================
SM 2287 1276       113  16  0.84     0.0 189.5          M       19
================================================================================
AV 78.9 44.0                               6.5 FASTST   M    M   1    MAX(MPH)
                                 MISC ---->  # 36 220               # 45  200
================================================================================
NOTES:
# LAST OF SEVERAL OCCURRENCES

COLUMN 17 PEAK WIND IN M.P.H.

PRELIMINARY LOCAL CLIMATOLOGICAL DATA (WS FORM: F-6) , PAGE 2

                                          STATION:  NOGALES AZ AIRPORT
                                          MONTH:    APRIL
                                          YEAR:     2016
                                          LATITUDE:   31 25 N
                                          LONGITUDE: 110 51 W

[TEMPERATURE DATA]      [PRECIPITATION DATA]       SYMBOLS USED IN COLUMN 16

AVERAGE MONTHLY: 61.4   TOTAL FOR MONTH:   0.84    1 = FOG OR MIST
DPTR FM NORMAL:  -0.1   DPTR FM NORMAL:    0.37    2 = FOG REDUCING VISIBILITY
HIGHEST:    90 ON  6    GRTST 24HR  0.48 ON  7- 8      TO 1/4 MILE OR LESS
LOWEST:     32 ON  1                               3 = THUNDER
                        SNOW, ICE PELLETS, HAIL    4 = ICE PELLETS
                        TOTAL MONTH:   0.0 INCH    5 = HAIL
                        GRTST 24HR     0.0         6 = FREEZING RAIN OR DRIZZLE
                        GRTST DEPTH:   0           7 = DUSTSTORM OR SANDSTORM:
                                                       VSBY 1/2 MILE OR LESS
                                                   8 = SMOKE OR HAZE
[NO. OF DAYS WITH]      [WEATHER - DAYS WITH]      9 = BLOWING SNOW
                                                   X = TORNADO
MAX 32 OR BELOW:   0    0.01 INCH OR MORE:   4
MAX 90 OR ABOVE:   1    0.10 INCH OR MORE:   3
MIN 32 OR BELOW:   1    0.50 INCH OR MORE:   0
MIN  0 OR BELOW:   0    1.00 INCH OR MORE:   0

[HDD (BASE 65) ]
TOTAL THIS MO.   113    CLEAR  (SCALE 0-3)  24
DPTR FM NORMAL   -13    PTCLDY (SCALE 4-7)   2
TOTAL FM JUL 1  1916    CLOUDY (SCALE 8-10)  0
DPTR FM NORMAL  -210

[CDD (BASE 65) ]
TOTAL THIS MO.    16
DPTR FM NORMAL    -8    [PRESSURE DATA]
TOTAL FM JAN 1    20    HIGHEST SLP M ON M
DPTR FM NORMAL    -9    LOWEST  SLP 29.56 ON 15

[REMARKS]
