010
CXUS56 KOTX 271500
CF6OMK
PRELIMINARY LOCAL CLIMATOLOGICAL DATA (WS FORM: F-6)

                                          STATION:   OMAK WA AIRPORT
                                          MONTH:     AUGUST
                                          YEAR:      2016
                                          LATITUDE:   48 27 N
                                          LONGITUDE: 119 31 W

  TEMPERATURE IN F:       :PCPN:    SNOW:  WIND      :SUNSHINE: SKY     :PK WND
================================================================================
1   2   3   4   5  6A  6B    7    8   9   10  11  12  13   14  15   16   17  18
                                     12Z  AVG MX 2MIN
DY MAX MIN AVG DEP HDD CDD  WTR  SNW DPTH SPD SPD DIR MIN PSBL S-S WX    SPD DR
================================================================================

 1  87  54  71  -4   0   6 0.00    M    M  7.7 16 360   M    M   0        20  10
 2  86  55  71  -4   0   6 0.00    M    M  9.7 22 360   M    M   2 3      30  10
 3  87  47  67  -8   0   2 0.00    M    M  4.3 13 170   M    M   2        14 170
 4  91  55  73  -2   0   8 0.00    M    M  6.8 14 230   M    M   0        20 230
 5  96  55  76   1   0  11 0.00    M    M  6.9 17 130   M    M   1        26 190
 6  90  64  77   2   0  12 0.00    M    M 10.5 18 150   M    M   0        25 150
 7  85  51  68  -6   0   3 0.00    M    M  8.4 22 150   M    M   2 3      30 130
 8  79  48  64 -10   1   0 0.00    M    M  6.5 16 170   M    M   3        20 190
 9  78  47  63 -11   2   0    T    M    M  8.1 23 150   M    M   5        28 150
10  82  53  68  -6   0   3    T    M    M  4.8 16 310   M    M   3        20 300
11  91  59  75   1   0  10 0.00    M    M  9.5 21 350   M    M   2        24  10
12  94  63  79   5   0  14 0.00    M    M  7.9 16 350   M    M   2        20 360
13  97  63  80   6   0  15 0.00    M    M  7.0 16 210   M    M   0        20 220
14  97  61  79   6   0  14 0.00    M    M  7.8 17  10   M    M   0        22  10
15  97  66  82   9   0  17 0.00    M    M  9.2 20 360   M    M   0        25 340
16  98  61  80   7   0  15 0.00    M    M  7.4 15 300   M    M   0        18 300
17  98  71  85  12   0  20 0.00    M    M 14.5 22  10   M    M   0        27  10
18  93  68  81   9   0  16 0.00    M    M 17.2 33  30   M    M   0 8      39  30
19  90  57  74   2   0   9 0.00    M    M  5.8 14 300   M    M   0        17 300
20  97  53  75   3   0  10 0.00    M    M  6.0 16 160   M    M   0        22 150
21  94  52  73   1   0   8 0.00    M    M  9.7 26 290   M    M   0        35 290
22  80  50  65  -6   0   0 0.00    M    M  7.1 20  10   M    M   2        26  10
23  85  47  66  -5   0   1 0.00    M    M  8.3 21  30   M    M   0        26  40
24  89  56  73   2   0   8 0.00    M    M 10.4 22  10   M    M   0        26  10
25  90  56  73   3   0   8 0.00    M    M 10.3 22  10   M    M   0        26 360
26  91  55  73   3   0   8 0.00    M    M  4.9 16 150   M    M   0        19 150
================================================================================
SM 2342 1467         3 224    T     M    216.7          M       24
================================================================================
AV 90.1 56.4                               8.3 FASTST   M    M   1    MAX(MPH)
                                 MISC ---->  # 33  30               # 39   30
================================================================================
NOTES:
# LAST OF SEVERAL OCCURRENCES

COLUMN 17 PEAK WIND IN M.P.H.

PRELIMINARY LOCAL CLIMATOLOGICAL DATA (WS FORM: F-6) , PAGE 2

                                          STATION:  OMAK WA AIRPORT
                                          MONTH:    AUGUST
                                          YEAR:     2016
                                          LATITUDE:   48 27 N
                                          LONGITUDE: 119 31 W

[TEMPERATURE DATA]      [PRECIPITATION DATA]       SYMBOLS USED IN COLUMN 16

AVERAGE MONTHLY: 73.2   TOTAL FOR MONTH:      T    1 = FOG OR MIST
DPTR FM NORMAL:   0.1   DPTR FM NORMAL:   -0.42    2 = FOG REDUCING VISIBILITY
HIGHEST:    98 ON 17,16 GRTST 24HR    T  ON 10-10      TO 1/4 MILE OR LESS
LOWEST:     47 ON 23, 9                            3 = THUNDER
                        SNOW, ICE PELLETS, HAIL    4 = ICE PELLETS
                        TOTAL MONTH:    M          5 = HAIL
                        GRTST 24HR    M  ON   M    6 = FREEZING RAIN OR DRIZZLE
                        GRTST DEPTH:  M  ON   M    7 = DUSTSTORM OR SANDSTORM:
                                                       VSBY 1/2 MILE OR LESS
                                                   8 = SMOKE OR HAZE
[NO. OF DAYS WITH]      [WEATHER - DAYS WITH]      9 = BLOWING SNOW
                                                   X = TORNADO
MAX 32 OR BELOW:   0    0.01 INCH OR MORE:   0
MAX 90 OR ABOVE:  16    0.10 INCH OR MORE:   0
MIN 32 OR BELOW:   0    0.50 INCH OR MORE:   0
MIN  0 OR BELOW:   0    1.00 INCH OR MORE:   0

[HDD (BASE 65) ]
TOTAL THIS MO.     3    CLEAR  (SCALE 0-3)  24
DPTR FM NORMAL    -3    PTCLDY (SCALE 4-7)   2
TOTAL FM JUL 1     8    CLOUDY (SCALE 8-10)  0
DPTR FM NORMAL   -13

[CDD (BASE 65) ]
TOTAL THIS MO.   224
DPTR FM NORMAL     4    [PRESSURE DATA]
TOTAL FM JAN 1   598    HIGHEST SLP  0.00 ON  4
DPTR FM NORMAL    17    LOWEST  SLP  0.00 ON M

[REMARKS]
