000
CXUS53 KGRB 010650
CF6OSH
PRELIMINARY LOCAL CLIMATOLOGICAL DATA (WS FORM: F-6)

                                          STATION:   OSHKOSH WI
                                          MONTH:     JUNE
                                          YEAR:      2015
                                          LATITUDE:   44  0 N
                                          LONGITUDE:  88 34 W

  TEMPERATURE IN F:       :PCPN:    SNOW:  WIND      :SUNSHINE: SKY     :PK WND
================================================================================
1   2   3   4   5  6A  6B    7    8   9   10  11  12  13   14  15   16   17  18
                                     12Z  AVG MX 2MIN
DY MAX MIN AVG DEP HDD CDD  WTR  SNW DPTH SPD SPD DIR MIN PSBL S-S WX    SPD DR
================================================================================

 1  64  44  54  -8  11   0 0.00  0.0    0  6.2 13  50   M    M   0        17  50
 2  72  40  56  -7   9   0 0.00  0.0    0  5.7 15 130   M    M   0 8      20 140
 3  77  47  62  -1   3   0 0.00  0.0    0 10.3 20 190   M    M   0        22 190
 4  76  60  68   4   0   3 0.01  0.0    0  7.2 14 300   M    M   8        20 310
 5  69  55  62  -2   3   0 0.00  0.0    0 10.5 17  40   M    M   5 18     24  30
 6  73  51  62  -2   3   0 0.00  0.0    0  8.9 16 140   M    M   0        22 130
 7  81  59  70   6   0   5 0.29  0.0    0 10.1 24 180   M    M   6 1      30 190
 8  79  60  70   5   0   5    T  0.0    0  8.3 29 330   M    M   2 8      38 320
 9  85  59  72   7   0   7 0.00  0.0    0  5.9 14 200   M    M   1        18 200
10  80  62  71   5   0   6 0.00  0.0    0  9.1 18 300   M    M   0 8      23 290
11  68  57  63  -3   2   0 1.19  0.0    0  8.6 16  60   M    M   7 1      23  70
12  71  57  64  -2   1   0 0.76  0.0    0 11.9 21  40   M    M   6 1      30  40
13  67  59  63  -3   2   0 0.05  0.0    0  5.7 14 140   M    M   9 1      17 150
14  81  60  71   4   0   6 0.01  0.0    0  2.2  9  10   M    M   6 128    13 340
15  79  63  71   4   0   6 0.50  0.0    0  6.7 22 350   M    M   4 18     27 320
16  72  57  65  -2   0   0 0.00  0.0    0  7.6  9 120   M    M   0         M  M
17  77  54  66  -2   0   1 0.00  0.0    0  4.2 10 180   M    M   0        13 140
18  78  60  69   1   0   4 0.05  0.0    0  9.5 20  10   M    M   6 1      24  70
19  71  54  63  -5   2   0 0.00  0.0    0  7.1 15  80   M    M   1        19  80
20  77  48  63  -5   2   0    T  0.0    0  5.9 23 140   M    M   3        30 130
21  82  61  72   3   0   7 0.00  0.0    0  6.1 15 300   M    M   2 12     21 290
22  83  59  71   2   0   6 0.74  0.0    0  9.3 23 190   M    M   1 13     33 250
23  78  60  69   0   0   4 0.00  0.0    0  8.1 21 310   M    M   0 8      28 330
24  82  58  70   1   0   5 0.00  0.0    0  4.8 10 180   M    M   1        13 180
25  79  62  71   1   0   6 0.00  0.0    0  5.7 15  30   M    M   3        19  50
26  75  62  69  -1   0   4 0.00  0.0    0  7.5 14  40   M    M   4 18     20  50
27  78  56  67  -3   0   2 0.00  0.0    0  5.0 13  30   M    M   0 8      22  60
28  76  52  64  -6   1   0 0.00  0.0    0  6.0 13 180   M    M   3        16 210
29  77  60  69  -1   0   4 0.15  0.0    0  5.0 15 290   M    M   6 13     19 280
30  74  54  64  -6   1   0 0.00  0.0    0 10.6 17 350   M    M   6 18     22 350
================================================================================
SM 2281 1690        40  81  3.75     0.0 219.7          M       90
================================================================================
AV 76.0 56.3                               7.3 FASTST   M    M   3    MAX(MPH)
                                 MISC ---->  # 29 330               # 38  320
================================================================================
NOTES:
# LAST OF SEVERAL OCCURRENCES

COLUMN 17 PEAK WIND IN M.P.H.

PRELIMINARY LOCAL CLIMATOLOGICAL DATA (WS FORM: F-6) , PAGE 2

                                          STATION:  OSHKOSH WI
                                          MONTH:    JUNE
                                          YEAR:     2015
                                          LATITUDE:   44  0 N
                                          LONGITUDE:  88 34 W

[TEMPERATURE DATA]      [PRECIPITATION DATA]       SYMBOLS USED IN COLUMN 16

AVERAGE MONTHLY: 66.2   TOTAL FOR MONTH:   3.75    1 = FOG OR MIST
DPTR FM NORMAL:  -0.7   DPTR FM NORMAL:   -0.29    2 = FOG REDUCING VISIBILITY
HIGHEST:    85 ON  9    GRTST 24HR  1.95 ON 11-12      TO 1/4 MILE OR LESS
LOWEST:     40 ON  2                               3 = THUNDER
                        SNOW, ICE PELLETS, HAIL    4 = ICE PELLETS
                        TOTAL MONTH:   0.0 INCH    5 = HAIL
                        GRTST 24HR     0.0         6 = FREEZING RAIN OR DRIZZLE
                        GRTST DEPTH:   0           7 = DUSTSTORM OR SANDSTORM:
                                                       VSBY 1/2 MILE OR LESS
                                                   8 = SMOKE OR HAZE
[NO. OF DAYS WITH]      [WEATHER - DAYS WITH]      9 = BLOWING SNOW
                                                   X = TORNADO
MAX 32 OR BELOW:   0    0.01 INCH OR MORE:  10
MAX 90 OR ABOVE:   0    0.10 INCH OR MORE:   6
MIN 32 OR BELOW:   0    0.50 INCH OR MORE:   4
MIN  0 OR BELOW:   0    1.00 INCH OR MORE:   1

[HDD (BASE 65) ]
TOTAL THIS MO.    40    CLEAR  (SCALE 0-3)  17
DPTR FM NORMAL   -17    PTCLDY (SCALE 4-7)  12
TOTAL FM JUL 1  7706    CLOUDY (SCALE 8-10)  1
DPTR FM NORMAL   250

[CDD (BASE 65) ]
TOTAL THIS MO.    81
DPTR FM NORMAL   -32    [PRESSURE DATA]
TOTAL FM JAN 1   112    HIGHEST SLP M ON M
DPTR FM NORMAL   -26    LOWEST  SLP 29.50 ON M

[REMARKS]
#FINAL-06-15#
