000
CXUS53 KDMX 240810
CF6OTM
PRELIMINARY LOCAL CLIMATOLOGICAL DATA (WS FORM: F-6)
STATION: OTTUMWA IA
MONTH: APRIL
YEAR: 2024
LATITUDE: 41 6 N
LONGITUDE: 92 27 W
TEMPERATURE IN F: :PCPN: SNOW: WIND :SUNSHINE: SKY :PK WND
================================================================================
1 2 3 4 5 6A 6B 7 8 9 10 11 12 13 14 15 16 17 18
12Z AVG MX 2MIN
DY MAX MIN AVG DEP HDD CDD WTR SNW DPTH SPD SPD DIR MIN PSBL S-S WX SPD DR
================================================================================
1 51 42 47 1 18 0 0.26 0.0 0 14.6 22 50 M M 10 13 30 60
2 43 32 38 -8 27 0 1.44 T 0 16.7 30 320 M M 10 1 39 320
3 49 33 41 -6 24 0 0.04 T 0 22.6 39 330 M M 9 1 50 320
4 49 29 39 -8 26 0 0.00 0.0 0 13.1 25 340 M M 3 33 330
5 53 27 40 -8 25 0 0.00 0.0 0 8.1 14 100 M M 1 19 40
6 57 31 44 -4 21 0 T 0.0 0 18.4 30 120 M M 1 40 100
7 71 43 57 9 8 0 0.14 0.0 0 16.7 31 220 M M 6 1 44 200
8 69 44 57 9 8 0 0.00 0.0 0 10.8 20 230 M M 0 30 230
9 63 36 50 1 15 0 0.00 0.0 0 8.9 20 310 M M 0 28 310
10 70 41 56 7 9 0 0.00 0.0 0 4.6 10 50 M M 2 14 40
11 62 46 54 4 11 0 T 0.0 0 17.6 32 300 M M 4 43 320
12 65 42 54 4 11 0 0.00 0.0 0 14.8 29 320 M M 0 40 310
13 82 38 60 10 5 0 0.00 0.0 0 12.0 28 170 M M 0 8 36 220
14 87 58 73 22 0 8 0.00 0.0 0 11.4 22 220 M M 0 31 230
15 79 44 62 11 3 0 0.00 0.0 0 12.3 21 100 M M 0 30 100
16 75 56 66 15 0 1 0.49 0.0 0 17.3 29 210 M M 5 13 41 230
17 64 47 56 4 9 0 T 0.0 0 13.4 28 290 M M 6 39 260
18 53 40 47 -5 18 0 0.76 0.0 0 12.3 22 340 M M 7 13 27 340
19 58 32 45 -7 20 0 0.00 0.0 0 11.7 23 320 M M 0 34 310
20 46 29 38 -15 27 0 0.00 0.0 0 10.4 22 310 M M 4 29 310
21 59 28 44 -9 21 0 0.00 0.0 0 9.2 21 310 M M 0 27 300
22 67 37 52 -1 13 0 0.00 0.0 0 15.8 30 190 M M 1 8 38 200
23 70 42 56 2 9 0 0.00 0.0 0 13.3 29 310 M M 2 41 330
================================================================================
SM 1442 897 328 9 3.13 T 306.0 M 71
================================================================================
AV 62.7 39.0 13.3 FASTST M M 3 MAX(MPH)
MISC ----> 39 330 50 320
================================================================================
NOTES:
# LAST OF SEVERAL OCCURRENCES
COLUMN 17 PEAK WIND IN M.P.H.
PRELIMINARY LOCAL CLIMATOLOGICAL DATA (WS FORM: F-6) , PAGE 2
STATION: OTTUMWA IA
MONTH: APRIL
YEAR: 2024
LATITUDE: 41 6 N
LONGITUDE: 92 27 W
[TEMPERATURE DATA] [PRECIPITATION DATA] SYMBOLS USED IN COLUMN 16
AVERAGE MONTHLY: 50.8 TOTAL FOR MONTH: 3.13 1 = FOG OR MIST
DPTR FM NORMAL: 0.9 DPTR FM NORMAL: 0.44 2 = FOG REDUCING VISIBILITY
HIGHEST: 87 ON 14 GRTST 24HR 1.68 ON 1- 2 TO 1/4 MILE OR LESS
LOWEST: 27 ON 5 3 = THUNDER
SNOW, ICE PELLETS, HAIL 4 = ICE PELLETS
TOTAL MONTH: T 5 = HAIL
GRTST 24HR T ON 2- 2 6 = FREEZING RAIN OR DRIZZLE
GRTST DEPTH: 0 7 = DUSTSTORM OR SANDSTORM:
VSBY 1/2 MILE OR LESS
8 = SMOKE OR HAZE
[NO. OF DAYS WITH] [WEATHER - DAYS WITH] 9 = BLOWING SNOW
X = TORNADO
MAX 32 OR BELOW: 0 0.01 INCH OR MORE: 6
MAX 90 OR ABOVE: 0 0.10 INCH OR MORE: 5
MIN 32 OR BELOW: 7 0.50 INCH OR MORE: 2
MIN 0 OR BELOW: 0 1.00 INCH OR MORE: 1
[HDD (BASE 65) ]
TOTAL THIS MO. 328 CLEAR (SCALE 0-3) 14
DPTR FM NORMAL -25 PTCLDY (SCALE 4-7) 6
TOTAL FM JUL 1 4961 CLOUDY (SCALE 8-10) 3
DPTR FM NORMAL -934
[CDD (BASE 65) ]
TOTAL THIS MO. 9
DPTR FM NORMAL 9 [PRESSURE DATA]
TOTAL FM JAN 1 9 HIGHEST SLP M ON M
DPTR FM NORMAL 7 LOWEST SLP 29.40 ON 16
[REMARKS]