000
CXUS53 KARX 260930
CF6OVS
PRELIMINARY LOCAL CLIMATOLOGICAL DATA (WS FORM: F-6)

                                          STATION:   BOSCOBEL_(ASOS) WI
                                          MONTH:     AUGUST
                                          YEAR:      2016
                                          LATITUDE:   43  9 N
                                          LONGITUDE:  90 41 W

  TEMPERATURE IN F:       :PCPN:    SNOW:  WIND      :SUNSHINE: SKY     :PK WND
================================================================================
1   2   3   4   5  6A  6B    7    8   9   10  11  12  13   14  15   16   17  18
                                     12Z  AVG MX 2MIN
DY MAX MIN AVG DEP HDD CDD  WTR  SNW DPTH SPD SPD DIR MIN PSBL S-S WX    SPD DR
================================================================================

 1  86  61  74   2   0   9 0.02  0.0    0  2.6 12 110   M    M   5 12     16 110
 2  88  68  78   6   0  13 0.00  0.0    0  1.6  6 170   M    M   3 1       8 160
 3  91  70  81   9   0  16 0.00  0.0    0  1.2  9 180   M    M   6 12     13 210
 4  90  68  79   7   0  14 1.31  0.0    0  4.2 17 290   M    M   5 1238   25 290
 5  83  61  72   0   0   7 0.00  0.0    0  4.7 14 310   M    M   3 1      18 300
 6  84  57  71  -1   0   6 0.00  0.0    0  3.1 10 350   M    M   2 1      18  10
 7  81  59  70  -2   0   5 0.00  0.0    0  1.6  8  70   M    M   3 12     11  70
 8  85  59  72   0   0   7 0.00  0.0    0  3.0 10  70   M    M   4 12     16 100
 9  87  62  75   3   0  10 0.00  0.0    0  2.5 12 210   M    M   3 1      17 230
10  92  68  80   8   0  15 0.00  0.0    0  2.7 12 200   M    M   4 12     18 210
11  90  76  83  11   0  18 0.48  0.0    0  5.7 14 220   M    M   3 13     25 220
12  83  73  78   6   0  13 0.20  0.0    0  2.5  9 340   M    M   9 13     14 320
13  85  63  74   3   0   9 0.03  0.0    0  4.8 14 280   M    M   6 1      19 290
14  86  63  75   4   0  10 0.00  0.0    0  2.5  9 280   M    M   4 128    13 300
15  85  63  74   3   0   9 0.00  0.0    0  2.1 10  40   M    M   4 12     15  40
16  87  66  77   6   0  12 0.00  0.0    0  3.8 21 320   M    M   6 123    28 330
17  87  65  76   5   0  11 0.21  0.0    0  1.3 18 300   M    M   2 123    25 300
18  90  68  79   8   0  14 0.18  0.0    0  2.8 30 280   M    M   5 123    51 230
19  82  68  75   4   0  10 1.39  0.0    0  4.3 20 360   M    M   5 13     27 330
20  76  60  68  -3   0   3 0.03  0.0    0  6.3 20 320   M    M   6 1      27 320
21  77  52  65  -5   0   0 0.00  0.0    0  4.9 14 340   M    M   2 1      21 340
22  82  52  67  -3   0   2 0.00  0.0    0  4.7 15 180   M    M   3 12     24 180
23  84  58  71   1   0   6 1.96  0.0    0  5.4 16 200   M    M   2 13     24 200
24  88  67  78   8   0  13 1.90  0.0    0  4.1 17 330   M    M   8 13     21 320
25  80  59  70   0   0   5 0.00  0.0    0  2.3  9 250   M    M   0 12     14 230
================================================================================
SM 2129 1586         0 237  7.71     0.0  84.7          M      103
================================================================================
AV 85.2 63.4                               3.4 FASTST   M    M   4    MAX(MPH)
                                 MISC ---->  # 30 280               # 51  230
================================================================================
NOTES:
# LAST OF SEVERAL OCCURRENCES

COLUMN 17 PEAK WIND IN M.P.H.

PRELIMINARY LOCAL CLIMATOLOGICAL DATA (WS FORM: F-6) , PAGE 2

                                          STATION:  BOSCOBEL_(ASOS) WI
                                          MONTH:    AUGUST
                                          YEAR:     2016
                                          LATITUDE:   43  9 N
                                          LONGITUDE:  90 41 W

[TEMPERATURE DATA]      [PRECIPITATION DATA]       SYMBOLS USED IN COLUMN 16

AVERAGE MONTHLY: 74.3   TOTAL FOR MONTH:   7.71    1 = FOG OR MIST
DPTR FM NORMAL:   3.0   DPTR FM NORMAL:    3.94    2 = FOG REDUCING VISIBILITY
HIGHEST:    92 ON 10    GRTST 24HR  3.86 ON 23-24      TO 1/4 MILE OR LESS
LOWEST:     52 ON 22,21                            3 = THUNDER
                        SNOW, ICE PELLETS, HAIL    4 = ICE PELLETS
                        TOTAL MONTH:   0.0 INCH    5 = HAIL
                        GRTST 24HR     0.0         6 = FREEZING RAIN OR DRIZZLE
                        GRTST DEPTH:   0           7 = DUSTSTORM OR SANDSTORM:
                                                       VSBY 1/2 MILE OR LESS
                                                   8 = SMOKE OR HAZE
[NO. OF DAYS WITH]      [WEATHER - DAYS WITH]      9 = BLOWING SNOW
                                                   X = TORNADO
MAX 32 OR BELOW:   0    0.01 INCH OR MORE:  11
MAX 90 OR ABOVE:   5    0.10 INCH OR MORE:   8
MIN 32 OR BELOW:   0    0.50 INCH OR MORE:   4
MIN  0 OR BELOW:   0    1.00 INCH OR MORE:   4

[HDD (BASE 65) ]
TOTAL THIS MO.     0    CLEAR  (SCALE 0-3)  10
DPTR FM NORMAL    -3    PTCLDY (SCALE 4-7)  14
TOTAL FM JUL 1     1    CLOUDY (SCALE 8-10)  1
DPTR FM NORMAL   -10

[CDD (BASE 65) ]
TOTAL THIS MO.   237
DPTR FM NORMAL    73    [PRESSURE DATA]
TOTAL FM JAN 1   731    HIGHEST SLP M ON M
DPTR FM NORMAL   181    LOWEST  SLP 29.62 ON 20

[REMARKS]
