000
CXUS53 KARX 011605
CF6OVS
PRELIMINARY LOCAL CLIMATOLOGICAL DATA (WS FORM: F-6)

                                          STATION:   BOSCOBEL_(ASOS) WI
                                          MONTH:     SEPTEMBER
                                          YEAR:      2014
                                          LATITUDE:   43  9 N
                                          LONGITUDE:  90 41 W

  TEMPERATURE IN F:       :PCPN:    SNOW:  WIND      :SUNSHINE: SKY     :PK WND
================================================================================
1   2   3   4   5  6A  6B    7    8   9   10  11  12  13   14  15   16   17  18
                                     12Z  AVG MX 2MIN
DY MAX MIN AVG DEP HDD CDD  WTR  SNW DPTH SPD SPD DIR MIN PSBL S-S WX    SPD DR
================================================================================

 1  81  59  70   2   0   5 0.32  0.0    0  5.8 15 300   M    M   5 12     22 220
 2  81  57  69   2   0   4 0.02  0.0    0  3.6 10 240   M    M   4 12     16 260
 3  86  55  71   4   0   6 0.00  0.0    0  5.1 12 200   M    M   3 12     20 200
 4  89  72  81  14   0  16 0.43  0.0    0  6.7 22 180   M    M   7 13     32 160
 5  82  53  68   2   0   3    T  0.0    0  5.9 13 310   M    M   4        18 290
 6  79  48  64  -2   1   0 0.00  0.0    0  2.6  9 280   M    M   1 1       M  M
 7  81  52  67   1   0   2 0.00  0.0    0  2.6  9 230   M    M   3 12      M  M
 8  76  53  65   0   0   0    T  0.0    0  2.1 10 200   M    M   5 123     M  M
 9  80  60  70   5   0   5 0.26  0.0    0  3.2 10 200   M    M   5 13     15 190
10  76  50  63  -1   2   0 0.10  0.0    0 10.3 17 320   M    M   8 1      27 320
11  60  42  51 -13  14   0 0.00  0.0    0  6.1 15 350   M    M   8        20 340
12  51  41  46 -17  19   0 0.27  0.0    0  3.0 10 350   M    M   8 1      14 360
13  62  37  50 -13  15   0 0.00  0.0    0  1.2  8 230   M    M   4 12     11 230
14  70  41  56  -6   9   0 0.00  0.0    0  4.8 18 220   M    M   5 12     25 210
15  62  43  53  -9  12   0 0.27  0.0    0  2.6 14 350   M    M   6 12     17 340
16  68  43  56  -6   9   0 0.00  0.0    0  2.8 10 250   M    M   5 12     14 260
17  73  45  59  -2   6   0 0.00  0.0    0  1.3  8 310   M    M   7 12     12 210
18  71  48  60  -1   5   0 0.00  0.0    0  3.6 12  40   M    M   5 12     16  40
19  77  50  64   4   1   0 0.00  0.0    0  7.6 17 200   M    M   1 18     31 180
20  82  60  71  11   0   6 0.23  0.0    0  7.7 20 300   M    M   2 13     28 310
21  69  44  57  -2   8   0 0.00  0.0    0  6.8 15 270   M    M   4 1      23 330
22  72  44  58  -1   7   0 0.00  0.0    0  3.9 12 250   M    M   4 12     17 180
23  76  45  61   3   4   0 0.00  0.0    0  1.7 14 210   M    M   4 12     17 210
24  71  49  60   2   5   0 0.01  0.0    0  2.3  7  99   M    M   3 1       M  M
25  81  51  66   8   0   1    T  0.0    0  2.8  7 110   M    M   5 1       M  M
26  83  50  67  10   0   2 0.00  0.0    0  0.3  4 160   M    M   1 1       M  M
27  85  54  70  13   0   5 0.00  0.0    0  1.6  7 100   M    M   1 12      M  M
28  84  51  68  12   0   3 0.00  0.0    0  1.1  6 230   M    M   5 12      M  M
29  84  53  69  13   0   4    T  0.0    0  4.9 12  10   M    M   7 12     20  40
30  56  46  51  -4  14   0 0.00  0.0    0  5.6  9  90   M    M   6         M  M
================================================================================
SM 2248 1496       131  62  1.91     0.0 119.6          M      136
================================================================================
AV 74.9 49.9                               4.0 FASTST   M    M   5    MAX(MPH)
                                 MISC ---->  # 22 180               # 32  160
================================================================================
NOTES:
# LAST OF SEVERAL OCCURRENCES

COLUMN 17 PEAK WIND IN M.P.H.

PRELIMINARY LOCAL CLIMATOLOGICAL DATA (WS FORM: F-6) , PAGE 2

                                          STATION:  BOSCOBEL_(ASOS) WI
                                          MONTH:    SEPTEMBER
                                          YEAR:     2014
                                          LATITUDE:   43  9 N
                                          LONGITUDE:  90 41 W

[TEMPERATURE DATA]      [PRECIPITATION DATA]       SYMBOLS USED IN COLUMN 16

AVERAGE MONTHLY: 62.4   TOTAL FOR MONTH:   1.91    1 = FOG OR MIST
DPTR FM NORMAL:   0.7   DPTR FM NORMAL:   -1.51    2 = FOG REDUCING VISIBILITY
HIGHEST:    89 ON  4    GRTST 24HR  0.43 ON  4- 4      TO 1/4 MILE OR LESS
LOWEST:     37 ON 13                               3 = THUNDER
                        SNOW, ICE PELLETS, HAIL    4 = ICE PELLETS
                        TOTAL MONTH:   0.0 INCH    5 = HAIL
                        GRTST 24HR     0.0         6 = FREEZING RAIN OR DRIZZLE
                        GRTST DEPTH:   0           7 = DUSTSTORM OR SANDSTORM:
                                                       VSBY 1/2 MILE OR LESS
                                                   8 = SMOKE OR HAZE
[NO. OF DAYS WITH]      [WEATHER - DAYS WITH]      9 = BLOWING SNOW
                                                   X = TORNADO
MAX 32 OR BELOW:   0    0.01 INCH OR MORE:   9
MAX 90 OR ABOVE:   0    0.10 INCH OR MORE:   7
MIN 32 OR BELOW:   0    0.50 INCH OR MORE:   0
MIN  0 OR BELOW:   0    1.00 INCH OR MORE:   0

[HDD (BASE 65) ]
TOTAL THIS MO.   131    CLEAR  (SCALE 0-3)   7
DPTR FM NORMAL   -20    PTCLDY (SCALE 4-7)  23
TOTAL FM JUL 1   140    CLOUDY (SCALE 8-10)  0
DPTR FM NORMAL   -33

[CDD (BASE 65) ]
TOTAL THIS MO.    62
DPTR FM NORMAL    10    [PRESSURE DATA]
TOTAL FM JAN 1   726    HIGHEST SLP M ON M
DPTR FM NORMAL    97    LOWEST  SLP 29.63 ON  1

[REMARKS]
#FINAL-09-14#
