000
CXUS55 KPAH 280652
CF6OWB
PRELIMINARY LOCAL CLIMATOLOGICAL DATA (WS FORM: F-6)

                                          STATION:   OWENSBORO KY
                                          MONTH:     MARCH
                                          YEAR:      2017
                                          LATITUDE:   37 45 N
                                          LONGITUDE:  87 10 W

  TEMPERATURE IN F:       :PCPN:    SNOW:  WIND      :SUNSHINE: SKY     :PK WND
================================================================================
1   2   3   4   5  6A  6B    7    8   9   10  11  12  13   14  15   16   17  18
                                     12Z  AVG MX 2MIN
DY MAX MIN AVG DEP HDD CDD  WTR  SNW DPTH SPD SPD DIR MIN PSBL S-S WX    SPD DR
================================================================================

 1  70  39  55  11  10   0 1.04  0.0    0 18.1 45 220   M    M   6 13     66 230
 2  50  33  42  -2  23   0 0.02    M    0 10.9 21 340   M    M   2 1      26 330
 3  41  28  35  -9  30   0 0.03    M    0  5.5 15 310   M    M   1 1      17 330
 4  66  31  49   4  16   0 0.00  0.0    0  7.6 16 250   M    M   0        21 170
 5  67  38  53   8  12   0    T  0.0    0 10.5 25 210   M    M   4        30 210
 6  66  49  58  13   7   0 0.16  0.0    0 15.9 33 200   M    M   9 18     39 200
 7  64  41  53   7  12   0 0.83  0.0    0 11.0 33 190   M    M   6 13     39 190
 8  64  40  52   6  13   0 0.00  0.0    0  9.9 18 250   M    M   0 8      23 280
 9  74  43  59  13   6   0    T  0.0    0  7.2 17 230   M    M   1 3      24 220
10  58  37  48   1  17   0 0.00  0.0    0 12.0 25 310   M    M   2        29 310
11  40  32  36 -11  29   0 0.00  0.0    0  8.4 12  20   M    M   7        16  20
12  43  27  35 -12  30   0 0.00  0.0    0  6.4 10  90   M    M   0         M  M
13  37  32  35 -13  30   0 0.09    M    0  5.6 12  10   M    M   7 1      15 350
14  37  25  31 -17  34   0    T    M    0 12.0 23 320   M    M   7        29 350
15  38  20  29 -19  36   0 0.00  0.0    0  8.5 20 320   M    M   0        26 300
16  48  21  35 -13  30   0 0.00  0.0    0  4.9 12 200   M    M   2        16 210
17  54  41  48  -1  17   0 0.06    M    0  7.4 15 170   M    M   9 123    17 190
18  51  34  43  -6  22   0 0.00  0.0    0  9.9 21 320   M    M   6 12     28 330
19  57  29  43  -7  22   0 0.00  0.0    0  4.8  9 220   M    M   0 1      12 220
20  78  47  63  13   2   0 0.00  0.0    0  7.4 15 170   M    M   3        18 190
21  66  49  58   8   7   0 0.00  0.0    0 10.0 18  30   M    M   3        22  20
22  53  38  46  -4  19   0 0.00  0.0    0 10.9 21  50   M    M   0        28  40
23  57  35  46  -5  19   0 0.03    M    0  7.8 15 150   M    M   3        17 140
24  76  55  66  15   0   1 0.00  0.0    0 13.9 28 210   M    M   2 8      33 210
25  74  59  67  15   0   2 0.06  0.0    0 12.2 31 170   M    M   6        36 170
26  68  50  59   7   6   0 0.14  0.0    0  9.6 24 220   M    M   7 1      30 210
27  70  48  59   7   6   0 0.27  0.0    0  5.8 21 230   M    M   6 13     29 260
================================================================================
SM 1567 1021       455   3  2.73     0.0 254.1          M       99
================================================================================
AV 58.0 37.8                               9.4 FASTST   M    M   4    MAX(MPH)
                                 MISC ---->  # 45 220               # 66  230
================================================================================
NOTES:
# LAST OF SEVERAL OCCURRENCES

COLUMN 17 PEAK WIND IN M.P.H.

PRELIMINARY LOCAL CLIMATOLOGICAL DATA (WS FORM: F-6) , PAGE 2

                                          STATION:  OWENSBORO KY
                                          MONTH:    MARCH
                                          YEAR:     2017
                                          LATITUDE:   37 45 N
                                          LONGITUDE:  87 10 W

[TEMPERATURE DATA]      [PRECIPITATION DATA]       SYMBOLS USED IN COLUMN 16

AVERAGE MONTHLY: 47.9   TOTAL FOR MONTH:   2.73    1 = FOG OR MIST
DPTR FM NORMAL:   0.0   DPTR FM NORMAL:   -1.24    2 = FOG REDUCING VISIBILITY
HIGHEST:    78 ON 20    GRTST 24HR  1.04 ON  1- 1      TO 1/4 MILE OR LESS
LOWEST:     20 ON 15                               3 = THUNDER
                        SNOW, ICE PELLETS, HAIL    4 = ICE PELLETS
                        TOTAL MONTH:   0.0 INCH    5 = HAIL
                        GRTST 24HR     0.0         6 = FREEZING RAIN OR DRIZZLE
                        GRTST DEPTH:   0           7 = DUSTSTORM OR SANDSTORM:
                                                       VSBY 1/2 MILE OR LESS
                                                   8 = SMOKE OR HAZE
[NO. OF DAYS WITH]      [WEATHER - DAYS WITH]      9 = BLOWING SNOW
                                                   X = TORNADO
MAX 32 OR BELOW:   0    0.01 INCH OR MORE:  11
MAX 90 OR ABOVE:   0    0.10 INCH OR MORE:   5
MIN 32 OR BELOW:   9    0.50 INCH OR MORE:   2
MIN  0 OR BELOW:   0    1.00 INCH OR MORE:   1

[HDD (BASE 65) ]
TOTAL THIS MO.   455    CLEAR  (SCALE 0-3)  14
DPTR FM NORMAL   -10    PTCLDY (SCALE 4-7)  11
TOTAL FM JUL 1  3015    CLOUDY (SCALE 8-10)  2
DPTR FM NORMAL  -539

[CDD (BASE 65) ]
TOTAL THIS MO.     3
DPTR FM NORMAL     3    [PRESSURE DATA]
TOTAL FM JAN 1     3    HIGHEST SLP M ON M
DPTR FM NORMAL     3    LOWEST  SLP 29.64 ON  1

[REMARKS]
