000
CXUS55 KPAH 230630
CF6OWB
PRELIMINARY LOCAL CLIMATOLOGICAL DATA (WS FORM: F-6)

                                          STATION:   OWENSBORO KY
                                          MONTH:     NOVEMBER
                                          YEAR:      2017
                                          LATITUDE:   37 45 N
                                          LONGITUDE:  87 10 W

  TEMPERATURE IN F:       :PCPN:    SNOW:  WIND      :SUNSHINE: SKY     :PK WND
================================================================================
1   2   3   4   5  6A  6B    7    8   9   10  11  12  13   14  15   16   17  18
                                     12Z  AVG MX 2MIN
DY MAX MIN AVG DEP HDD CDD  WTR  SNW DPTH SPD SPD DIR MIN PSBL S-S WX    SPD DR
================================================================================

 1  62  40  51  -4  14   0 0.16    M    0  9.5 23 170   M    M  10        26 170
 2  72  60  66  11   0   1 0.00  0.0    0 12.7 22 200   M    M  10        28 190
 3  70  57  64   9   1   0 0.03  0.0    0  9.1 18 320   M    M  10 13     21 320
 4  72  56  64  10   1   0    T  0.0    0  8.2 14 210   M    M   9 18     17 210
 5  77  61  69  15   0   4 0.13  0.0    0 16.0 36 170   M    M  10 13     41 180
 6  61  50  56   2   9   0 0.08  0.0    0  9.0 20 320   M    M   9 1      23 340
 7  51  48  50  -3  15   0 0.01    M    0  9.2 16  50   M    M   8 1      20  50
 8  55  38  47  -6  18   0 0.00  0.0    0  7.5 14  20   M    M   4 8      20  60
 9  57  32  45  -7  20   0 0.00  0.0    0  5.8 15 360   M    M   0 1      21  10
10  44  32  38 -14  27   0 0.00  0.0    0  9.0 16  60   M    M   0        21  40
11  50  28  39 -13  26   0 0.00  0.0    0  5.3 12 110   M    M   0 8      14 110
12  52  41  47  -4  18   0 0.01    M    0  6.5 15 350   M    M   9 1      21 340
13  51  40  46  -5  19   0 0.00  0.0    0  6.6 14 330   M    M   6        16 330
14  57  30  44  -6  21   0 0.00  0.0    0  5.4 14 120   M    M   0 18     17 120
15  52  41  47  -3  18   0 0.14    M    0  7.8 17 220   M    M   8 12     22 190
16  46  29  38 -11  27   0 0.00  0.0    0  5.2 14 320   M    M   8 128    16 350
17  61  29  45  -4  20   0    T    M    0 10.2 20 170   M    M   8 18     30 180
18  69  40  55   7  10   0 0.30    M    0 21.0 38 320   M    M  10 13     46 320
19  43  27  35 -13  30   0 0.00  0.0    0  9.7 20 280   M    M   5        24 310
20  53  26  40  -8  25   0 0.00  0.0    0  7.2 15 180   M    M   0        18 170
21  58  35  47   0  18   0 0.00  0.0    0 11.5 21 230   M    M   1        25 330
22  42  25  34 -13  31   0 0.00  0.0    0  5.4 15 350   M    M   0 18     20 350
================================================================================
SM 1255  865       368   5  0.86     0.0 197.8          M      125
================================================================================
AV 57.1 39.3                               9.0 FASTST   M    M   6    MAX(MPH)
                                 MISC ---->  # 38 320               # 46  320
================================================================================
NOTES:
# LAST OF SEVERAL OCCURRENCES

COLUMN 17 PEAK WIND IN M.P.H.

PRELIMINARY LOCAL CLIMATOLOGICAL DATA (WS FORM: F-6) , PAGE 2

                                          STATION:  OWENSBORO KY
                                          MONTH:    NOVEMBER
                                          YEAR:     2017
                                          LATITUDE:   37 45 N
                                          LONGITUDE:  87 10 W

[TEMPERATURE DATA]      [PRECIPITATION DATA]       SYMBOLS USED IN COLUMN 16

AVERAGE MONTHLY: 48.2   TOTAL FOR MONTH:   0.86    1 = FOG OR MIST
DPTR FM NORMAL:  -3.0   DPTR FM NORMAL:   -2.03    2 = FOG REDUCING VISIBILITY
HIGHEST:    77 ON  5    GRTST 24HR  0.30 ON 18-18      TO 1/4 MILE OR LESS
LOWEST:     25 ON 22                               3 = THUNDER
                        SNOW, ICE PELLETS, HAIL    4 = ICE PELLETS
                        TOTAL MONTH:   0.0 INCH    5 = HAIL
                        GRTST 24HR     0.0         6 = FREEZING RAIN OR DRIZZLE
                        GRTST DEPTH:   0           7 = DUSTSTORM OR SANDSTORM:
                                                       VSBY 1/2 MILE OR LESS
                                                   8 = SMOKE OR HAZE
[NO. OF DAYS WITH]      [WEATHER - DAYS WITH]      9 = BLOWING SNOW
                                                   X = TORNADO
MAX 32 OR BELOW:   0    0.01 INCH OR MORE:   8
MAX 90 OR ABOVE:   0    0.10 INCH OR MORE:   4
MIN 32 OR BELOW:   9    0.50 INCH OR MORE:   0
MIN  0 OR BELOW:   0    1.00 INCH OR MORE:   0

[HDD (BASE 65) ]
TOTAL THIS MO.   368    CLEAR  (SCALE 0-3)   7
DPTR FM NORMAL    59    PTCLDY (SCALE 4-7)   5
TOTAL FM JUL 1   578    CLOUDY (SCALE 8-10) 10
DPTR FM NORMAL    57

[CDD (BASE 65) ]
TOTAL THIS MO.     5
DPTR FM NORMAL     2    [PRESSURE DATA]
TOTAL FM JAN 1  1613    HIGHEST SLP M ON M
DPTR FM NORMAL  -142    LOWEST  SLP 29.28 ON 18

[REMARKS]
