957
CXUS55 KLOX 281155
CF6OXR
PRELIMINARY LOCAL CLIMATOLOGICAL DATA (WS FORM: F-6)

                                          STATION:   OXNARD AIRPORT CA
                                          MONTH:     JULY
                                          YEAR:      2016
                                          LATITUDE:   34 12 N
                                          LONGITUDE: 119 12 W

  TEMPERATURE IN F:       :PCPN:    SNOW:  WIND      :SUNSHINE: SKY     :PK WND
================================================================================
1   2   3   4   5  6A  6B    7    8   9   10  11  12  13   14  15   16   17  18
                                     12Z  AVG MX 2MIN
DY MAX MIN AVG DEP HDD CDD  WTR  SNW DPTH SPD SPD DIR MIN PSBL S-S WX    SPD DR
================================================================================

 1  73  60  67   2   0   2 0.00  0.0    0  7.1 15 270   M    M   9 18     19 280
 2  72  64  68   3   0   3 0.00  0.0    0  5.7 14 220   M    M   5        20 180
 3  71  64  68   3   0   3 0.00  0.0    0  6.0 13 240   M    M   7        18 230
 4  73  62  68   3   0   3 0.00  0.0    0  9.4 18 280   M    M   6         M  M
 5  72  62  67   2   0   2 0.00  0.0    0  8.7 17 260   M    M   8        23 260
 6  72  61  67   2   0   2 0.00  0.0    0  6.9 16 270   M    M   7        20 270
 7  72  62  67   2   0   2 0.00  0.0    0  7.0 17 270   M    M   5 8      22 270
 8  72  60  66   1   0   1 0.00  0.0    0  8.0 20 260   M    M   6        23 280
 9  73  61  67   1   0   2 0.00  0.0    0  5.3 16 270   M    M   4        20 250
10  74  62  68   2   0   3 0.00  0.0    0  5.8 15 240   M    M   1        20 230
11  75  59  67   1   0   2 0.00  0.0    0  7.4 21 270   M    M   1        26 280
12  74  60  67   1   0   2 0.00  0.0    0  6.4 18 270   M    M   3 18     24 260
13  74  59  67   1   0   2 0.00  0.0    0  7.6 21 260   M    M   4        24 260
14  73  61  67   1   0   2 0.00  0.0    0  6.3 13 270   M    M   7 18     17 230
15  72  61  67   1   0   2 0.00  0.0    0  7.6 16 260   M    M   7 1      19 280
16  73  61  67   1   0   2 0.00  0.0    0  7.1 16 270   M    M   5        20 270
17  73  63  68   2   0   3 0.00  0.0    0  6.4 13 270   M    M   7        17 210
18  74  63  69   3   0   4 0.00  0.0    0  6.9 18 270   M    M   4        23 270
19  75  59  67   1   0   2 0.00  0.0    0  8.2 22 280   M    M   0        25 280
20  77  59  68   2   0   3 0.00  0.0    0  7.2 18 260   M    M   0        21 250
21  77  60  69   3   0   4 0.00  0.0    0  6.9 17 260   M    M   0        21 260
22  78  61  70   4   0   5 0.00  0.0    0  6.2 15 270   M    M   0        17 260
23  82  60  71   5   0   6 0.00  0.0    0  4.0 12 250   M    M   1 18     17 260
24  78  65  72   6   0   7 0.00  0.0    0  5.6 13 200   M    M   6 128    20 160
25  79  65  72   6   0   7 0.00  0.0    0  6.7 18 260   M    M   6 1      21 280
26  75  65  70   4   0   5 0.00  0.0    0  6.8 17 270   M    M   3 18     22 360
27  76  64  70   4   0   5 0.00  0.0    0  6.1 14 260   M    M   0 1      18 260
================================================================================
SM 2009 1663         0  86  0.00     0.0 183.3          M      112
================================================================================
AV 74.4 61.6                               6.8 FASTST   M    M   4    MAX(MPH)
                                 MISC ---->    22   M               # 26  280
================================================================================
NOTES:
# LAST OF SEVERAL OCCURRENCES

COLUMN 17 PEAK WIND IN M.P.H.

PRELIMINARY LOCAL CLIMATOLOGICAL DATA (WS FORM: F-6) , PAGE 2

                                          STATION:  OXNARD AIRPORT CA
                                          MONTH:    JULY
                                          YEAR:     2016
                                          LATITUDE:   34 12 N
                                          LONGITUDE: 119 12 W

[TEMPERATURE DATA]      [PRECIPITATION DATA]       SYMBOLS USED IN COLUMN 16

AVERAGE MONTHLY: 68.0   TOTAL FOR MONTH:   0.00    1 = FOG OR MIST
DPTR FM NORMAL:   2.3   DPTR FM NORMAL:   -0.03    2 = FOG REDUCING VISIBILITY
HIGHEST:    82 ON 23    GRTST 24HR  0.00 ON 27-27      TO 1/4 MILE OR LESS
LOWEST:     59 ON 20,19                            3 = THUNDER
                        SNOW, ICE PELLETS, HAIL    4 = ICE PELLETS
                        TOTAL MONTH:   0.0 INCH    5 = HAIL
                        GRTST 24HR     0.0         6 = FREEZING RAIN OR DRIZZLE
                        GRTST DEPTH:   0           7 = DUSTSTORM OR SANDSTORM:
                                                       VSBY 1/2 MILE OR LESS
                                                   8 = SMOKE OR HAZE
[NO. OF DAYS WITH]      [WEATHER - DAYS WITH]      9 = BLOWING SNOW
                                                   X = TORNADO
MAX 32 OR BELOW:   0    0.01 INCH OR MORE:   0
MAX 90 OR ABOVE:   0    0.10 INCH OR MORE:   0
MIN 32 OR BELOW:   0    0.50 INCH OR MORE:   0
MIN  0 OR BELOW:   0    1.00 INCH OR MORE:   0

[HDD (BASE 65) ]
TOTAL THIS MO.     0    CLEAR  (SCALE 0-3)  10
DPTR FM NORMAL   -27    PTCLDY (SCALE 4-7)  15
TOTAL FM JUL 1     0    CLOUDY (SCALE 8-10)  2
DPTR FM NORMAL   -27

[CDD (BASE 65) ]
TOTAL THIS MO.    86
DPTR FM NORMAL    45    [PRESSURE DATA]
TOTAL FM JAN 1   177    HIGHEST SLP M ON M
DPTR FM NORMAL   115    LOWEST  SLP 29.75 ON 23

[REMARKS]
