000
CXUS55 KRIW 010901
CF6P60
PRELIMINARY LOCAL CLIMATOLOGICAL DATA (WS FORM: F-6)

                                          STATION:   LAKE YELLOWSTONE WY
                                          MONTH:     FEBRUARY
                                          YEAR:      2015
                                          LATITUDE:   44 32 N
                                          LONGITUDE: 110 25 W

  TEMPERATURE IN F:       :PCPN:    SNOW:  WIND      :SUNSHINE: SKY     :PK WND
================================================================================
1   2   3   4   5  6A  6B    7    8   9   10  11  12  13   14  15   16   17  18
                                     12Z  AVG MX 2MIN
DY MAX MIN AVG DEP HDD CDD  WTR  SNW DPTH SPD SPD DIR MIN PSBL S-S WX    SPD DR
================================================================================

 1  24   0  12  -1  53   0 0.09    M    M  1.2  7 110   M    M   0        12 250
 2  30  18  24  11  41   0 0.07    M    M  5.4 13 270   M    M   0        22 290
 3  30  25  28  15  37   0 0.07    M    M  5.0 14 280   M    M   0        25 260
 4  31  19  25  12  40   0 0.05    M    M  2.6 12 290   M    M   0        17 280
 5  41  25  33  20  32   0 0.00    M    M  5.1 14 250   M    M   0        24 290
 6  46  19  33  20  32   0 0.00    M    M  3.6 12 250   M    M   0        24 240
 7  40  31  36  23  29   0 0.12    M    M  5.8 17 270   M    M   0        30 270
 8  40  22  31  18  34   0 0.00    M    M  4.1 15 270   M    M   0        26 280
 9  37  22  30  17  35   0 0.26    M    M  3.0 13 270   M    M   0        23 250
10  35  25  30  16  35   0 0.08    M    M  3.0 12 270   M    M   0        17 260
11  35  18  27  13  38   0 0.00  0.0    M  1.4  8 280   M    M   0        12 220
12  41  19  30  16  35   0 0.00  0.0    M  1.9 13 290   M    M   0        18 280
13  43   9  26  12  39   0 0.00  0.0    M  0.8  8 110   M    M   0        10 110
14  47  14  31  17  34   0 0.00  0.0    M  1.4 10 280   M    M   0        17 220
15  34   8  21   6  44   0 0.03    M    M  4.7 12 300   M    M   0        18 320
16  25   0  13  -2  52   0 0.00  0.0    M  2.5 13 290   M    M   0        21 280
17  27  -6  11  -4  54   0 0.00  0.0    M  2.1 16 290   M    M   0        23 290
18  40  16  28  13  37   0 0.00  0.0    M  2.1 13 280   M    M   0        19 270
19  41  10  26  10  39   0 0.00  0.0    M  2.6 10 280   M    M   0        22 260
20  32  13  23   7  42   0 0.02    M    M  3.4 12 330   M    M   0        20 310
21  20  -1  10  -6  55   0 0.05    M    M  4.6 12 340   M    M   0        21  40
22  16 -22  -3 -19  68   0 0.00  0.0    M  1.9  8 130   M    M   0        13 150
23  23 -27  -2 -19  67   0 0.00  0.0    M  0.9  5 120   M    M   0         7 120
24  38   1  20   3  45   0 0.00  0.0    M  2.6 13 280   M    M   0        22 270
25  28   1  15  -2  50   0 0.02    M    M  3.9 14 330   M    M   0        26  20
26  23  -9   7 -11  58   0 0.00  0.0    M  2.1 10 300   M    M   0        19 260
27  21 -13   4 -14  61   0 0.00  0.0    M  1.1  6 320   M    M   0         9  70
28  23 -15   4 -14  61   0 0.00  0.0    M  2.1  9  70   M    M   0        13  60
================================================================================
SM  911  222      1247   0  0.86     0.0  80.9          M        0
================================================================================
AV 32.5  7.9                               2.9 FASTST   M    M   0    MAX(MPH)
                                 MISC ---->  # 17 270               # 30  270
================================================================================
NOTES:
# LAST OF SEVERAL OCCURRENCES

COLUMN 17 PEAK WIND IN M.P.H.

PRELIMINARY LOCAL CLIMATOLOGICAL DATA (WS FORM: F-6) , PAGE 2

                                          STATION:  LAKE YELLOWSTONE WY
                                          MONTH:    FEBRUARY
                                          YEAR:     2015
                                          LATITUDE:   44 32 N
                                          LONGITUDE: 110 25 W

[TEMPERATURE DATA]      [PRECIPITATION DATA]       SYMBOLS USED IN COLUMN 16

AVERAGE MONTHLY: 20.2   TOTAL FOR MONTH:   0.86    1 = FOG OR MIST
DPTR FM NORMAL:   5.4   DPTR FM NORMAL:   -0.55    2 = FOG REDUCING VISIBILITY
HIGHEST:    47 ON 14    GRTST 24HR  0.30 ON  9-10      TO 1/4 MILE OR LESS
LOWEST:    -27 ON 23                               3 = THUNDER
                        SNOW, ICE PELLETS, HAIL    4 = ICE PELLETS
                        TOTAL MONTH:   0.0 INCH    5 = HAIL
                        GRTST 24HR     0.0         6 = FREEZING RAIN OR DRIZZLE
                        GRTST DEPTH:  M  ON   M    7 = DUSTSTORM OR SANDSTORM:
                                                       VSBY 1/2 MILE OR LESS
                                                   8 = SMOKE OR HAZE
[NO. OF DAYS WITH]      [WEATHER - DAYS WITH]      9 = BLOWING SNOW
                                                   X = TORNADO
MAX 32 OR BELOW:  14    0.01 INCH OR MORE:  11
MAX 90 OR ABOVE:   0    0.10 INCH OR MORE:   2
MIN 32 OR BELOW:  28    0.50 INCH OR MORE:   0
MIN  0 OR BELOW:   9    1.00 INCH OR MORE:   0

[HDD (BASE 65) ]
TOTAL THIS MO.  1247    CLEAR  (SCALE 0-3)  28
DPTR FM NORMAL  -159    PTCLDY (SCALE 4-7)   0
TOTAL FM JUL 1  7564    CLOUDY (SCALE 8-10)  0
DPTR FM NORMAL  -373

[CDD (BASE 65) ]
TOTAL THIS MO.     0
DPTR FM NORMAL     0    [PRESSURE DATA]
TOTAL FM JAN 1     0    HIGHEST SLP M ON M
DPTR FM NORMAL     0    LOWEST  SLP 29.81 ON  7

[REMARKS]
#FINAL-02-15#
