000
CXUS56 KLKN 261009
CF6P68
PRELIMINARY LOCAL CLIMATOLOGICAL DATA (WS FORM: F-6)

                                          STATION:   EUREKA AIRPORT NV
                                          MONTH:     JANUARY
                                          YEAR:      2015
                                          LATITUDE:   39 30 N
                                          LONGITUDE: 115 58 W

  TEMPERATURE IN F:       :PCPN:    SNOW:  WIND      :SUNSHINE: SKY     :PK WND
================================================================================
1   2   3   4   5  6A  6B    7    8   9   10  11  12  13   14  15   16   17  18
                                     12Z  AVG MX 2MIN
DY MAX MIN AVG DEP HDD CDD  WTR  SNW DPTH SPD SPD DIR MIN PSBL S-S WX    SPD DR
================================================================================

 1  27  -9   9 -14  56   0 0.00    M    M  2.5  8 200   M    M   M         9 200
 2  35  -2  17  -6  48   0 0.00    M    M  4.5  9 200   M    M   M        11 210
 3  41   9  25   2  40   0 0.00    M    M  5.8 13 200   M    M   M        13 200
 4  47  11  29   6  36   0 0.00    M    M  5.8 12 220   M    M   M        14 230
 5  46  24  35  12  30   0 0.00    M    M  5.5 13 200   M    M   M        14 200
 6  51  23  37  14  28   0 0.00    M    M  4.1  9 220   M    M   M        14 220
 7  53  24  39  16  26   0 0.00    M    M  3.1  8 180   M    M   M        11 220
 8  54  22  38  15  27   0 0.00    M    M  4.3 12 210   M    M   M        14 210
 9  52  24  38  15  27   0 0.00    M    M  3.0  9 200   M    M   M        14 200
10  49  32  41  18  24   0 0.00    M    M  5.1 10 200   M    M   M        11 200
11  49  31  40  17  25   0 0.00    M    M  3.8 10 200   M    M   M        14 210
12  38  29  34  11  31   0 0.23    M    M  5.3 13 360   M    M   M        15  10
13  34  29  32   9  33   0 0.00    M    M  3.6  9 360   M    M   M        13 330
14  39  21  30   7  35   0 0.00    M    M  2.3  7 200   M    M   M         9  10
15  48  18  33   9  32   0 0.00    M    M  4.7  9 180   M    M   M        10 190
16  50  27  39  15  26   0 0.00    M    M  3.9 12 190   M    M   M        13 180
17  53  24  39  15  26   0 0.00    M    M  4.9 13 200   M    M   M        14 210
18  55  31  43  19  22   0 0.00    M    M  5.5 13 200   M    M   M        14 210
19  54  26  40  16  25   0 0.00    M    M  6.9 16 320   M    M   M        21 310
20  41  21  31   7  34   0 0.00    M    M  3.5 10 340   M    M   M        14 340
21  39  15  27   3  38   0 0.00    M    M  3.6 10 340   M    M   M        14 340
22  45  11  28   4  37   0 0.00    M    M  4.1  9 210   M    M   M        11 210
23  46  16  31   7  34   0 0.00    M    M  5.3 15  20   M    M   M        24  10
24  50  15  33   9  32   0 0.00  0.0    0  4.6 10 230   M    M   0        12  30
25  57  21  39  14  26   0 0.00    M    M  3.9 12 200   M    M   M        14  10
================================================================================
SM 1153  493       798   0  0.23     0.0 109.6          M        0
================================================================================
AV 46.1 19.7                               4.4 FASTST   M    M   0    MAX(MPH)
                                 MISC ---->  # 16 320               # 24   10
================================================================================
NOTES:
# LAST OF SEVERAL OCCURRENCES

COLUMN 17 PEAK WIND IN M.P.H.

PRELIMINARY LOCAL CLIMATOLOGICAL DATA (WS FORM: F-6) , PAGE 2

                                          STATION:  EUREKA AIRPORT NV
                                          MONTH:    JANUARY
                                          YEAR:     2015
                                          LATITUDE:   39 30 N
                                          LONGITUDE: 115 58 W

[TEMPERATURE DATA]      [PRECIPITATION DATA]       SYMBOLS USED IN COLUMN 16

AVERAGE MONTHLY: 32.9   TOTAL FOR MONTH:   0.23    1 = FOG OR MIST
DPTR FM NORMAL:   9.4   DPTR FM NORMAL:   -0.36    2 = FOG REDUCING VISIBILITY
HIGHEST:    57 ON 25    GRTST 24HR  0.23 ON 12-12      TO 1/4 MILE OR LESS
LOWEST:     -9 ON  1                               3 = THUNDER
                        SNOW, ICE PELLETS, HAIL    4 = ICE PELLETS
                        TOTAL MONTH:   0.0 INCH    5 = HAIL
                        GRTST 24HR     0.0         6 = FREEZING RAIN OR DRIZZLE
                        GRTST DEPTH:   0           7 = DUSTSTORM OR SANDSTORM:
                                                       VSBY 1/2 MILE OR LESS
                                                   8 = SMOKE OR HAZE
[NO. OF DAYS WITH]      [WEATHER - DAYS WITH]      9 = BLOWING SNOW
                                                   X = TORNADO
MAX 32 OR BELOW:   1    0.01 INCH OR MORE:   1
MAX 90 OR ABOVE:   0    0.10 INCH OR MORE:   1
MIN 32 OR BELOW:  25    0.50 INCH OR MORE:   0
MIN  0 OR BELOW:   2    1.00 INCH OR MORE:   0

[HDD (BASE 65) ]
TOTAL THIS MO.   798    CLEAR  (SCALE 0-3)   1
DPTR FM NORMAL  -241    PTCLDY (SCALE 4-7)   0
TOTAL FM JUL 1  3150    CLOUDY (SCALE 8-10)  0
DPTR FM NORMAL  -895

[CDD (BASE 65) ]
TOTAL THIS MO.     0
DPTR FM NORMAL     0    [PRESSURE DATA]
TOTAL FM JAN 1     0    HIGHEST SLP M ON M
DPTR FM NORMAL     0    LOWEST  SLP 30.05 ON 10

[REMARKS]
