000
CXUS53 KPAH 270634
CF6PAH
PRELIMINARY LOCAL CLIMATOLOGICAL DATA (WS FORM: F-6)

                                          STATION:   PADUCAH KY
                                          MONTH:     APRIL
                                          YEAR:      2017
                                          LATITUDE:   37  4 N
                                          LONGITUDE:  88 46 W

  TEMPERATURE IN F:       :PCPN:    SNOW:  WIND      :SUNSHINE: SKY     :PK WND
================================================================================
1   2   3   4   5  6A  6B    7    8   9   10  11  12  13   14  15   16   17  18
                                     12Z  AVG MX 2MIN
DY MAX MIN AVG DEP HDD CDD  WTR  SNW DPTH SPD SPD DIR MIN PSBL S-S WX    SPD DR
================================================================================

 1  63  45  54   1  11   0 0.00  0.0    0  7.2 14  60   M    M   5 18     16  60
 2  73  42  58   4   7   0 0.02  0.0    0  6.1 14  80   M    M   1        17 110
 3  71  58  65  11   0   0 0.08  0.0    0 10.4 23 250   M    M   4 3      32 240
 4  77  54  66  12   0   1 0.00  0.0    0  7.0 13 260   M    M   0        22 220
 5  74  43  59   4   6   0 0.09  0.0    0 14.8 33 250   M    M   7 13     43 250
 6  64  43  54  -1  11   0 0.06  0.0    0 13.4 25 310   M    M   5        33 330
 7  64  39  52  -3  13   0 0.00  0.0    0  6.2 17 350   M    M   0        22 340
 8  73  38  56   0   9   0 0.00  0.0    0  6.6 15 220   M    M   0        23 160
 9  79  58  69  13   0   4 0.00  0.0    0 10.4 23 230   M    M   0        34 220
10  78  64  71  15   0   6 0.00  0.0    0 10.4 20 210   M    M   4        29 230
11  70  48  59   3   6   0    T    M    0  5.3 12 350   M    M   5 13     15 220
12  76  42  59   2   6   0 0.00  0.0    0  4.0 14  80   M    M   0 128    16  80
13  83  47  65   8   0   0 0.00  0.0    0  2.7 10 250   M    M   0        13 230
14  85  57  71  13   0   6 0.00  0.0    0  4.0 14 210   M    M   2        18 180
15  84  65  75  17   0  10 0.00  0.0    0  7.4 21 210   M    M   2        30 230
16  84  61  73  15   0   8 1.18  0.0    0  7.1 33 280   M    M   6 123    47 270
17  69  58  64   6   1   0 0.16  0.0    0  6.0 15  50   M    M   9 18     19  70
18  78  56  67   8   0   2 0.03  0.0    0  4.8 13 160   M    M   8        16 160
19  84  64  74  15   0   9 0.00  0.0    0  6.4 18 160   M    M   2 1      24 150
20  80  65  73  13   0   8 0.37  0.0    0  8.6 24 250   M    M   3 13     30 260
21  66  51  59  -1   6   0 0.41  0.0    0  9.4 16  40   M    M   9 13     21  10
22  57  48  53  -7  12   0 0.84  0.0    0 12.9 21  30   M    M  10 13     29  40
23  70  47  59  -1   6   0 0.04  0.0    0 12.5 25  40   M    M   5        31  50
24  78  47  63   2   2   0 0.00  0.0    0  5.4 14  20   M    M   0        18  40
25  79  56  68   7   0   3 0.00  0.0    0  7.6 17 170   M    M   0        23 150
26  81  58  70   9   0   5 1.53  0.0    0  9.2 37 260   M    M   5 13     48 270
================================================================================
SM 1940 1354        96  62  4.81     0.0 205.8          M       92
================================================================================
AV 74.6 52.1                               7.9 FASTST   M    M   4    MAX(MPH)
                                 MISC ---->  # 37 260               # 48  270
================================================================================
NOTES:
# LAST OF SEVERAL OCCURRENCES

COLUMN 17 PEAK WIND IN M.P.H.

PRELIMINARY LOCAL CLIMATOLOGICAL DATA (WS FORM: F-6) , PAGE 2

                                          STATION:  PADUCAH KY
                                          MONTH:    APRIL
                                          YEAR:     2017
                                          LATITUDE:   37  4 N
                                          LONGITUDE:  88 46 W

[TEMPERATURE DATA]      [PRECIPITATION DATA]       SYMBOLS USED IN COLUMN 16

AVERAGE MONTHLY: 63.4   TOTAL FOR MONTH:   4.81    1 = FOG OR MIST
DPTR FM NORMAL:   6.0   DPTR FM NORMAL:    0.73    2 = FOG REDUCING VISIBILITY
HIGHEST:    85 ON 14    GRTST 24HR  1.53 ON 26-26      TO 1/4 MILE OR LESS
LOWEST:     38 ON  8                               3 = THUNDER
                        SNOW, ICE PELLETS, HAIL    4 = ICE PELLETS
                        TOTAL MONTH:   0.0 INCH    5 = HAIL
                        GRTST 24HR     0.0         6 = FREEZING RAIN OR DRIZZLE
                        GRTST DEPTH:   0           7 = DUSTSTORM OR SANDSTORM:
                                                       VSBY 1/2 MILE OR LESS
                                                   8 = SMOKE OR HAZE
[NO. OF DAYS WITH]      [WEATHER - DAYS WITH]      9 = BLOWING SNOW
                                                   X = TORNADO
MAX 32 OR BELOW:   0    0.01 INCH OR MORE:  12
MAX 90 OR ABOVE:   0    0.10 INCH OR MORE:   6
MIN 32 OR BELOW:   0    0.50 INCH OR MORE:   3
MIN  0 OR BELOW:   0    1.00 INCH OR MORE:   2

[HDD (BASE 65) ]
TOTAL THIS MO.    96    CLEAR  (SCALE 0-3)  13
DPTR FM NORMAL  -129    PTCLDY (SCALE 4-7)  10
TOTAL FM JUL 1  3011    CLOUDY (SCALE 8-10)  3
DPTR FM NORMAL -1033

[CDD (BASE 65) ]
TOTAL THIS MO.    62
DPTR FM NORMAL    32    [PRESSURE DATA]
TOTAL FM JAN 1    63    HIGHEST SLP M ON M
DPTR FM NORMAL    26    LOWEST  SLP 29.39 ON  5

[REMARKS]
