000
CXUS53 KPAH 190819
CF6PAH
PRELIMINARY LOCAL CLIMATOLOGICAL DATA (WS FORM: F-6)

                                          STATION:   PADUCAH KY
                                          MONTH:     NOVEMBER
                                          YEAR:      2017
                                          LATITUDE:   37  4 N
                                          LONGITUDE:  88 46 W

  TEMPERATURE IN F:       :PCPN:    SNOW:  WIND      :SUNSHINE: SKY     :PK WND
================================================================================
1   2   3   4   5  6A  6B    7    8   9   10  11  12  13   14  15   16   17  18
                                     12Z  AVG MX 2MIN
DY MAX MIN AVG DEP HDD CDD  WTR  SNW DPTH SPD SPD DIR MIN PSBL S-S WX    SPD DR
================================================================================

 1  65  42  54   0  11   0 0.29    M    0  8.9 16 170   M    M  10        24 160
 2  78  64  71  17   0   6 0.00  0.0    0  9.1 16 170   M    M   7        26 170
 3  73  57  65  12   0   0 0.69  0.0    0  8.4 22 360   M    M  10 138    26 360
 4  72  58  65  12   0   0 0.00  0.0    0  5.9 13 220   M    M  10 128    20 180
 5  75  57  66  14   0   1 0.64  0.0    0 11.0 29 260   M    M   9 13     40 270
 6  57  52  55   3  10   0 0.75  0.0    0  9.8 18  20   M    M  10 18     22  20
 7  53  48  51  -1  14   0 0.01    M    0  9.4 17  30   M    M  10 1      22  30
 8  56  38  47  -4  18   0    T    M    0  7.6 15 360   M    M   4 18     20 340
 9  60  32  46  -5  19   0 0.00  0.0    0  3.8 17  30   M    M   0 18     23  30
10  48  31  40 -11  25   0 0.00  0.0    0  9.3 17  20   M    M   0        21  30
11  54  29  42  -8  23   0 0.00  0.0    0  3.7  8 100   M    M   0        11 100
12  59  45  52   2  13   0    T  0.0    0  4.6 14 350   M    M  10        17 350
13  50  35  43  -6  22   0 0.00  0.0    0  6.2 15  20   M    M   6 1      19  10
14  59  30  45  -4  20   0 0.00  0.0    0  3.1 13 110   M    M   4 128    16 110
15  56  48  52   4  13   0 0.31    M    0  7.1 15 220   M    M  10 123    21 220
16  51  33  42  -6  23   0 0.00  0.0    0  5.2 13  10   M    M   3 128    14  50
17  67  30  49   1  16   0 0.00  0.0    0  9.3 18 180   M    M   5 18     32 160
18  71  42  57  10   8   0 0.68    M    0 13.3 36 300   M    M   8 123    48 310
================================================================================
SM 1104  771       235   7  3.37     0.0 135.7          M      116
================================================================================
AV 61.3 42.8                               7.5 FASTST   M    M   6    MAX(MPH)
                                 MISC ---->  # 36 300               # 48  310
================================================================================
NOTES:
# LAST OF SEVERAL OCCURRENCES

COLUMN 17 PEAK WIND IN M.P.H.

PRELIMINARY LOCAL CLIMATOLOGICAL DATA (WS FORM: F-6) , PAGE 2

                                          STATION:  PADUCAH KY
                                          MONTH:    NOVEMBER
                                          YEAR:     2017
                                          LATITUDE:   37  4 N
                                          LONGITUDE:  88 46 W

[TEMPERATURE DATA]      [PRECIPITATION DATA]       SYMBOLS USED IN COLUMN 16

AVERAGE MONTHLY: 52.1   TOTAL FOR MONTH:   3.37    1 = FOG OR MIST
DPTR FM NORMAL:   1.4   DPTR FM NORMAL:    0.95    2 = FOG REDUCING VISIBILITY
HIGHEST:    78 ON  2    GRTST 24HR  0.75 ON  6- 6      TO 1/4 MILE OR LESS
LOWEST:     29 ON 11                               3 = THUNDER
                        SNOW, ICE PELLETS, HAIL    4 = ICE PELLETS
                        TOTAL MONTH:   0.0 INCH    5 = HAIL
                        GRTST 24HR     0.0         6 = FREEZING RAIN OR DRIZZLE
                        GRTST DEPTH:   0           7 = DUSTSTORM OR SANDSTORM:
                                                       VSBY 1/2 MILE OR LESS
                                                   8 = SMOKE OR HAZE
[NO. OF DAYS WITH]      [WEATHER - DAYS WITH]      9 = BLOWING SNOW
                                                   X = TORNADO
MAX 32 OR BELOW:   0    0.01 INCH OR MORE:   7
MAX 90 OR ABOVE:   0    0.10 INCH OR MORE:   6
MIN 32 OR BELOW:   5    0.50 INCH OR MORE:   4
MIN  0 OR BELOW:   0    1.00 INCH OR MORE:   0

[HDD (BASE 65) ]
TOTAL THIS MO.   235    CLEAR  (SCALE 0-3)   4
DPTR FM NORMAL   -27    PTCLDY (SCALE 4-7)   6
TOTAL FM JUL 1   444    CLOUDY (SCALE 8-10)  8
DPTR FM NORMAL   -85

[CDD (BASE 65) ]
TOTAL THIS MO.     7
DPTR FM NORMAL     7    [PRESSURE DATA]
TOTAL FM JAN 1  1692    HIGHEST SLP M ON M
DPTR FM NORMAL   154    LOWEST  SLP 29.28 ON 18

[REMARKS]
