000
CXUS54 KLZK 241130
CF6PBF
PRELIMINARY LOCAL CLIMATOLOGICAL DATA (WS FORM: F-6)

                                          STATION:   Pine Bluff
                                          MONTH:     MARCH
                                          YEAR:      2017
                                          LATITUDE:   34 10 N
                                          LONGITUDE:  91 56 W

  TEMPERATURE IN F:       :PCPN:    SNOW:  WIND      :SUNSHINE: SKY     :PK WND
================================================================================
1   2   3   4   5  6A  6B    7    8   9   10  11  12  13   14  15   16   17  18
                                     12Z  AVG MX 2MIN
DY MAX MIN AVG DEP HDD CDD  WTR  SNW DPTH SPD SPD DIR MIN PSBL S-S WX    SPD DR
================================================================================

 1  73  46  60  10   5   0    T    M    0 12.7 26 310   M    M   3        34 300
 2  58  39  49  -1  16   0 0.00  0.0    0  5.9 16  30   M    M   0        20 360
 3  61  37  49  -1  16   0 0.00  0.0    0  6.0 13  90   M    M   0        18  90
 4  69  38  54   3  11   0 0.00  0.0    0  6.9 17 190   M    M   1        22 160
 5  63  49  56   5   9   0 0.17  0.0    0 10.8 21 130   M    M   9 1      25 130
 6  73  56  65  14   0   0 0.15  0.0    0 16.8 28 170   M    M  10 1      35 180
 7  68  44  56   4   9   0 1.01    M    0 10.3 35 360   M    M   8 13     42 360
 8  69  38  54   2  11   0 0.00  0.0    0  6.0 16 130   M    M   0        20 120
 9  70  49  60   8   5   0 0.00  0.0    0  7.7 17 210   M    M   6        22 210
10  66  45  56   3   9   0 0.06    M    0 12.8 28  10   M    M   1 13     35  10
11  47  36  42 -11  23   0 0.07  0.0    0 12.7 22  20   M    M  10 3      27  20
12  52  33  43 -10  22   0 0.00  0.0    0  9.7 24  30   M    M   1        30  10
13  53  35  44 -10  21   0 0.20  0.0    0  8.1 23 340   M    M   6 1      31 340
14  46  36  41 -13  24   0 0.00  0.0    0 10.6 16 340   M    M   9        21 340
15  45  30  38 -16  27   0 0.00  0.0    0  7.8 17  50   M    M   2        23  50
16  53  38  46  -8  19   0    T    M    0  8.6 14 130   M    M   9        18 160
17  74  53  64   9   1   0 0.00  0.0    0 10.6 25 200   M    M  10        32 210
18  76  54  65  10   0   0 0.00  0.0    0  5.2 18  20   M    M   3        24  10
19  78  50  64   9   1   0 0.00  0.0    0  6.5 15 110   M    M   3        18 120
20  86  60  73  17   0   8 0.00  0.0    0  9.9 21 240   M    M   1        29 250
21  87  57  72  16   0   7 0.00  0.0    0  9.4 21  30   M    M   0        29  30
22  66  50  58   2   7   0 0.00  0.0    0 10.7 18  30   M    M   3        25  40
23  84  49  67  11   0   2 0.00  0.0    0  9.1 20 180   M    M   2        26 150
================================================================================
SM 1517 1022       236  17  1.66     0.0 214.8          M       97
================================================================================
AV 66.0 44.4                               9.3 FASTST   M    M   4    MAX(MPH)
                                 MISC ---->  # 35 360               # 42  360
================================================================================
NOTES:
# LAST OF SEVERAL OCCURRENCES

COLUMN 17 PEAK WIND IN M.P.H.

PRELIMINARY LOCAL CLIMATOLOGICAL DATA (WS FORM: F-6) , PAGE 2

                                          STATION:  Pine Bluff
                                          MONTH:    MARCH
                                          YEAR:     2017
                                          LATITUDE:   34 10 N
                                          LONGITUDE:  91 56 W

[TEMPERATURE DATA]      [PRECIPITATION DATA]       SYMBOLS USED IN COLUMN 16

AVERAGE MONTHLY: 55.2   TOTAL FOR MONTH:   1.66    1 = FOG OR MIST
DPTR FM NORMAL:   2.0   DPTR FM NORMAL:   -2.40    2 = FOG REDUCING VISIBILITY
HIGHEST:    87 ON 21    GRTST 24HR  1.01 ON  7- 7      TO 1/4 MILE OR LESS
LOWEST:     30 ON 15                               3 = THUNDER
                        SNOW, ICE PELLETS, HAIL    4 = ICE PELLETS
                        TOTAL MONTH:   0.0 INCH    5 = HAIL
                        GRTST 24HR     0.0         6 = FREEZING RAIN OR DRIZZLE
                        GRTST DEPTH:   0           7 = DUSTSTORM OR SANDSTORM:
                                                       VSBY 1/2 MILE OR LESS
                                                   8 = SMOKE OR HAZE
[NO. OF DAYS WITH]      [WEATHER - DAYS WITH]      9 = BLOWING SNOW
                                                   X = TORNADO
MAX 32 OR BELOW:   0    0.01 INCH OR MORE:   6
MAX 90 OR ABOVE:   0    0.10 INCH OR MORE:   4
MIN 32 OR BELOW:   1    0.50 INCH OR MORE:   1
MIN  0 OR BELOW:   0    1.00 INCH OR MORE:   1

[HDD (BASE 65) ]
TOTAL THIS MO.   236    CLEAR  (SCALE 0-3)  14
DPTR FM NORMAL   -46    PTCLDY (SCALE 4-7)   3
TOTAL FM JUL 1  1947    CLOUDY (SCALE 8-10)  6
DPTR FM NORMAL  -723

[CDD (BASE 65) ]
TOTAL THIS MO.    17
DPTR FM NORMAL     9    [PRESSURE DATA]
TOTAL FM JAN 1    38    HIGHEST SLP M ON M
DPTR FM NORMAL    27    LOWEST  SLP 29.57 ON  1

[REMARKS]
ALL SNOWFALL DATA IS FROM THE PINE BLUFF WATER PLANT SITE
