000
CXUS56 KPQR 211200
CF6PDX
PRELIMINARY LOCAL CLIMATOLOGICAL DATA (WS FORM: F-6)

                                          STATION:   PORTLAND OR
                                          MONTH:     SEPTEMBER
                                          YEAR:      2017
                                          LATITUDE:   45 35 N
                                          LONGITUDE: 122 36 W

  TEMPERATURE IN F:       :PCPN:    SNOW:  WIND      :SUNSHINE: SKY     :PK WND
================================================================================
1   2   3   4   5  6A  6B    7    8   9   10  11  12  13   14  15   16   17  18
                                     12Z  AVG MX 2MIN
DY MAX MIN AVG DEP HDD CDD  WTR  SNW DPTH SPD SPD DIR MIN PSBL S-S WX    SPD DR
================================================================================

 1  92  59  76   8   0  11 0.00  0.0    0  5.2 17 310   M    M   0        21 320
 2  98  60  79  11   0  14 0.00  0.0    0  4.4 15 320   M    M   1        18 320
 3  95  63  79  12   0  14 0.00  0.0    0  2.8  8 240   M    M   6 8      11 270
 4  91  62  77  10   0  12 0.00  0.0    0  2.5  9 270   M    M   7 8      11 280
 5  91  66  79  12   0  14 0.00  0.0    0  3.1 10 300   M    M  10 8      11 310
 6  82  65  74   7   0   9 0.00  0.0    0  5.5 14 120   M    M  10 8      16 110
 7  83  66  75   8   0  10 0.00  0.0    0  5.8 17 280   M    M   8 8      21 270
 8  76  65  71   5   0   6 0.00  0.0    0  3.9 10 310   M    M   9        13 340
 9  80  63  72   6   0   7 0.15  0.0    0  5.5 18 300   M    M   9 1      23 330
10  77  58  68   2   0   3 0.00  0.0    0  7.0 14 290   M    M   4        17 290
11  91  56  74   8   0   9 0.00  0.0    0  7.1 17 320   M    M   1        24 330
12  86  59  73   7   0   8 0.00  0.0    0  6.4 17 320   M    M   3        23 330
13  75  52  64  -1   1   0 0.00  0.0    0  5.3 13 330   M    M   5        21 330
14  74  56  65   0   0   0 0.00  0.0    0  4.8 13 320   M    M   7 8      16 310
15  80  49  65   0   0   0 0.00  0.0    0  2.4  9 310   M    M   4 8      14 320
16  77  54  66   1   0   1 0.00  0.0    0  3.6 10 320   M    M   9 8      13 320
17  65  54  60  -4   5   0 0.09  0.0    0  8.6 23 210   M    M  10 18     30 220
18  61  53  57  -7   8   0 0.49  0.0    0  8.2 22 230   M    M   8 1      29 210
19  65  51  58  -6   7   0 0.31  0.0    0 12.0 23 230   M    M   7 1      29 230
20  61  49  55  -9  10   0 1.09    M    0  7.8 21 230   M    M   8 13     27 220
================================================================================
SM 1600 1160        31 118  2.13     0.0 111.9          M      126
================================================================================
AV 80.0 58.0                               5.6 FASTST   M    M   6    MAX(MPH)
                                 MISC ---->  # 23 210               # 30  220
================================================================================
NOTES:
# LAST OF SEVERAL OCCURRENCES

COLUMN 17 PEAK WIND IN M.P.H.

PRELIMINARY LOCAL CLIMATOLOGICAL DATA (WS FORM: F-6) , PAGE 2

                                          STATION:  PORTLAND OR
                                          MONTH:    SEPTEMBER
                                          YEAR:     2017
                                          LATITUDE:   45 35 N
                                          LONGITUDE: 122 36 W

[TEMPERATURE DATA]      [PRECIPITATION DATA]       SYMBOLS USED IN COLUMN 16

AVERAGE MONTHLY: 69.0   TOTAL FOR MONTH:   2.13    1 = FOG OR MIST
DPTR FM NORMAL:   3.2   DPTR FM NORMAL:    1.26    2 = FOG REDUCING VISIBILITY
HIGHEST:    98 ON  2    GRTST 24HR  1.09 ON 20-20      TO 1/4 MILE OR LESS
LOWEST:     49 ON 20,15                            3 = THUNDER
                        SNOW, ICE PELLETS, HAIL    4 = ICE PELLETS
                        TOTAL MONTH:   0.0 INCH    5 = HAIL
                        GRTST 24HR     0.0         6 = FREEZING RAIN OR DRIZZLE
                        GRTST DEPTH:   0           7 = DUSTSTORM OR SANDSTORM:
                                                       VSBY 1/2 MILE OR LESS
                                                   8 = SMOKE OR HAZE
[NO. OF DAYS WITH]      [WEATHER - DAYS WITH]      9 = BLOWING SNOW
                                                   X = TORNADO
MAX 32 OR BELOW:   0    0.01 INCH OR MORE:   5
MAX 90 OR ABOVE:   6    0.10 INCH OR MORE:   4
MIN 32 OR BELOW:   0    0.50 INCH OR MORE:   1
MIN  0 OR BELOW:   0    1.00 INCH OR MORE:   1

[HDD (BASE 65) ]
TOTAL THIS MO.    31    CLEAR  (SCALE 0-3)   4
DPTR FM NORMAL    -4    PTCLDY (SCALE 4-7)   8
TOTAL FM JUL 1    33    CLOUDY (SCALE 8-10)  8
DPTR FM NORMAL   -29

[CDD (BASE 65) ]
TOTAL THIS MO.   118
DPTR FM NORMAL    68    [PRESSURE DATA]
TOTAL FM JAN 1   686    HIGHEST SLP M ON M
DPTR FM NORMAL   273    LOWEST  SLP 29.60 ON 20

[REMARKS]
