000
CXUS56 KFGZ 260900
CF6PGA
PRELIMINARY LOCAL CLIMATOLOGICAL DATA (WS FORM: F-6)

                                          STATION:   PAGE AZ AIRPORT
                                          MONTH:     NOVEMBER
                                          YEAR:      2014
                                          LATITUDE:   36 55 N
                                          LONGITUDE: 111 27 W

  TEMPERATURE IN F:       :PCPN:    SNOW:  WIND      :SUNSHINE: SKY     :PK WND
================================================================================
1   2   3   4   5  6A  6B    7    8   9   10  11  12  13   14  15   16   17  18
                                     12Z  AVG MX 2MIN
DY MAX MIN AVG DEP HDD CDD  WTR  SNW DPTH SPD SPD DIR MIN PSBL S-S WX    SPD DR
================================================================================

 1  74  56  65  13   0   0 0.00    M    M 10.9 23 200   M    M   1        39 190
 2  61  46  54   2  11   0 0.02    M    M  5.1 13 280   M    M   7        19 270
 3  56  39  48  -3  17   0 0.00    M    M  4.2 10  50   M    M   0        14  60
 4  59  38  49  -2  16   0 0.00    M    M  3.6  9 310   M    M   0 8      13 300
 5  63  37  50   0  15   0 0.00    M    M  2.1  7  50   M    M   0 8      10  10
 6  66  40  53   3  12   0 0.00    M    M  2.4  9  10   M    M   0 8      12 350
 7  67  40  54   5  11   0 0.00    M    M  1.8  8  30   M    M   0 8      10  20
 8  68  44  56   7   9   0 0.00    M    0  2.8  7  10   M    M   0        11  30
 9  66  42  54   6  11   0 0.00    M    0  3.0  7 210   M    M   0 8       9  90
10  76  47  62  14   3   0 0.00    M    0  5.9 22 270   M    M   0        36 270
11  71  41  56   8   9   0 0.00    M    M  3.4 10 240   M    M   0 8      15 220
12  69  49  59  12   6   0 0.00    M    M  4.9 14 270   M    M   1        22 270
13  56  42  49   2  16   0 0.00    M    M  4.4 10  20   M    M   0 8      14 360
14  57  44  51   5  14   0 0.02    M    M  3.2 15 250   M    M   6 8      23 260
15  65  43  54   8  11   0 0.03    M    M  5.9 26 310   M    M   0        40 320
16  45  31  38  -7  27   0 0.00    M    M  6.3 20 300   M    M   M        28 300
17  47  24  36  -9  29   0 0.00    M    M  2.9  9 360   M    M   M        12 350
18  49  27  38  -6  27   0 0.00    M    M  2.5  7  40   M    M   0 8      10 350
19  50  30  40  -4  25   0 0.00    M    M  1.7  8 150   M    M   0 8      10  40
20   M   M   M   M   M   M    M    M    M   M   M   M   M    M   M         M  M
21   M   M   M   M   M   M    M    M    M   M   M   M   M    M   M         M  M
22  56  33  45   2  20   0 0.00    M    M   M   M   M   M    M   M         M  M
23  54  38  46   4  19   0 0.00    M    M   M   M   M   M    M   M         M  M
24  54  29  42   0  23   0 0.00    M    M  6.6  M   M   M    M   M        33 360
25  51  28  40  -1  25   0 0.00    M    M  2.1  8  20   M    M   0 8      11  50
================================================================================
SM 1380  888       356   0  0.07    M     85.7          M       15
================================================================================
AV 60.0 38.6                               4.1 FASTST   M    M   1    MAX(MPH)
                                 MISC ---->  # 26 310               # 40  320
================================================================================
NOTES:
# LAST OF SEVERAL OCCURRENCES

COLUMN 17 PEAK WIND IN M.P.H.

PRELIMINARY LOCAL CLIMATOLOGICAL DATA (WS FORM: F-6) , PAGE 2

                                          STATION:  PAGE AZ AIRPORT
                                          MONTH:    NOVEMBER
                                          YEAR:     2014
                                          LATITUDE:   36 55 N
                                          LONGITUDE: 111 27 W

[TEMPERATURE DATA]      [PRECIPITATION DATA]       SYMBOLS USED IN COLUMN 16

AVERAGE MONTHLY: 49.3   TOTAL FOR MONTH:   0.07    1 = FOG OR MIST
DPTR FM NORMAL:   2.6   DPTR FM NORMAL:   -0.42    2 = FOG REDUCING VISIBILITY
HIGHEST:    76 ON 10    GRTST 24HR  0.03 ON 15-15      TO 1/4 MILE OR LESS
LOWEST:     24 ON 17                               3 = THUNDER
                        SNOW, ICE PELLETS, HAIL    4 = ICE PELLETS
                        TOTAL MONTH:    M          5 = HAIL
                        GRTST 24HR    M  ON   M    6 = FREEZING RAIN OR DRIZZLE
                        GRTST DEPTH:   0           7 = DUSTSTORM OR SANDSTORM:
                                                       VSBY 1/2 MILE OR LESS
                                                   8 = SMOKE OR HAZE
[NO. OF DAYS WITH]      [WEATHER - DAYS WITH]      9 = BLOWING SNOW
                                                   X = TORNADO
MAX 32 OR BELOW:   0    0.01 INCH OR MORE:   3
MAX 90 OR ABOVE:   0    0.10 INCH OR MORE:   0
MIN 32 OR BELOW:   6    0.50 INCH OR MORE:   0
MIN  0 OR BELOW:   0    1.00 INCH OR MORE:   0

[HDD (BASE 65) ]
TOTAL THIS MO.   356    CLEAR  (SCALE 0-3)  16
DPTR FM NORMAL  -104    PTCLDY (SCALE 4-7)   2
TOTAL FM JUL 1   415    CLOUDY (SCALE 8-10)  0
DPTR FM NORMAL  -272

[CDD (BASE 65) ]
TOTAL THIS MO.     0
DPTR FM NORMAL     0    [PRESSURE DATA]
TOTAL FM JAN 1  2295    HIGHEST SLP M ON M
DPTR FM NORMAL   448    LOWEST  SLP 29.70 ON 10

[REMARKS]
