000
CXUS51 KRLX 221400
CF6PKB
PRELIMINARY LOCAL CLIMATOLOGICAL DATA (WS FORM: F-6)

                                          STATION:   PARKERSBURG WV
                                          MONTH:     APRIL
                                          YEAR:      2014
                                          LATITUDE:   39 20 N
                                          LONGITUDE:  81 26 W

  TEMPERATURE IN F:       :PCPN:    SNOW:  WIND      :SUNSHINE: SKY     :PK WND
================================================================================
1   2   3   4   5  6A  6B    7    8   9   10  11  12  13   14  15   16   17  18
                                     12Z  AVG MX 2MIN
DY MAX MIN AVG DEP HDD CDD  WTR  SNW DPTH SPD SPD DIR MIN PSBL S-S WX    SPD DR
================================================================================

 1  80  37  59  10   6   0    T    M    M  8.9 26 270   M    M   2        36 230
 2  64  46  55   5  10   0 0.15    M    0  5.4 17  10   M    M   7 1      22  10
 3  60  49  55   5  10   0 0.28    M    M  5.3 17 320   M    M   7 13     24 330
 4  68  44  56   6   9   0 0.50    M    M 10.5 25 270   M    M   7 13     43 280
 5  51  32  42  -9  23   0 0.00    M    M  8.2 21 290   M    M   7        28 280
 6  64  27  46  -5  19   0 0.00    M    M  4.6 15  60   M    M   0        18  60
 7  64  49  57   6   8   0 0.18    M    M  6.9 22 270   M    M   7 13     39 250
 8  63  45  54   2  11   0    T    M    M 10.8 25 240   M    M   5        41 270
 9  62  40  51  -1  14   0    T    M    M  6.8 21 290   M    M   5        28 290
10  74  38  56   4   9   0 0.00    M    M 11.2 23 200   M    M   0        34 200
11  68  52  60   7   5   0 0.47    M    M  4.6 14 280   M    M   7 13     22 240
12   M   M   M   M   M   M 0.00    M    M  5.6 14 230   M    M   2 12      M  M
13  84   M   M   M   M   M 0.00    M    M 11.9 23 240   M    M   2        29 230
14  75  64  70  16   0   5 0.06    M    M  9.6 26 190   M    M   6        36 190
15  67  29  48  -6  17   0 0.32    M    M 11.1 23 300   M    M   9 1      32 300
16  50  23  37 -17  28   0 0.00    M    M  5.4 14  60   M    M   0        18  60
17  68  32  50  -5  15   0 0.00    M    M  5.2 14 220   M    M   0        20 210
18  72  42  57   2   8   0 0.00    M    M  2.7 13 280   M    M   0        16 270
19  70  43  57   2   8   0 0.00    M    M  6.9 15  60   M    M   0        21  40
20   M  38   M   M   M   M 0.00    M    M  3.5  9  90   M    M   0 8       M  M
21  80  42  61   5   4   0 0.00    M    M  3.4 14 210   M    M   0        20 200
================================================================================
SM 1284  772       204   5  1.96    M    148.5          M       73
================================================================================
AV 67.6 40.6                               7.1 FASTST   M    M   3    MAX(MPH)
                                 MISC ---->  # 26 270               # 43  280
================================================================================
NOTES:
# LAST OF SEVERAL OCCURRENCES

COLUMN 17 PEAK WIND IN M.P.H.

PRELIMINARY LOCAL CLIMATOLOGICAL DATA (WS FORM: F-6) , PAGE 2

                                          STATION:  PARKERSBURG WV
                                          MONTH:    APRIL
                                          YEAR:     2014
                                          LATITUDE:   39 20 N
                                          LONGITUDE:  81 26 W

[TEMPERATURE DATA]      [PRECIPITATION DATA]       SYMBOLS USED IN COLUMN 16

AVERAGE MONTHLY: 54.1   TOTAL FOR MONTH:   1.96    1 = FOG OR MIST
DPTR FM NORMAL:   1.4   DPTR FM NORMAL:   -0.31    2 = FOG REDUCING VISIBILITY
HIGHEST:    84 ON 13    GRTST 24HR  0.78 ON  3- 4      TO 1/4 MILE OR LESS
LOWEST:     23 ON 16                               3 = THUNDER
                        SNOW, ICE PELLETS, HAIL    4 = ICE PELLETS
                        TOTAL MONTH:    M          5 = HAIL
                        GRTST 24HR    M  ON   M    6 = FREEZING RAIN OR DRIZZLE
                        GRTST DEPTH:   0           7 = DUSTSTORM OR SANDSTORM:
                                                       VSBY 1/2 MILE OR LESS
                                                   8 = SMOKE OR HAZE
[NO. OF DAYS WITH]      [WEATHER - DAYS WITH]      9 = BLOWING SNOW
                                                   X = TORNADO
MAX 32 OR BELOW:   0    0.01 INCH OR MORE:   7
MAX 90 OR ABOVE:   0    0.10 INCH OR MORE:   6
MIN 32 OR BELOW:   5    0.50 INCH OR MORE:   1
MIN  0 OR BELOW:   0    1.00 INCH OR MORE:   0

[HDD (BASE 65) ]
TOTAL THIS MO.   204    CLEAR  (SCALE 0-3)  11
DPTR FM NORMAL   -64    PTCLDY (SCALE 4-7)   9
TOTAL FM JUL 1  4552    CLOUDY (SCALE 8-10)  1
DPTR FM NORMAL  -177

[CDD (BASE 65) ]
TOTAL THIS MO.     5
DPTR FM NORMAL    -6    [PRESSURE DATA]
TOTAL FM JAN 1     5    HIGHEST SLP M ON M
DPTR FM NORMAL    -9    LOWEST  SLP 29.42 ON  7

[REMARKS]
