000
CXUS53 KAPX 010631
CF6PLN
PRELIMINARY LOCAL CLIMATOLOGICAL DATA (WS FORM: F-6)

                                          STATION:   PELLSTON
                                          MONTH:     SEPTEMBER
                                          YEAR:      2014
                                          LATITUDE:   45 34 N
                                          LONGITUDE:  84 48 W

  TEMPERATURE IN F:       :PCPN:    SNOW:  WIND      :SUNSHINE: SKY     :PK WND
================================================================================
1   2   3   4   5  6A  6B    7    8   9   10  11  12  13   14  15   16   17  18
                                     12Z  AVG MX 2MIN
DY MAX MIN AVG DEP HDD CDD  WTR  SNW DPTH SPD SPD DIR MIN PSBL S-S WX    SPD DR
================================================================================

 1  82  56  69   8   0   4 0.43    M    M  6.9 23 250   M    M   4 13     31 260
 2  74  54  64   3   1   0 0.00    M    M  5.2 16 270   M    M   1 1      21 270
 3  79  52  66   6   0   1 0.00    M    M  4.4 17 240   M    M   0 1      23 260
 4  74  59  67   7   0   2 0.47    M    M  6.9 28 210   M    M   5 13     43 220
 5  74  58  66   6   0   1 0.34    M    M  7.9 24 140   M    M   5 13     29 140
 6  71  43  57  -3   8   0 0.00    M    M  7.2 21 280   M    M   2        27 280
 7  76  40  58  -1   7   0 0.00    M    M  5.5 20 230   M    M   0        26 210
 8  77  45  61   2   4   0 0.00    M    M  3.7 14 200   M    M   2 1      19 180
 9  80  53  67   8   0   2 0.00    M    M  3.0 12  30   M    M   4 1      16 200
10  68  48  58   0   7   0 0.84    M    M  8.5 26 330   M    M   7 1      32 330
11  55  45  50  -8  15   0 0.01    M    M 11.3 22 320   M    M  10 1      29 320
12  51  34  43 -15  22   0 0.08    M    M  4.1 13 360   M    M   6        16  10
13  56  35  46 -11  19   0 0.26    M    M  5.5 15 310   M    M   7 1      20 310
14  60  33  47 -10  18   0 0.00    M    M  5.4 16 210   M    M   8 1      21 180
15  64  44  54  -2  11   0 0.08    M    M  4.7 15 300   M    M   3 12     21 270
16  63  35  49  -7  16   0 0.00    M    M  6.1 18 240   M    M   4 12     26 240
17  67  44  56   0   9   0    T    M    M  7.7 18 240   M    M   6        25 260
18  56  38  47  -8  18   0 0.00    M    M  7.2 14  50   M    M   6        18  80
19  70  41  56   1   9   0 0.12    M    M  9.9 18 200   M    M   4 3      30 160
20  70  54  62   8   3   0 0.86    M    M  9.8 22 220   M    M   7 13     34 260
21  57  48  53  -1  12   0 1.34    M    M 11.0 24 340   M    M  10 13     29 340
22  61  38  50  -4  15   0 0.00    M    M  7.8 17 240   M    M   3        25 220
23  71  47  59   6   6   0 0.00    M    M  5.2 15 250   M    M   0 1      18 220
24  76  42  59   6   6   0 0.00    M    M  2.3 14  20   M    M   2 12     16  20
25  76  45  61   9   4   0 0.00    M    M  1.8 12 350   M    M   0 1      14 140
26  78  42  60   8   5   0 0.00    M    M  1.5  9 340   M    M   0 1      15 250
27  77  42  60   8   5   0 0.00    M    M  1.6 10 210   M    M   0 1      15 230
28  78  44  61  10   4   0 0.00    M    M  2.3 10  10   M    M   0 1      15 280
29  66  45  56   5   9   0 0.17    M    M  6.4 17 310   M    M   8 1      22 300
30  52  43  48  -2  17   0    T    M    M  4.9 13  10   M    M   9 1      16  30
================================================================================
SM 2059 1347       250  10  5.00    M    175.7          M      123
================================================================================
AV 68.6 44.9                               5.9 FASTST   M    M   4    MAX(MPH)
                                 MISC ---->  # 28 210               # 43  220
================================================================================
NOTES:
# LAST OF SEVERAL OCCURRENCES

COLUMN 17 PEAK WIND IN M.P.H.

PRELIMINARY LOCAL CLIMATOLOGICAL DATA (WS FORM: F-6) , PAGE 2

                                          STATION:  PELLSTON
                                          MONTH:    SEPTEMBER
                                          YEAR:     2014
                                          LATITUDE:   45 34 N
                                          LONGITUDE:  84 48 W

[TEMPERATURE DATA]      [PRECIPITATION DATA]       SYMBOLS USED IN COLUMN 16

AVERAGE MONTHLY: 56.8   TOTAL FOR MONTH:   5.00    1 = FOG OR MIST
DPTR FM NORMAL:   0.7   DPTR FM NORMAL:    1.42    2 = FOG REDUCING VISIBILITY
HIGHEST:    82 ON  1    GRTST 24HR  1.51 ON 20-21      TO 1/4 MILE OR LESS
LOWEST:     33 ON 14                               3 = THUNDER
                        SNOW, ICE PELLETS, HAIL    4 = ICE PELLETS
                        TOTAL MONTH:    M          5 = HAIL
                        GRTST 24HR    M  ON   M    6 = FREEZING RAIN OR DRIZZLE
                        GRTST DEPTH:  M  ON   M    7 = DUSTSTORM OR SANDSTORM:
                                                       VSBY 1/2 MILE OR LESS
                                                   8 = SMOKE OR HAZE
[NO. OF DAYS WITH]      [WEATHER - DAYS WITH]      9 = BLOWING SNOW
                                                   X = TORNADO
MAX 32 OR BELOW:   0    0.01 INCH OR MORE:  12
MAX 90 OR ABOVE:   0    0.10 INCH OR MORE:   9
MIN 32 OR BELOW:   0    0.50 INCH OR MORE:   3
MIN  0 OR BELOW:   0    1.00 INCH OR MORE:   1

[HDD (BASE 65) ]
TOTAL THIS MO.   250    CLEAR  (SCALE 0-3)  12
DPTR FM NORMAL   -34    PTCLDY (SCALE 4-7)  15
TOTAL FM JUL 1   452    CLOUDY (SCALE 8-10)  3
DPTR FM NORMAL     2

[CDD (BASE 65) ]
TOTAL THIS MO.    10
DPTR FM NORMAL    -7    [PRESSURE DATA]
TOTAL FM JAN 1   148    HIGHEST SLP M ON M
DPTR FM NORMAL   -70    LOWEST  SLP 29.39 ON 10

[REMARKS]
#FINAL-09-14#
