000
CXUS53 KAPX 300631
CF6PLN
PRELIMINARY LOCAL CLIMATOLOGICAL DATA (WS FORM: F-6)

                                          STATION:   PELLSTON
                                          MONTH:     JULY
                                          YEAR:      2015
                                          LATITUDE:   45 34 N
                                          LONGITUDE:  84 48 W

  TEMPERATURE IN F:       :PCPN:    SNOW:  WIND      :SUNSHINE: SKY     :PK WND
================================================================================
1   2   3   4   5  6A  6B    7    8   9   10  11  12  13   14  15   16   17  18
                                     12Z  AVG MX 2MIN
DY MAX MIN AVG DEP HDD CDD  WTR  SNW DPTH SPD SPD DIR MIN PSBL S-S WX    SPD DR
================================================================================

 1  66  47  57  -8   8   0 0.00    M    M  7.8 17 310   M    M   7 1      19 320
 2  75  41  58  -7   7   0 0.00    M    M  3.1 13 290   M    M   1        16 290
 3  72  46  59  -6   6   0 0.02    M    M  4.8 15 250   M    M   6        23 260
 4  79  50  65   0   0   0 0.00    M    M  3.1 12 320   M    M   1 1      16 300
 5  83  47  65   0   0   0 0.00    M    M  3.0 12 250   M    M   1 1      15 250
 6  85  58  72   7   0   7 0.20    M    M  6.1 16 290   M    M   2 18     22 270
 7  66  46  56  -9   9   0 0.09    M    M 11.9 22 330   M    M   7 1      30 330
 8  77  39  58  -7   7   0 0.00    M    M  3.9 13 340   M    M   1        23 350
 9  77  47  62  -4   3   0 0.00    M    M  3.3 13 280   M    M   0        19 300
10  82  46  64  -2   1   0 0.00    M    M  4.5 15 240   M    M   0 1      21 230
11  84  54  69   3   0   4 0.00    M    M  5.3 16 300   M    M   0        20 300
12  84  54  69   3   0   4 0.00    M    M  2.5 15  10   M    M   2 1      16  10
13  78  59  69   3   0   4 0.01    M    M  5.7 17 160   M    M   6 1      23 180
14  75  47  61  -5   4   0 0.01    M    0  9.1 21  10   M    M   7 1      26  30
15  74  39  57  -9   8   0 0.00    M    M  2.9 12  40   M    M   0 1      15 100
16  83  43  63  -3   2   0 0.00    M    M  3.4 15 140   M    M   0        22 140
17  72  59  66   0   0   1    T    M    M  5.3 14 240   M    M   9 1      19 150
18  86  59  73   7   0   8    T    M    M  5.9 24 240   M    M   3 1      35 230
19  79  59  69   3   0   4 0.00    M    M  9.1 21 280   M    M   1        28 280
20  83  57  70   4   0   5 0.00    M    M 10.8 25 250   M    M   2        36 250
21  76  51  64  -2   1   0 0.00    M    M 10.1 22 310   M    M   1        36 320
22  78  43  61  -5   4   0 0.00    M    M  6.4 18 320   M    M   0 1      25 260
23  85  44  65  -1   0   0 0.00    M    M  3.0 13 290   M    M   2        16 310
24  86  56  71   5   0   6    T    M    M  5.2 18 240   M    M   2        25 280
25  84  60  72   6   0   7 0.11    M    M  7.6 18 300   M    M   3 13     26 320
26  90  51  71   5   0   6 0.00    M    M  4.5 15 270   M    M   0 18     21 260
27  94  60  77  11   0  12 0.00    M    M  4.5 13 330   M    M   0        17 360
28  94  55  75   9   0  10 0.00    M    M  3.7 15 300   M    M   0        20 350
29  85  67  76  10   0  11 0.00    M    M  9.3 25 250   M    M   3        37 220
================================================================================
SM 2332 1484        60  89  0.44    M    165.8          M       67
================================================================================
AV 80.4 51.2                               5.7 FASTST   M    M   2    MAX(MPH)
                                 MISC ---->  # 25 250               # 37  220
================================================================================
NOTES:
# LAST OF SEVERAL OCCURRENCES

COLUMN 17 PEAK WIND IN M.P.H.

PRELIMINARY LOCAL CLIMATOLOGICAL DATA (WS FORM: F-6) , PAGE 2

                                          STATION:  PELLSTON
                                          MONTH:    JULY
                                          YEAR:     2015
                                          LATITUDE:   45 34 N
                                          LONGITUDE:  84 48 W

[TEMPERATURE DATA]      [PRECIPITATION DATA]       SYMBOLS USED IN COLUMN 16

AVERAGE MONTHLY: 65.8   TOTAL FOR MONTH:   0.44    1 = FOG OR MIST
DPTR FM NORMAL:   0.1   DPTR FM NORMAL:   -1.88    2 = FOG REDUCING VISIBILITY
HIGHEST:    94 ON 28,27 GRTST 24HR  0.58 ON 30- 1      TO 1/4 MILE OR LESS
LOWEST:     39 ON 15, 8                            3 = THUNDER
                        SNOW, ICE PELLETS, HAIL    4 = ICE PELLETS
                        TOTAL MONTH:    M          5 = HAIL
                        GRTST 24HR    M  ON   M    6 = FREEZING RAIN OR DRIZZLE
                        GRTST DEPTH:   0           7 = DUSTSTORM OR SANDSTORM:
                                                       VSBY 1/2 MILE OR LESS
                                                   8 = SMOKE OR HAZE
[NO. OF DAYS WITH]      [WEATHER - DAYS WITH]      9 = BLOWING SNOW
                                                   X = TORNADO
MAX 32 OR BELOW:   0    0.01 INCH OR MORE:   6
MAX 90 OR ABOVE:   3    0.10 INCH OR MORE:   2
MIN 32 OR BELOW:   0    0.50 INCH OR MORE:   0
MIN  0 OR BELOW:   0    1.00 INCH OR MORE:   0

[HDD (BASE 65) ]
TOTAL THIS MO.    60    CLEAR  (SCALE 0-3)  22
DPTR FM NORMAL    -4    PTCLDY (SCALE 4-7)   6
TOTAL FM JUL 1    60    CLOUDY (SCALE 8-10)  1
DPTR FM NORMAL    -4

[CDD (BASE 65) ]
TOTAL THIS MO.    89
DPTR FM NORMAL     2    [PRESSURE DATA]
TOTAL FM JAN 1   112    HIGHEST SLP M ON M
DPTR FM NORMAL   -30    LOWEST  SLP 29.45 ON 14

[REMARKS]
