000
CXUS54 KOUN 220700
CF6PNC
PRELIMINARY LOCAL CLIMATOLOGICAL DATA (WS FORM: F-6)

                                          STATION:   PONCA CITY
                                          MONTH:     JUNE
                                          YEAR:      2017
                                          LATITUDE:   36 44 N
                                          LONGITUDE:  97  6 W

  TEMPERATURE IN F:       :PCPN:    SNOW:  WIND      :SUNSHINE: SKY     :PK WND
================================================================================
1   2   3   4   5  6A  6B    7    8   9   10  11  12  13   14  15   16   17  18
                                     12Z  AVG MX 2MIN
DY MAX MIN AVG DEP HDD CDD  WTR  SNW DPTH SPD SPD DIR MIN PSBL S-S WX    SPD DR
================================================================================

 1  89  65  77   5   0  12 0.00  0.0    0  9.0 20 140   M    M   0        26 160
 2  84  60  72  -1   0   7 0.00  0.0    0  8.0 18 130   M    M   1        29 130
 3  82  66  74   1   0   9 1.66  0.0    0  6.6 25  50   M    M   6 13     32  50
 4  79  67  73   0   0   8 1.05  0.0    0  4.6 15  30   M    M   7 13     20  20
 5  88  66  77   3   0  12 0.00  0.0    0  5.2 16  60   M    M   2 1      21  60
 6  91  65  78   4   0  13 0.00  0.0    0  6.3 12  70   M    M   0         M  M
 7  82  61  72  -2   0   7 0.00  0.0    0  6.6 17  80   M    M   2        23  80
 8  82  57  70  -4   0   5 0.00  0.0    0  5.8 12 130   M    M   0        15 160
 9  86  65  76   1   0  11 0.00  0.0    0 11.4 21 160   M    M   2        27 160
10  90  69  80   5   0  15 0.00  0.0    0 15.2 30 160   M    M   3        36 160
11  91  72  82   7   0  17 0.00  0.0    0 15.4 29 150   M    M   0        37 170
12  91  72  82   6   0  17 0.00  0.0    0 14.8 30 150   M    M   1        40 160
13  92  75  84   8   0  19 0.00  0.0    0 14.3 24 160   M    M   1        33 160
14  94  78  86  10   0  21    T  0.0    0 11.5 28 160   M    M   3        39 160
15  97  67  82   5   0  17 0.01  0.0    0 10.6 47  10   M    M   0 38     57  10
16  97  67  82   5   0  17 0.00  0.0    0  9.3 22 140   M    M   0        26 130
17  94  72  83   6   0  18    T  0.0    0 13.8 39  10   M    M   1 3      47  20
18  83  65  74  -3   0   9 0.36  0.0    0  8.9 41 350   M    M   6 13     55 350
19  87  59  73  -5   0   8 0.00  0.0    0  4.4 13 110   M    M   0        16 110
20  94  63  79   1   0  14 0.00  0.0    0  6.8 18 160   M    M   0        24 150
21  94  71  83   5   0  18 0.00  0.0    0 11.4 23 150   M    M   0        29 150
================================================================================
SM 1867 1402         0 274  3.08     0.0 199.9          M       35
================================================================================
AV 88.9 66.8                               9.5 FASTST   M    M   2    MAX(MPH)
                                 MISC ---->  # 47  10               # 57   10
================================================================================
NOTES:
# LAST OF SEVERAL OCCURRENCES

COLUMN 17 PEAK WIND IN M.P.H.

PRELIMINARY LOCAL CLIMATOLOGICAL DATA (WS FORM: F-6) , PAGE 2

                                          STATION:  PONCA CITY
                                          MONTH:    JUNE
                                          YEAR:     2017
                                          LATITUDE:   36 44 N
                                          LONGITUDE:  97  6 W

[TEMPERATURE DATA]      [PRECIPITATION DATA]       SYMBOLS USED IN COLUMN 16

AVERAGE MONTHLY: 77.8   TOTAL FOR MONTH:   3.08    1 = FOG OR MIST
DPTR FM NORMAL:   2.5   DPTR FM NORMAL:   -0.65    2 = FOG REDUCING VISIBILITY
HIGHEST:    97 ON 16,15 GRTST 24HR  1.66 ON  3- 3      TO 1/4 MILE OR LESS
LOWEST:     57 ON  8                               3 = THUNDER
                        SNOW, ICE PELLETS, HAIL    4 = ICE PELLETS
                        TOTAL MONTH:   0.0 INCH    5 = HAIL
                        GRTST 24HR     0.0         6 = FREEZING RAIN OR DRIZZLE
                        GRTST DEPTH:   0           7 = DUSTSTORM OR SANDSTORM:
                                                       VSBY 1/2 MILE OR LESS
                                                   8 = SMOKE OR HAZE
[NO. OF DAYS WITH]      [WEATHER - DAYS WITH]      9 = BLOWING SNOW
                                                   X = TORNADO
MAX 32 OR BELOW:   0    0.01 INCH OR MORE:   4
MAX 90 OR ABOVE:  11    0.10 INCH OR MORE:   3
MIN 32 OR BELOW:   0    0.50 INCH OR MORE:   2
MIN  0 OR BELOW:   0    1.00 INCH OR MORE:   2

[HDD (BASE 65) ]
TOTAL THIS MO.     0    CLEAR  (SCALE 0-3)  18
DPTR FM NORMAL     0    PTCLDY (SCALE 4-7)   3
TOTAL FM JUL 1  3156    CLOUDY (SCALE 8-10)  0
DPTR FM NORMAL  -937

[CDD (BASE 65) ]
TOTAL THIS MO.   274
DPTR FM NORMAL    54    [PRESSURE DATA]
TOTAL FM JAN 1   517    HIGHEST SLP M ON M
DPTR FM NORMAL   108    LOWEST  SLP 29.56 ON 17

[REMARKS]
