000
CXUS54 KFWD 310730
CF6PRX
PRELIMINARY LOCAL CLIMATOLOGICAL DATA (WS FORM: F-6)

                                          STATION:   PARIS
                                          MONTH:     JANUARY
                                          YEAR:      2015
                                          LATITUDE:   33 37 N
                                          LONGITUDE:  95 27 W

  TEMPERATURE IN F:       :PCPN:    SNOW:  WIND      :SUNSHINE: SKY     :PK WND
================================================================================
1   2   3   4   5  6A  6B    7    8   9   10  11  12  13   14  15   16   17  18
                                     12Z  AVG MX 2MIN
DY MAX MIN AVG DEP HDD CDD  WTR  SNW DPTH SPD SPD DIR MIN PSBL S-S WX    SPD DR
================================================================================

 1  37  36  37  -6  28   0 0.98    M    0  5.9  8 110   M    M  10         M  M
 2  43  36  40  -3  25   0 0.63    M    0  6.7 10  50   M    M  10         M  M
 3  45  34  40  -3  25   0 0.56    M    0  6.5 12 240   M    M   8        16 250
 4  37  27  32 -11  33   0 0.00  0.0    0 13.1 23 350   M    M   2        30 320
 5  43  21  32 -11  33   0 0.00  0.0    0  7.8 15 120   M    M   0        17  10
 6  57  27  42  -1  23   0 0.00  0.0    0  4.8  9  90   M    M   0         M  M
 7  37  19  28 -15  37   0 0.00  0.0    0 14.4 29  10   M    M   1        33  10
 8  37  14  26 -17  39   0 0.00  0.0    0  6.1 16 190   M    M   0        17 150
 9  39  23  31 -12  34   0 0.00  0.0    0  7.4 15  10   M    M   0        22  10
10  36  21  29 -14  36   0 0.01  0.0    0  7.6 12 140   M    M   8 6       M  M
11  37  30  34  -9  31   0 0.66  0.0    0  5.2 13 120   M    M  10 6      16 120
12  43  36  40  -3  25   0 0.00  0.0    0 10.1 17 360   M    M  10        21 360
13  43  30  37  -6  28   0 0.00  0.0    0  5.9 13 350   M    M   7        22 360
14  43  27  35  -8  30   0 0.00  0.0    0  1.9  8 110   M    M   4         M  M
15  52  34  43   0  22   0 0.00  0.0    0  3.9  9 290   M    M   3        17 300
16  59  30  45   2  20   0 0.00  0.0    0  4.2 13 240   M    M   0         M  M
17  64  37  51   8  14   0 0.00  0.0    0 10.1 18 210   M    M   0        27 240
18  66  34  50   7  15   0 0.00  0.0    0  6.4 15 230   M    M   0        20 240
19  66  39  53  10  12   0 0.00  0.0    0  5.4 10 210   M    M   0         M  M
20  66  37  52   9  13   0 0.00  0.0    0  5.9 12  50   M    M   0         M  M
21  63  36  50   7  15   0 0.00  0.0    0  7.5 13 110   M    M   1         M  M
22  48  39  44   1  21   0 0.64  0.0    0 12.7 20  80   M    M  10        25  70
23  52  34  43   0  22   0 0.00  0.0    0  6.9 16 310   M    M   3        21 330
24  59  28  44   1  21   0 0.00  0.0    0  3.4  9 250   M    M   0         M  M
25  61  39  50   6  15   0 0.00  0.0    0 11.3 29 320   M    M   0        38 310
26  66  34  50   6  15   0 0.00  0.0    0  5.6 14 240   M    M   0        20 240
27  75  45  60  16   5   0 0.00  0.0    0  1.7  8 330   M    M   0         M  M
28  79  41  60  16   5   0 0.00  0.0    0  9.6 22 190   M    M   0        27 180
29  64  45  55  11  10   0 0.00  0.0    0 12.2 22 330   M    M   0        28 360
30  55  34  45   1  20   0 0.00  0.0    0  5.4  9 100   M    M   1         M  M
================================================================================
SM 1572  967       672   0  3.48     0.0 215.6          M       88
================================================================================
AV 52.4 32.2                               7.2 FASTST   M    M   3    MAX(MPH)
                                 MISC ---->    29   M               # 38  310
================================================================================
NOTES:
# LAST OF SEVERAL OCCURRENCES

COLUMN 17 PEAK WIND IN M.P.H.

PRELIMINARY LOCAL CLIMATOLOGICAL DATA (WS FORM: F-6) , PAGE 2

                                          STATION:  PARIS
                                          MONTH:    JANUARY
                                          YEAR:     2015
                                          LATITUDE:   33 37 N
                                          LONGITUDE:  95 27 W

[TEMPERATURE DATA]      [PRECIPITATION DATA]       SYMBOLS USED IN COLUMN 16

AVERAGE MONTHLY: 42.3   TOTAL FOR MONTH:   3.48    1 = FOG OR MIST
DPTR FM NORMAL:  -0.9   DPTR FM NORMAL:    0.88    2 = FOG REDUCING VISIBILITY
HIGHEST:    79 ON 28    GRTST 24HR  0.98 ON  1- 1      TO 1/4 MILE OR LESS
LOWEST:     14 ON  8                               3 = THUNDER
                        SNOW, ICE PELLETS, HAIL    4 = ICE PELLETS
                        TOTAL MONTH:   0.0 INCH    5 = HAIL
                        GRTST 24HR     0.0         6 = FREEZING RAIN OR DRIZZLE
                        GRTST DEPTH:   0           7 = DUSTSTORM OR SANDSTORM:
                                                       VSBY 1/2 MILE OR LESS
                                                   8 = SMOKE OR HAZE
[NO. OF DAYS WITH]      [WEATHER - DAYS WITH]      9 = BLOWING SNOW
                                                   X = TORNADO
MAX 32 OR BELOW:   0    0.01 INCH OR MORE:   6
MAX 90 OR ABOVE:   0    0.10 INCH OR MORE:   5
MIN 32 OR BELOW:  12    0.50 INCH OR MORE:   5
MIN  0 OR BELOW:   0    1.00 INCH OR MORE:   0

[HDD (BASE 65) ]
TOTAL THIS MO.   672    CLEAR  (SCALE 0-3)  20
DPTR FM NORMAL    18    PTCLDY (SCALE 4-7)   4
TOTAL FM JUL 1  1762    CLOUDY (SCALE 8-10)  6
DPTR FM NORMAL    43

[CDD (BASE 65) ]
TOTAL THIS MO.     0
DPTR FM NORMAL     0    [PRESSURE DATA]
TOTAL FM JAN 1     0    HIGHEST SLP M ON M
DPTR FM NORMAL     0    LOWEST  SLP M ON M

[REMARKS]
