000
CXUS55 KALY 240710
CF6PSF
PRELIMINARY LOCAL CLIMATOLOGICAL DATA (WS FORM: F-6)

                                          STATION:   PITTSFIELD MA
                                          MONTH:     MAY
                                          YEAR:      2017
                                          LATITUDE:   42 25 N
                                          LONGITUDE:  73 18 W

  TEMPERATURE IN F:       :PCPN:    SNOW:  WIND      :SUNSHINE: SKY     :PK WND
================================================================================
1   2   3   4   5  6A  6B    7    8   9   10  11  12  13   14  15   16   17  18
                                     12Z  AVG MX 2MIN
DY MAX MIN AVG DEP HDD CDD  WTR  SNW DPTH SPD SPD DIR MIN PSBL S-S WX    SPD DR
================================================================================

 1  70  43  57   7   8   0 0.37    M    M  6.8 18 180   M    M  10 13     26 190
 2  63  46  55   4  10   0 0.90    M    M  7.3 31 270   M    M   9 13     42 280
 3  52  41  47  -4  18   0 0.01    M    M 12.9 28 290   M    M   8        35 310
 4  63  32  48  -3  17   0    T    M    M  6.0 16 140   M    M   4        27 130
 5  49  41  45  -7  20   0 1.16    M    M  7.5 16  70   M    M  10 1      27  50
 6  65  48  57   5   8   0 0.35    M    M  9.8 26 150   M    M   7 1      42 140
 7  52  37  45  -7  20   0 0.22    M    M  9.4 18 290   M    M  10 1      26 290
 8  44  34  39 -13  26   0 0.03    M    M 10.3 24 300   M    M  10        32 290
 9  48  35  42 -11  23   0 0.00    M    M  5.5 15 290   M    M  10        19 280
10  51  35  43 -10  22   0 0.00    M    M  5.3 14 320   M    M   9        20 300
11  63  40  52  -1  13   0 0.00    M    M  3.5 12  30   M    M   4        16  30
12  64  37  51  -3  14   0 0.00    M    M  4.6 14 140   M    M   3        18 150
13  52  38  45  -9  20   0 1.18    M    M  5.1 14  60   M    M   9 1      19  60
14  57  37  47  -7  18   0 0.14    M    M  8.4 20 290   M    M  10 1      27 280
15  61  46  54  -1  11   0 0.22    M    M 14.8 24 300   M    M   9 1      36 310
16  73  43  58   3   7   0 0.00    M    M  8.4 18 290   M    M   1        24 290
17  87  48  68  13   0   3 0.00    M    M  6.4 23 250   M    M   1        31 260
18  89  56  73  17   0   8 0.20    M    M  7.2 21 290   M    M   1 13     30 320
19  81  50  66  10   0   1 0.00    M    M  9.2 25 300   M    M   3 12     36 290
20  67  45  56   0   9   0 0.00    M    M  4.8 15 290   M    M   2        19 280
21  69  42  56   0   9   0    T    M    M  5.8 15 180   M    M   4        23 190
22  54  45  50  -7  15   0 0.23    M    M  4.8 13 130   M    M  10 1      17 140
23  66  46  56  -1   9   0 0.00    M    M  4.2 12 330   M    M   1 1      16 300
================================================================================
SM 1440  965       297  12  5.01    M    168.0          M      145
================================================================================
AV 62.6 42.0                               7.3 FASTST   M    M   6    MAX(MPH)
                                 MISC ---->  # 31 270               # 42  280
================================================================================
NOTES:
# LAST OF SEVERAL OCCURRENCES

COLUMN 17 PEAK WIND IN M.P.H.

PRELIMINARY LOCAL CLIMATOLOGICAL DATA (WS FORM: F-6) , PAGE 2

                                          STATION:  PITTSFIELD MA
                                          MONTH:    MAY
                                          YEAR:     2017
                                          LATITUDE:   42 25 N
                                          LONGITUDE:  73 18 W

[TEMPERATURE DATA]      [PRECIPITATION DATA]       SYMBOLS USED IN COLUMN 16

AVERAGE MONTHLY: 52.3   TOTAL FOR MONTH:   5.01    1 = FOG OR MIST
DPTR FM NORMAL:  -1.4   DPTR FM NORMAL:    2.12    2 = FOG REDUCING VISIBILITY
HIGHEST:    89 ON 18    GRTST 24HR  1.18 ON 13-13      TO 1/4 MILE OR LESS
LOWEST:     32 ON  4                               3 = THUNDER
                        SNOW, ICE PELLETS, HAIL    4 = ICE PELLETS
                        TOTAL MONTH:    M          5 = HAIL
                        GRTST 24HR    M  ON   M    6 = FREEZING RAIN OR DRIZZLE
                        GRTST DEPTH:  M  ON   M    7 = DUSTSTORM OR SANDSTORM:
                                                       VSBY 1/2 MILE OR LESS
                                                   8 = SMOKE OR HAZE
[NO. OF DAYS WITH]      [WEATHER - DAYS WITH]      9 = BLOWING SNOW
                                                   X = TORNADO
MAX 32 OR BELOW:   0    0.01 INCH OR MORE:  12
MAX 90 OR ABOVE:   0    0.10 INCH OR MORE:  10
MIN 32 OR BELOW:   1    0.50 INCH OR MORE:   3
MIN  0 OR BELOW:   0    1.00 INCH OR MORE:   2

[HDD (BASE 65) ]
TOTAL THIS MO.   297    CLEAR  (SCALE 0-3)   7
DPTR FM NORMAL    30    PTCLDY (SCALE 4-7)   5
TOTAL FM JUL 1  6606    CLOUDY (SCALE 8-10) 11
DPTR FM NORMAL  -696

[CDD (BASE 65) ]
TOTAL THIS MO.    12
DPTR FM NORMAL    12    [PRESSURE DATA]
TOTAL FM JAN 1    14    HIGHEST SLP M ON M
DPTR FM NORMAL    12    LOWEST  SLP 29.32 ON  6

[REMARKS]
