000
CXUS54 KFWD 220730
CF6PSN
PRELIMINARY LOCAL CLIMATOLOGICAL DATA (WS FORM: F-6)

                                          STATION:   PALESTINE
                                          MONTH:     JULY
                                          YEAR:      2014
                                          LATITUDE:   31 46 N
                                          LONGITUDE:  95 42 W

  TEMPERATURE IN F:       :PCPN:    SNOW:  WIND      :SUNSHINE: SKY     :PK WND
================================================================================
1   2   3   4   5  6A  6B    7    8   9   10  11  12  13   14  15   16   17  18
                                     12Z  AVG MX 2MIN
DY MAX MIN AVG DEP HDD CDD  WTR  SNW DPTH SPD SPD DIR MIN PSBL S-S WX    SPD DR
================================================================================

 1  89  68  79  -2   0  14 0.00  0.0    0  4.2  9 170   M    M   3 1       M  M
 2  90  70  80  -1   0  15 0.00  0.0    0  1.6  6 320   M    M   0 1       M  M
 3  89  68  79  -2   0  14 0.00  0.0    0  4.3 12 200   M    M   1         M  M
 4  85  64  75  -6   0  10 0.00  0.0    0  3.2  7 110   M    M   1 1       M  M
 5  89  69  79  -2   0  14 0.00  0.0    0  3.8  7 100   M    M   1         M  M
 6  88  66  77  -4   0  12 0.00  0.0    0  3.4  9 190   M    M   2         M  M
 7  90  67  79  -3   0  14 0.00  0.0    0  5.2 13 200   M    M   0 1      16 200
 8  91  70  81  -1   0  16 0.00  0.0    0  5.8 12 200   M    M   2         M  M
 9  92  70  81  -1   0  16 0.00  0.0    0  4.3  9 240   M    M   0         M  M
10  92  69  81  -1   0  16 0.00  0.0    0  5.1 10 200   M    M   2        16 190
11  94  69  82   0   0  17 0.00  0.0    0  3.3  9 210   M    M   0         M  M
12  94  69  82   0   0  17 0.00  0.0    0  2.1  8 160   M    M   0 8       M  M
13  94  69  82   0   0  17 0.00  0.0    0  2.4  8 210   M    M   1 8       M  M
14  95  71  83   1   0  18 0.00  0.0    0  3.1 10 310   M    M   1         M  M
15  85  68  77  -5   0  12    M  0.0    0  3.0  9  60   M    M   4        18  60
16   M  68   M   M   M   M 0.00  0.0    0  3.1  7 110   M    M   2         M  M
17   M   M   M   M   M   M    M    M    M   M   M   M   M    M   M         M  M
18   M   M   M   M   M   M    M    M    M   M   M   M   M    M   M         M  M
19   M   M   M   M   M   M    M    M    M   M   M   M   M    M   M         M  M
20   M   M   M   M   M   M    M    M    M   M   M   M   M    M   M         M  M
21   M   M   M   M   M   M    M    M    M   M   M   M   M    M   M         M  M
================================================================================
SM 1357 1095         0 222  0.00     0.0  57.9          M       20
================================================================================
AV 90.5 68.4                               3.6 FASTST   M    M   1    MAX(MPH)
                                 MISC ---->    13   M                 18    M
================================================================================
NOTES:
# LAST OF SEVERAL OCCURRENCES

COLUMN 17 PEAK WIND IN M.P.H.

PRELIMINARY LOCAL CLIMATOLOGICAL DATA (WS FORM: F-6) , PAGE 2

                                          STATION:  PALESTINE
                                          MONTH:    JULY
                                          YEAR:     2014
                                          LATITUDE:   31 46 N
                                          LONGITUDE:  95 42 W

[TEMPERATURE DATA]      [PRECIPITATION DATA]       SYMBOLS USED IN COLUMN 16

AVERAGE MONTHLY: 79.5   TOTAL FOR MONTH:   0.00    1 = FOG OR MIST
DPTR FM NORMAL:  -2.4   DPTR FM NORMAL:   -1.80    2 = FOG REDUCING VISIBILITY
HIGHEST:    95 ON 14    GRTST 24HR  0.00 ON 16-16      TO 1/4 MILE OR LESS
LOWEST:     64 ON  4                               3 = THUNDER
                        SNOW, ICE PELLETS, HAIL    4 = ICE PELLETS
                        TOTAL MONTH:   0.0 INCH    5 = HAIL
                        GRTST 24HR     0.0         6 = FREEZING RAIN OR DRIZZLE
                        GRTST DEPTH:   0           7 = DUSTSTORM OR SANDSTORM:
                                                       VSBY 1/2 MILE OR LESS
                                                   8 = SMOKE OR HAZE
[NO. OF DAYS WITH]      [WEATHER - DAYS WITH]      9 = BLOWING SNOW
                                                   X = TORNADO
MAX 32 OR BELOW:   0    0.01 INCH OR MORE:   0
MAX 90 OR ABOVE:   9    0.10 INCH OR MORE:   0
MIN 32 OR BELOW:   0    0.50 INCH OR MORE:   0
MIN  0 OR BELOW:   0    1.00 INCH OR MORE:   0

[HDD (BASE 65) ]
TOTAL THIS MO.     0    CLEAR  (SCALE 0-3)  15
DPTR FM NORMAL     0    PTCLDY (SCALE 4-7)   1
TOTAL FM JUL 1     0    CLOUDY (SCALE 8-10)  0
DPTR FM NORMAL     0

[CDD (BASE 65) ]
TOTAL THIS MO.   222
DPTR FM NORMAL  -131    [PRESSURE DATA]
TOTAL FM JAN 1   896    HIGHEST SLP M ON M
DPTR FM NORMAL  -217    LOWEST  SLP M ON M

[REMARKS]
