000
CXUS54 KHGX 251415
CF6PSX
PRELIMINARY LOCAL CLIMATOLOGICAL DATA (WS FORM: F-6)

                                          STATION:   PALACIOS
                                          MONTH:     MAY
                                          YEAR:      2017
                                          LATITUDE:   28 43 N
                                          LONGITUDE:  96 15 W

  TEMPERATURE IN F:       :PCPN:    SNOW:  WIND      :SUNSHINE: SKY     :PK WND
================================================================================
1   2   3   4   5  6A  6B    7    8   9   10  11  12  13   14  15   16   17  18
                                     12Z  AVG MX 2MIN
DY MAX MIN AVG DEP HDD CDD  WTR  SNW DPTH SPD SPD DIR MIN PSBL S-S WX    SPD DR
================================================================================

 1  80  57  69  -5   0   4 0.00  0.0    0  9.5 16 200   M    M   0        29 210
 2  85  66  76   2   0  11 0.02  0.0    0 13.2 22 130   M    M   3        27 120
 3  83  65  74   0   0   9 0.07  0.0    0 14.2 38  20   M    M   9 138    45  20
 4  79  54  67  -7   0   2 0.00  0.0    0 13.2 30 340   M    M   1        37 330
 5  83  52  68  -7   0   3 0.00  0.0    0  9.0 21 320   M    M   0        28 300
 6  80  55  68  -7   0   3 0.00  0.0    0  8.6 16 190   M    M   0        20 190
 7  82  65  74  -1   0   9 0.00  0.0    0 11.9 20 140   M    M   2        26 150
 8  83  70  77   2   0  12    T  0.0    0 13.3 22 130   M    M   6        31 120
 9  82  71  77   1   0  12 0.00  0.0    0 15.6 23 140   M    M   6 8      30 150
10  81  73  77   1   0  12 0.00  0.0    0 16.2 25 150   M    M   8        30 150
11  83  74  79   3   0  14 0.00  0.0    0 13.3 22 150   M    M   8 1      26 150
12  87  64  76   0   0  11    T  0.0    0 11.6 22 340   M    M   3 1      29 350
13  88  58  73  -3   0   8 0.00  0.0    0  8.2 18 150   M    M   0        21 150
14  82  64  73  -4   0   8 0.00  0.0    0 10.4 17 140   M    M   0        22 130
15  82  68  75  -2   0  10 0.00  0.0    0 12.5 20 130   M    M   2 8      24 130
16  84  73  79   2   0  14 0.00  0.0    0 20.2 29 150   M    M   4        37 150
17  81  74  78   1   0  13 0.00  0.0    0 16.7 29 140   M    M   7        34 150
18  86  75  81   3   0  16 0.00  0.0    0 19.1 28 150   M    M   7        34 140
19  85  76  81   3   0  16 0.00  0.0    0 18.5 28 150   M    M   9        36 160
20  87  76  82   4   0  17 0.00  0.0    0 11.6 20 130   M    M   5        27 130
21  84  74  79   1   0  14 0.06  0.0    0  8.6 18 130   M    M   6 13     29  50
22  83  70  77  -1   0  12 1.83  0.0    0 10.1 20  70   M    M   6 13     25  60
23  86  63  75  -4   0  10 0.00  0.0    0 10.4 26 350   M    M   5 3      37 350
24  83  55  69 -10   0   4 0.00  0.0    0  9.2 20 300   M    M   0        24 290
================================================================================
SM 1999 1592         0 244  1.98     0.0 305.1          M       97
================================================================================
AV 83.3 66.3                              12.7 FASTST   M    M   4    MAX(MPH)
                                 MISC ---->  # 38  20               # 45   20
================================================================================
NOTES:
# LAST OF SEVERAL OCCURRENCES

COLUMN 17 PEAK WIND IN M.P.H.

PRELIMINARY LOCAL CLIMATOLOGICAL DATA (WS FORM: F-6) , PAGE 2

                                          STATION:  PALACIOS
                                          MONTH:    MAY
                                          YEAR:     2017
                                          LATITUDE:   28 43 N
                                          LONGITUDE:  96 15 W

[TEMPERATURE DATA]      [PRECIPITATION DATA]       SYMBOLS USED IN COLUMN 16

AVERAGE MONTHLY: 74.8   TOTAL FOR MONTH:   1.98    1 = FOG OR MIST
DPTR FM NORMAL:  -1.5   DPTR FM NORMAL:   -1.23    2 = FOG REDUCING VISIBILITY
HIGHEST:    88 ON 13    GRTST 24HR  1.83 ON 22-22      TO 1/4 MILE OR LESS
LOWEST:     52 ON  5                               3 = THUNDER
                        SNOW, ICE PELLETS, HAIL    4 = ICE PELLETS
                        TOTAL MONTH:   0.0 INCH    5 = HAIL
                        GRTST 24HR     0.0         6 = FREEZING RAIN OR DRIZZLE
                        GRTST DEPTH:   0           7 = DUSTSTORM OR SANDSTORM:
                                                       VSBY 1/2 MILE OR LESS
                                                   8 = SMOKE OR HAZE
[NO. OF DAYS WITH]      [WEATHER - DAYS WITH]      9 = BLOWING SNOW
                                                   X = TORNADO
MAX 32 OR BELOW:   0    0.01 INCH OR MORE:   4
MAX 90 OR ABOVE:   0    0.10 INCH OR MORE:   1
MIN 32 OR BELOW:   0    0.50 INCH OR MORE:   1
MIN  0 OR BELOW:   0    1.00 INCH OR MORE:   1

[HDD (BASE 65) ]
TOTAL THIS MO.     0    CLEAR  (SCALE 0-3)  11
DPTR FM NORMAL     0    PTCLDY (SCALE 4-7)   9
TOTAL FM JUL 1   541    CLOUDY (SCALE 8-10)  4
DPTR FM NORMAL  -654

[CDD (BASE 65) ]
TOTAL THIS MO.   244
DPTR FM NORMAL   -28    [PRESSURE DATA]
TOTAL FM JAN 1   825    HIGHEST SLP M ON M
DPTR FM NORMAL   285    LOWEST  SLP 29.64 ON  3

[REMARKS]
