000
CXUS55 KPUB 221059
CF6PUB
PRELIMINARY LOCAL CLIMATOLOGICAL DATA (WS FORM: F-6)

                                          STATION:   PUEBLO CO
                                          MONTH:     JUNE
                                          YEAR:      2017
                                          LATITUDE:   38 16 N
                                          LONGITUDE: 104 31 W

  TEMPERATURE IN F:       :PCPN:    SNOW:  WIND      :SUNSHINE: SKY     :PK WND
================================================================================
1   2   3   4   5  6A  6B    7    8   9   10  11  12  13   14  15   16   17  18
                                     12Z  AVG MX 2MIN
DY MAX MIN AVG DEP HDD CDD  WTR  SNW DPTH SPD SPD DIR MIN PSBL S-S WX    SPD DR
================================================================================

 1  82  53  68   3   0   3 0.00  0.0    0  6.0 18 160   M    M   1        23 120
 2  86  48  67   1   0   2    T  0.0    0  8.1 29 330   M    M   3 3      35 320
 3  79  50  65  -1   0   0 0.69  0.0    0  6.2 33 300   M    M   3 13     39 290
 4  82  53  68   2   0   3 0.00  0.0    0  5.0 14 120   M    M   0        17 130
 5  85  52  69   2   0   4 0.00  0.0    0  5.1 15 150   M    M   0 3      21 160
 6  86  55  71   4   0   6 0.77  0.0    0  9.8 30 290   M    M   0 3      37 290
 7  83  51  67   0   0   2    T  0.0    0  5.6 24 240   M    M   0 3      32 240
 8  82  53  68   0   0   3 0.00  0.0    0  6.1 31  70   M    M   1        35  70
 9  93  54  74   6   0   9 0.00  0.0    0  8.0 18 280   M    M   0        24 270
10  97  54  76   8   0  11 0.00  0.0    0  6.0 18 190   M    M   0        26 190
11  90  57  74   5   0   9 0.00  0.0    0  8.1 17  80   M    M   0        24  50
12  95  57  76   7   0  11 0.00  0.0    0  9.8 24 100   M    M   0        29 100
13  88  54  71   2   0   6 0.00  0.0    0 10.2 23 240   M    M   0        28 220
14  91  44  68  -2   0   3 0.00  0.0    0  7.9 20 110   M    M   0        26 110
15  93  52  73   3   0   8 0.00  0.0    0  6.7 20 150   M    M   0        24 160
16  98  56  77   7   0  12 0.00  0.0    0  8.3 14  30   M    M   0        19 260
17 102  55  79   8   0  14 0.00  0.0    0 11.3 38  50   M    M   1        47  50
18  86  62  74   3   0   9 0.00  0.0    0  9.7 20  80   M    M   4        25 150
19  89  60  75   4   0  10 0.00  0.0    0 11.2 23 360   M    M   0        28 350
20  99  57  78   6   0  13    T  0.0    0  6.6 17  50   M    M   0        23  50
21 102  64  83  11   0  18 0.05  0.0    0  8.6 28  70   M    M   0 3      32  70
================================================================================
SM 1888 1141         0 156  1.51     0.0 164.3          M       13
================================================================================
AV 89.9 54.3                               7.8 FASTST   M    M   1    MAX(MPH)
                                 MISC ---->  # 38  50               # 47   50
================================================================================
NOTES:
# LAST OF SEVERAL OCCURRENCES

COLUMN 17 PEAK WIND IN M.P.H.

PRELIMINARY LOCAL CLIMATOLOGICAL DATA (WS FORM: F-6) , PAGE 2

                                          STATION:  PUEBLO CO
                                          MONTH:    JUNE
                                          YEAR:     2017
                                          LATITUDE:   38 16 N
                                          LONGITUDE: 104 31 W

[TEMPERATURE DATA]      [PRECIPITATION DATA]       SYMBOLS USED IN COLUMN 16

AVERAGE MONTHLY: 72.1   TOTAL FOR MONTH:   1.51    1 = FOG OR MIST
DPTR FM NORMAL:   3.5   DPTR FM NORMAL:    0.56    2 = FOG REDUCING VISIBILITY
HIGHEST:   102 ON 21,17 GRTST 24HR  0.77 ON  6- 6      TO 1/4 MILE OR LESS
LOWEST:     44 ON 14                               3 = THUNDER
                        SNOW, ICE PELLETS, HAIL    4 = ICE PELLETS
                        TOTAL MONTH:   0.0 INCH    5 = HAIL
                        GRTST 24HR     0.0         6 = FREEZING RAIN OR DRIZZLE
                        GRTST DEPTH:   0           7 = DUSTSTORM OR SANDSTORM:
                                                       VSBY 1/2 MILE OR LESS
                                                   8 = SMOKE OR HAZE
[NO. OF DAYS WITH]      [WEATHER - DAYS WITH]      9 = BLOWING SNOW
                                                   X = TORNADO
MAX 32 OR BELOW:   0    0.01 INCH OR MORE:   3
MAX 90 OR ABOVE:  10    0.10 INCH OR MORE:   2
MIN 32 OR BELOW:   0    0.50 INCH OR MORE:   2
MIN  0 OR BELOW:   0    1.00 INCH OR MORE:   0

[HDD (BASE 65) ]
TOTAL THIS MO.     0    CLEAR  (SCALE 0-3)  19
DPTR FM NORMAL   -22    PTCLDY (SCALE 4-7)   2
TOTAL FM JUL 1  4538    CLOUDY (SCALE 8-10)  0
DPTR FM NORMAL -1097

[CDD (BASE 65) ]
TOTAL THIS MO.   156
DPTR FM NORMAL    57    [PRESSURE DATA]
TOTAL FM JAN 1   166    HIGHEST SLP M ON M
DPTR FM NORMAL    33    LOWEST  SLP 29.63 ON 10

[REMARKS]
