000
CXUS56 KOTX 230900
CF6PUW
PRELIMINARY LOCAL CLIMATOLOGICAL DATA (WS FORM: F-6)

                                          STATION:   PULLMAN-MOSCOW  AIRPORT
                                          MONTH:     SEPTEMBER
                                          YEAR:      2017
                                          LATITUDE:   46 44 N
                                          LONGITUDE: 117  7 W

  TEMPERATURE IN F:       :PCPN:    SNOW:  WIND      :SUNSHINE: SKY     :PK WND
================================================================================
1   2   3   4   5  6A  6B    7    8   9   10  11  12  13   14  15   16   17  18
                                     12Z  AVG MX 2MIN
DY MAX MIN AVG DEP HDD CDD  WTR  SNW DPTH SPD SPD DIR MIN PSBL S-S WX    SPD DR
================================================================================

 1  89  55  72  10   0   7 0.00    M    M  3.2 10 230   M    M   0 8      15 250
 2  96  57  77  15   0  12 0.00    M    M  4.5 14  90   M    M   0 8      16 100
 3  95  56  76  14   0  11 0.00    M    M  3.5 15 280   M    M   2 8      20 290
 4  95  54  75  13   0  10 0.00    M    M  5.3 15  90   M    M   4 8      20  90
 5  83  67  75  13   0  10 0.00    M    M  8.2 18  90   M    M  10 8      23  90
 6  93  56  75  14   0  10 0.00    M    M  3.1 15 100   M    M  10 8      17  90
 7  83  54  69   8   0   4 0.00    M    M  2.8 13 270   M    M  10 8      18 270
 8  82  62  72  11   0   7 0.00    M    M  3.8 10 300   M    M  10 8      14 320
 9  80  56  68   8   0   3 0.00    M    M  8.1 22 270   M    M   4 8      29 260
10  76  51  64   4   1   0 0.00    M    M  6.4 18 240   M    M   1        24 240
11  86  51  69   9   0   4 0.00    M    M  4.5 13 100   M    M   0 8      16  90
12  88  48  68   9   0   3 0.00    M    M  3.5 20 260   M    M   0 8      26 250
13  75  47  61   2   4   0 0.00    M    M  8.8 22 250   M    M   0 8      29 250
14  64  47  56  -3   9   0 0.00    M    M  4.1 12 260   M    M   2 8      17 250
15  65  38  52  -6  13   0    T    M    M  4.2 15  40   M    M   2 8      20  60
16  66  34  50  -8  15   0 0.00    M    M  4.1 16 100   M    M   0 8      22 100
17  71  49  60   2   5   0    T    M    M  9.2 20 250   M    M   4 8      26 260
18  56  45  51  -7  14   0 0.20    M    M  9.9 24 250   M    M   6 18     31 250
19  52  44  48  -9  17   0 0.28    M    M 14.5 26 240   M    M   8 1      37 240
20  50  43  47 -10  18   0 0.19    M    M  7.1 24 240   M    M   9 13     33 240
21  53  35  44 -12  21   0 0.00    M    M  2.7 12 230   M    M   5 1      14 240
22  57  31  44 -12  21   0 0.01    M    M  3.5 17 330   M    M   5 12     24 330
================================================================================
SM 1655 1080       138  81  0.68    M    125.0          M       92
================================================================================
AV 75.2 49.1                               5.7 FASTST   M    M   4    MAX(MPH)
                                 MISC ---->  # 26 240               # 37  240
================================================================================
NOTES:
# LAST OF SEVERAL OCCURRENCES

COLUMN 17 PEAK WIND IN M.P.H.

PRELIMINARY LOCAL CLIMATOLOGICAL DATA (WS FORM: F-6) , PAGE 2

                                          STATION:  PULLMAN-MOSCOW  AIRPORT
                                          MONTH:    SEPTEMBER
                                          YEAR:     2017
                                          LATITUDE:   46 44 N
                                          LONGITUDE: 117  7 W

[TEMPERATURE DATA]      [PRECIPITATION DATA]       SYMBOLS USED IN COLUMN 16

AVERAGE MONTHLY: 62.2   TOTAL FOR MONTH:   0.68    1 = FOG OR MIST
DPTR FM NORMAL:   2.7   DPTR FM NORMAL:    0.15    2 = FOG REDUCING VISIBILITY
HIGHEST:    96 ON  2    GRTST 24HR  0.28 ON 19-19      TO 1/4 MILE OR LESS
LOWEST:     31 ON 22                               3 = THUNDER
                        SNOW, ICE PELLETS, HAIL    4 = ICE PELLETS
                        TOTAL MONTH:    M          5 = HAIL
                        GRTST 24HR    M  ON   M    6 = FREEZING RAIN OR DRIZZLE
                        GRTST DEPTH:  M  ON   M    7 = DUSTSTORM OR SANDSTORM:
                                                       VSBY 1/2 MILE OR LESS
                                                   8 = SMOKE OR HAZE
[NO. OF DAYS WITH]      [WEATHER - DAYS WITH]      9 = BLOWING SNOW
                                                   X = TORNADO
MAX 32 OR BELOW:   0    0.01 INCH OR MORE:   4
MAX 90 OR ABOVE:   4    0.10 INCH OR MORE:   3
MIN 32 OR BELOW:   1    0.50 INCH OR MORE:   0
MIN  0 OR BELOW:   0    1.00 INCH OR MORE:   0

[HDD (BASE 65) ]
TOTAL THIS MO.   138    CLEAR  (SCALE 0-3)  10
DPTR FM NORMAL    -3    PTCLDY (SCALE 4-7)   6
TOTAL FM JUL 1   161    CLOUDY (SCALE 8-10)  6
DPTR FM NORMAL  -113

[CDD (BASE 65) ]
TOTAL THIS MO.    81
DPTR FM NORMAL    60    [PRESSURE DATA]
TOTAL FM JAN 1   515    HIGHEST SLP M ON M
DPTR FM NORMAL   304    LOWEST  SLP 29.61 ON 20

[REMARKS]
