000
CXUS51 KBOX 311331
CF6PVD
PRELIMINARY LOCAL CLIMATOLOGICAL DATA (WS FORM: F-6)

                                          STATION:   PROVIDENCE RI
                                          MONTH:     JULY
                                          YEAR:      2015
                                          LATITUDE:   41 43 N
                                          LONGITUDE:  71 26 W

  TEMPERATURE IN F:       :PCPN:    SNOW:  WIND      :SUNSHINE: SKY     :PK WND
================================================================================
1   2   3   4   5  6A  6B    7    8   9   10  11  12  13   14  15   16   17  18
                                     12Z  AVG MX 2MIN
DY MAX MIN AVG DEP HDD CDD  WTR  SNW DPTH SPD SPD DIR MIN PSBL S-S WX    SPD DR
================================================================================

 1  81  65  73   1   0   8 0.70  0.0    0 11.5 23 230   M    M   5 138    29 230
 2  79  63  71  -1   0   6 0.00  0.0    0  5.8 15 150   M    M   6        17 150
 3  81  63  72   0   0   7 0.00  0.0    0  8.2 15 190   M    M   4        19 190
 4  75  62  69  -4   0   4    T  0.0    0  2.8 10 160   M    M   6 18     13 150
 5  84  59  72  -1   0   7 0.00  0.0    0  7.3 14 280   M    M   1 18     19 280
 6  84  63  74   1   0   9 0.00  0.0    0  6.1 15 190   M    M   4 18     19 160
 7  81  66  74   1   0   9 0.01  0.0    0  9.1 21 190   M    M   8 1      26 200
 8  88  71  80   7   0  15 0.36  0.0    0  7.1 17 250   M    M   6 138    22 250
 9  78  66  72  -1   0   7    T  0.0    0  8.1 14 150   M    M   8        20  30
10  83  63  73   0   0   8 0.16  0.0    0  8.5 20 360   M    M   4 1      24 360
11  87  64  76   3   0  11 0.00  0.0    0  7.1 13 310   M    M   2        19 330
12  88  67  78   4   0  13 0.00  0.0    0  7.9 15 210   M    M   4        18 210
13  83  67  75   1   0  10 0.00  0.0    0  6.4 15 150   M    M   5        19 160
14  81  67  74   0   0   9 0.42  0.0    0  6.2 17 150   M    M   7 18     24 150
15  85  67  76   2   0  11 0.09  0.0    0  5.1 21  70   M    M   8 13     26  70
16  76  59  68  -6   0   3 0.00  0.0    0  9.4 18  10   M    M   4        26  40
17  79  57  68  -6   0   3 0.00  0.0    0  6.8 20 180   M    M   5        23 180
18  80  67  74   0   0   9 0.00  0.0    0  9.5 18 190   M    M   7        24 200
19  87  71  79   5   0  14 0.00  0.0    0  6.6 15 160   M    M   7 1      19 200
20  93  74  84  10   0  19 0.00  0.0    0  6.2 20 230   M    M   4 18     27 190
21  89  71  80   6   0  15    T  0.0    0  5.9 15 220   M    M   6        19 120
22  84  67  76   2   0  11 0.00  0.0    0  9.1 17 280   M    M   3        24 280
23  84  62  73  -1   0   8 0.00  0.0    0  8.0 16 330   M    M   2        22 320
24  82  61  72  -2   0   7 0.03  0.0    0  5.8 16 360   M    M   5 3      19 360
25  77  60  69  -5   0   4 0.00  0.0    0  6.4 15  40   M    M   5        17  40
26  81  66  74   0   0   9 0.05  0.0    0 10.0 17 210   M    M   8 13     24 240
27  80  68  74   0   0   9 0.44  0.0    0  7.9 17 160   M    M   6 13     21 160
28  89  68  79   5   0  14 0.00  0.0    0  5.0 26  50   M    M   6 13     31  50
29  93  69  81   7   0  16 0.00  0.0    0  6.4 16 220   M    M   4 1      21 250
30  87  73  80   6   0  15 0.08  0.0    0 10.2 24 230   M    M   6 1      32 220
================================================================================
SM 2499 1966         0 290  2.34     0.0 220.4          M      156
================================================================================
AV 83.3 65.5                               7.3 FASTST   M    M   5    MAX(MPH)
                                 MISC ---->  # 26  50               # 32  220
================================================================================
NOTES:
# LAST OF SEVERAL OCCURRENCES

COLUMN 17 PEAK WIND IN M.P.H.

PRELIMINARY LOCAL CLIMATOLOGICAL DATA (WS FORM: F-6) , PAGE 2

                                          STATION:  PROVIDENCE RI
                                          MONTH:    JULY
                                          YEAR:     2015
                                          LATITUDE:   41 43 N
                                          LONGITUDE:  71 26 W

[TEMPERATURE DATA]      [PRECIPITATION DATA]       SYMBOLS USED IN COLUMN 16

AVERAGE MONTHLY: 74.4   TOTAL FOR MONTH:   2.34    1 = FOG OR MIST
DPTR FM NORMAL:   0.9   DPTR FM NORMAL:   -0.82    2 = FOG REDUCING VISIBILITY
HIGHEST:    93 ON 29,20 GRTST 24HR  0.70 ON 30- 1      TO 1/4 MILE OR LESS
LOWEST:     57 ON 17                               3 = THUNDER
                        SNOW, ICE PELLETS, HAIL    4 = ICE PELLETS
                        TOTAL MONTH:   0.0 INCH    5 = HAIL
                        GRTST 24HR     0.0         6 = FREEZING RAIN OR DRIZZLE
                        GRTST DEPTH:   0           7 = DUSTSTORM OR SANDSTORM:
                                                       VSBY 1/2 MILE OR LESS
                                                   8 = SMOKE OR HAZE
[NO. OF DAYS WITH]      [WEATHER - DAYS WITH]      9 = BLOWING SNOW
                                                   X = TORNADO
MAX 32 OR BELOW:   0    0.01 INCH OR MORE:  10
MAX 90 OR ABOVE:   2    0.10 INCH OR MORE:   5
MIN 32 OR BELOW:   0    0.50 INCH OR MORE:   1
MIN  0 OR BELOW:   0    1.00 INCH OR MORE:   0

[HDD (BASE 65) ]
TOTAL THIS MO.     0    CLEAR  (SCALE 0-3)   4
DPTR FM NORMAL     0    PTCLDY (SCALE 4-7)  24
TOTAL FM JUL 1     0    CLOUDY (SCALE 8-10)  2
DPTR FM NORMAL     0

[CDD (BASE 65) ]
TOTAL THIS MO.   290
DPTR FM NORMAL    32    [PRESSURE DATA]
TOTAL FM JAN 1   472    HIGHEST SLP M ON M
DPTR FM NORMAL    56    LOWEST  SLP 29.53 ON 21

[REMARKS]
