278
CXUS54 KOUN 290700
CF6PWA
PRELIMINARY LOCAL CLIMATOLOGICAL DATA (WS FORM: F-6)

                                          STATION:   BETHANY/WILEY POST
                                          MONTH:     JULY
                                          YEAR:      2016
                                          LATITUDE:   35 31 N
                                          LONGITUDE:  97 38 W

  TEMPERATURE IN F:       :PCPN:    SNOW:  WIND      :SUNSHINE: SKY     :PK WND
================================================================================
1   2   3   4   5  6A  6B    7    8   9   10  11  12  13   14  15   16   17  18
                                     12Z  AVG MX 2MIN
DY MAX MIN AVG DEP HDD CDD  WTR  SNW DPTH SPD SPD DIR MIN PSBL S-S WX    SPD DR
================================================================================

 1  87  74  81   0   0  16 0.03  0.0    0  9.1 16 130   M    M   2 18     20 130
 2  96  76  86   5   0  21    T  0.0    0 15.8 23 170   M    M   0        31 170
 3  96  72  84   3   0  19 0.08  0.0    0 11.3 22 170   M    M   6 3      26 170
 4  96  71  84   3   0  19 0.00  0.0    0  8.0 18 190   M    M   1 1      22 190
 5 101  77  89   8   0  24 0.00  0.0    0 15.3 24 170   M    M   0        30 170
 6  99  80  90   8   0  25 0.00  0.0    0 18.9 30 180   M    M   1        40 170
 7  99  80  90   8   0  25 0.00  0.0    0 22.0 31 190   M    M   0        39 190
 8  91  72  82   0   0  17 1.10  0.0    0 12.0 31 150   M    M   5 13     38 150
 9  93  69  81  -1   0  16 0.00  0.0    0 10.4 18 140   M    M   1        23 150
10  94  71  83   1   0  18 0.00  0.0    0 14.8 23 160   M    M   0        30 170
11  94  78  86   4   0  21    T  0.0    0 21.4 31 180   M    M   0        40 180
12  95  78  87   5   0  22 0.00  0.0    0 20.8 31 180   M    M   1        39 190
13  97  79  88   6   0  23 0.00  0.0    0 19.4 29 180   M    M   0 8      37 210
14  89  74  82  -1   0  17 0.01  0.0    0 14.9 28 100   M    M   2 3      35 100
15  88  69  79  -4   0  14 0.44  0.0    0  9.2 40 130   M    M   2 13     52 130
16  91  72  82  -1   0  17 0.00  0.0    0  8.7 20 200   M    M   1 8      24 190
17  96  76  86   3   0  21 0.00  0.0    0 17.5 26 170   M    M   0        34 160
18  96  75  86   3   0  21 0.00  0.0    0 12.3 22 190   M    M   0        28 210
19  95  74  85   2   0  20 0.00  0.0    0 10.3 18 170   M    M   0        22 170
20  97  79  88   5   0  23 0.00  0.0    0 13.5 20 170   M    M   0        25 180
21 100  78  89   6   0  24 0.00  0.0    0 14.0 22 180   M    M   0        27 170
22 102  78  90   7   0  25 0.00  0.0    0 12.5 20 180   M    M   0        25 210
23 102  75  89   6   0  24 0.00  0.0    0 13.0 22 180   M    M   0        26 220
24 101  78  90   7   0  25 0.00  0.0    0 11.0 17 210   M    M   0        23 200
25  99  73  86   3   0  21 1.19  0.0    0  7.5 20  80   M    M   3 13     24 330
26  93  72  83   0   0  18 0.74  0.0    0  6.2 25 130   M    M   5 13     29 130
27  94  74  84   1   0  19 0.53  0.0    0  6.1 31  20   M    M   2 13     45  10
28  95  73  84   1   0  19    T  0.0    0  5.8 22  40   M    M   1 3      25  40
================================================================================
SM 2676 2097         0 574  4.12     0.0 361.7          M       33
================================================================================
AV 95.6 74.9                              12.9 FASTST   M    M   1    MAX(MPH)
                                 MISC ---->  # 40 130               # 52  130
================================================================================
NOTES:
# LAST OF SEVERAL OCCURRENCES

COLUMN 17 PEAK WIND IN M.P.H.

PRELIMINARY LOCAL CLIMATOLOGICAL DATA (WS FORM: F-6) , PAGE 2

                                          STATION:  BETHANY/WILEY POST
                                          MONTH:    JULY
                                          YEAR:     2016
                                          LATITUDE:   35 31 N
                                          LONGITUDE:  97 38 W

[TEMPERATURE DATA]      [PRECIPITATION DATA]       SYMBOLS USED IN COLUMN 16

AVERAGE MONTHLY: 85.2   TOTAL FOR MONTH:   4.12    1 = FOG OR MIST
DPTR FM NORMAL:   2.9   DPTR FM NORMAL:    1.65    2 = FOG REDUCING VISIBILITY
HIGHEST:   102 ON 23,22 GRTST 24HR  1.93 ON 25-26      TO 1/4 MILE OR LESS
LOWEST:     69 ON 15, 9                            3 = THUNDER
                        SNOW, ICE PELLETS, HAIL    4 = ICE PELLETS
                        TOTAL MONTH:   0.0 INCH    5 = HAIL
                        GRTST 24HR     0.0         6 = FREEZING RAIN OR DRIZZLE
                        GRTST DEPTH:   0           7 = DUSTSTORM OR SANDSTORM:
                                                       VSBY 1/2 MILE OR LESS
                                                   8 = SMOKE OR HAZE
[NO. OF DAYS WITH]      [WEATHER - DAYS WITH]      9 = BLOWING SNOW
                                                   X = TORNADO
MAX 32 OR BELOW:   0    0.01 INCH OR MORE:   8
MAX 90 OR ABOVE:  25    0.10 INCH OR MORE:   5
MIN 32 OR BELOW:   0    0.50 INCH OR MORE:   4
MIN  0 OR BELOW:   0    1.00 INCH OR MORE:   2

[HDD (BASE 65) ]
TOTAL THIS MO.     0    CLEAR  (SCALE 0-3)  25
DPTR FM NORMAL     0    PTCLDY (SCALE 4-7)   3
TOTAL FM JUL 1     0    CLOUDY (SCALE 8-10)  0
DPTR FM NORMAL     0

[CDD (BASE 65) ]
TOTAL THIS MO.   574
DPTR FM NORMAL    87    [PRESSURE DATA]
TOTAL FM JAN 1  1280    HIGHEST SLP M ON M
DPTR FM NORMAL   210    LOWEST  SLP 29.69 ON M

[REMARKS]
