000
CXUS51 KGYX 271100
CF6PWM
PRELIMINARY LOCAL CLIMATOLOGICAL DATA (WS FORM: F-6)

                                          STATION:   PORTLAND ME
                                          MONTH:     DECEMBER
                                          YEAR:      2014
                                          LATITUDE:   43 39 N
                                          LONGITUDE:  70 19 W

  TEMPERATURE IN F:       :PCPN:    SNOW:  WIND      :SUNSHINE: SKY     :PK WND
================================================================================
1   2   3   4   5  6A  6B    7    8   9   10  11  12  13   14  15   16   17  18
                                     12Z  AVG MX 2MIN
DY MAX MIN AVG DEP HDD CDD  WTR  SNW DPTH SPD SPD DIR MIN PSBL S-S WX    SPD DR
================================================================================

 1  59  34  47  13  18   0 0.00  0.0    1  8.7 20 340   M    M   6        25 340
 2  35  26  31  -3  34   0 0.02  0.1    1  8.6 15  60   M    M   5 1      19  40
 3  41  25  33  -1  32   0 0.35  1.0    1  8.2 18 260   M    M   9 126    24 250
 4  40  23  32  -1  33   0 0.00  0.0    1  8.5 14 320   M    M   2        33 350
 5  31  16  24  -9  41   0 0.01  0.2    1  6.5 10  50   M    M   6 18     13  20
 6  38  27  33   1  32   0 0.74  0.8    2  6.5 13 350   M    M  10 146    16 340
 7  38  14  26  -6  39   0 0.00  0.0    1 15.4 33 350   M    M   4        41 360
 8  22  11  17 -15  48   0 0.00  0.0    1  9.4 15  10   M    M   6        20  30
 9  39  21  30  -1  35   0 1.95  0.1    1 13.0 30  40   M    M  10 1468   42  40
10  39  37  38   7  27   0 0.62  0.0    1 11.4 23  30   M    M  10 1      32  40
11  42  33  38   8  27   0 0.11  0.2    0  6.9 15 190   M    M  10 1      20 190
12  41  32  37   7  28   0    T    T    T  5.5 13 320   M    M   9 1      18 330
13  38  32  35   5  30   0 0.06  1.2    1  8.6 15 310   M    M   8 1      20 310
14  46  29  38   9  27   0 0.00  0.0    T  7.8 14 320   M    M   5        17 310
15  42  25  34   5  31   0 0.00  0.0    T  3.1  9 100   M    M   1        12  60
16  39  32  36   7  29   0    T  0.0    T  2.6  7  40   M    M  10 1       9  40
17  42  37  40  12  25   0 0.70  0.0    T  9.2 20 350   M    M  10 1      24 340
18  45  31  38  10  27   0 0.07  0.0    T  7.7 21 300   M    M   2 1      29 290
19  39  26  33   5  32   0 0.00  0.0    T  7.3 18 350   M    M   2        23 340
20  34  22  28   1  37   0 0.00  0.0    T  6.7 13  40   M    M   3        16  30
21  35  21  28   1  37   0    T    T    T  6.6 15 360   M    M   8        18 360
22  40  31  36   9  29   0 0.06  0.0    0  5.3 10 360   M    M   9 1      13 360
23  41  35  38  12  27   0 0.43  0.0    0  7.3 17  80   M    M  10 1      22  90
24  40  37  39  13  26   0 0.67  0.0    0  6.4 10  20   M    M  10 1      14  30
25  53  38  46  20  19   0 0.14  0.0    0  8.9 31 280   M    M   6 12     39 290
26  51  32  42  17  23   0 0.00  0.0    0  8.1 16 280   M    M   0        21 260
================================================================================
SM 1050  727       793   0  5.93     3.6 204.2          M      171
================================================================================
AV 40.4 28.0                               7.9 FASTST   M    M   7    MAX(MPH)
                                 MISC ---->  # 33 350               # 42   40
================================================================================
NOTES:
# LAST OF SEVERAL OCCURRENCES

COLUMN 17 PEAK WIND IN M.P.H.

PRELIMINARY LOCAL CLIMATOLOGICAL DATA (WS FORM: F-6) , PAGE 2

                                          STATION:  PORTLAND ME
                                          MONTH:    DECEMBER
                                          YEAR:     2014
                                          LATITUDE:   43 39 N
                                          LONGITUDE:  70 19 W

[TEMPERATURE DATA]      [PRECIPITATION DATA]       SYMBOLS USED IN COLUMN 16

AVERAGE MONTHLY: 34.2   TOTAL FOR MONTH:   5.93    1 = FOG OR MIST
DPTR FM NORMAL:   4.5   DPTR FM NORMAL:    2.49    2 = FOG REDUCING VISIBILITY
HIGHEST:    59 ON  1    GRTST 24HR  2.03 ON  9-10      TO 1/4 MILE OR LESS
LOWEST:     11 ON  8                               3 = THUNDER
                        SNOW, ICE PELLETS, HAIL    4 = ICE PELLETS
                        TOTAL MONTH:   3.6 INCHES  5 = HAIL
                        GRTST 24HR   1.2 ON   M    6 = FREEZING RAIN OR DRIZZLE
                        GRTST DEPTH:   2 ON  6     7 = DUSTSTORM OR SANDSTORM:
                                                       VSBY 1/2 MILE OR LESS
                                                   8 = SMOKE OR HAZE
[NO. OF DAYS WITH]      [WEATHER - DAYS WITH]      9 = BLOWING SNOW
                                                   X = TORNADO
MAX 32 OR BELOW:   2    0.01 INCH OR MORE:  14
MAX 90 OR ABOVE:   0    0.10 INCH OR MORE:   9
MIN 32 OR BELOW:  19    0.50 INCH OR MORE:   5
MIN  0 OR BELOW:   0    1.00 INCH OR MORE:   1

[HDD (BASE 65) ]
TOTAL THIS MO.   793    CLEAR  (SCALE 0-3)   5
DPTR FM NORMAL  -125    PTCLDY (SCALE 4-7)   8
TOTAL FM JUL 1  2104    CLOUDY (SCALE 8-10) 13
DPTR FM NORMAL  -305

[CDD (BASE 65) ]
TOTAL THIS MO.     0
DPTR FM NORMAL     0    [PRESSURE DATA]
TOTAL FM JAN 1   351    HIGHEST SLP M ON M
DPTR FM NORMAL    -8    LOWEST  SLP 29.43 ON 25

[REMARKS]
