000
CXUS51 KGYX 301001
CF6PWM
PRELIMINARY LOCAL CLIMATOLOGICAL DATA (WS FORM: F-6)

                                          STATION:   PORTLAND ME
                                          MONTH:     JULY
                                          YEAR:      2014
                                          LATITUDE:   43 39 N
                                          LONGITUDE:  70 19 W

  TEMPERATURE IN F:       :PCPN:    SNOW:  WIND      :SUNSHINE: SKY     :PK WND
================================================================================
1   2   3   4   5  6A  6B    7    8   9   10  11  12  13   14  15   16   17  18
                                     12Z  AVG MX 2MIN
DY MAX MIN AVG DEP HDD CDD  WTR  SNW DPTH SPD SPD DIR MIN PSBL S-S WX    SPD DR
================================================================================

 1  83  68  76   8   0  11 0.00  0.0    0  8.8 16 190   M    M   6        23 190
 2  84  67  76   8   0  11 0.56  0.0    0  7.5 30 280   M    M   5 13     43 280
 3  79  65  72   4   0   7 0.44  0.0    0  4.6 15 270   M    M   6 13     21 280
 4  73  63  68   0   0   3 1.41  0.0    0  6.0 16  20   M    M   8 13     22 350
 5  77  59  68   0   0   3 0.55  0.0    0 12.9 29 310   M    M   8 1      43 310
 6  85  67  76   8   0  11 0.00  0.0    0 10.3 21 250   M    M   2        27 240
 7  80  63  72   3   0   7 0.06  0.0    0  8.3 17 180   M    M   3 1      24 190
 8  83  68  76   7   0  11 0.00  0.0    0  9.5 14 180   M    M   3         M  M
 9  85  64  75   6   0  10 0.02  0.0    0  8.9 21 250   M    M   4 13     29 240
10  80  63  72   3   0   7 0.01  0.0    0  6.8 15 240   M    M   4        19 240
11  76  57  67  -2   0   2 0.00  0.0    0  6.0 14 180   M    M   3         M  M
12  77  56  67  -2   0   2 0.00  0.0    0  5.6 17 190   M    M   2        24 180
13  77  62  70   1   0   5 0.02  0.0    0  9.4 18 190   M    M   5        27 210
14  84  64  74   5   0   9    T  0.0    0  7.6 16 180   M    M   4 1       M  M
15  80  67  74   5   0   9 0.90  0.0    0  8.1 16 180   M    M   8 138    28 180
16  72  64  68  -1   0   3 0.17  0.0    0  5.5 13 180   M    M   9 123    17 190
17  77  61  69  -1   0   4 0.00  0.0    0  5.6 14 190   M    M   5         M  M
18  79  55  67  -3   0   2 0.00  0.0    0  4.1 14 150   M    M   2 8      17 160
19  77  56  67  -3   0   2 0.00  0.0    0  3.8  9  90   M    M   7        12 120
20  73  56  65  -5   0   0 0.00  0.0    0  4.0 12 100   M    M   7 1      14 130
21  76  54  65  -5   0   0 0.00  0.0    0  4.4 12 190   M    M   2        15 160
22  82  59  71   1   0   6 0.00  0.0    0  6.8 16 180   M    M   1        24 230
23  87  70  79   9   0  14 0.30  0.0    0  9.0 23 330   M    M   4 13     29 330
24  75  59  67  -3   0   2 0.45  0.0    0  6.5 17  10   M    M   7 1      20 360
25  80  55  68  -2   0   3 0.00  0.0    0  5.3 12 270   M    M   2        15 140
26  80  57  69  -1   0   4    T  0.0    0  6.2 16 180   M    M   3 18     25 240
27  73  60  67  -3   0   2 0.32  0.0    0  5.3 17 170   M    M   7 1      25 250
28  73  64  69  -1   0   4 0.90  0.0    0  7.3 17 160   M    M   9 123    27 160
29   M   M   M   M   M   M    M    M    M   M   M   M   M    M   M 123     M  M
================================================================================
SM 2207 1723         0 154  6.11     0.0 194.1          M      136
================================================================================
AV 78.8 61.5                               6.9 FASTST   M    M   5    MAX(MPH)
                                 MISC ---->  # 30 280               # 43  280
================================================================================
NOTES:
# LAST OF SEVERAL OCCURRENCES

COLUMN 17 PEAK WIND IN M.P.H.

PRELIMINARY LOCAL CLIMATOLOGICAL DATA (WS FORM: F-6) , PAGE 2

                                          STATION:  PORTLAND ME
                                          MONTH:    JULY
                                          YEAR:     2014
                                          LATITUDE:   43 39 N
                                          LONGITUDE:  70 19 W

[TEMPERATURE DATA]      [PRECIPITATION DATA]       SYMBOLS USED IN COLUMN 16

AVERAGE MONTHLY: 70.2   TOTAL FOR MONTH:   6.11    1 = FOG OR MIST
DPTR FM NORMAL:   0.9   DPTR FM NORMAL:    2.73    2 = FOG REDUCING VISIBILITY
HIGHEST:    87 ON 23    GRTST 24HR  1.96 ON  4- 5      TO 1/4 MILE OR LESS
LOWEST:     54 ON 21                               3 = THUNDER
                        SNOW, ICE PELLETS, HAIL    4 = ICE PELLETS
                        TOTAL MONTH:   0.0 INCH    5 = HAIL
                        GRTST 24HR     0.0         6 = FREEZING RAIN OR DRIZZLE
                        GRTST DEPTH:   0           7 = DUSTSTORM OR SANDSTORM:
                                                       VSBY 1/2 MILE OR LESS
                                                   8 = SMOKE OR HAZE
[NO. OF DAYS WITH]      [WEATHER - DAYS WITH]      9 = BLOWING SNOW
                                                   X = TORNADO
MAX 32 OR BELOW:   0    0.01 INCH OR MORE:  14
MAX 90 OR ABOVE:   0    0.10 INCH OR MORE:  10
MIN 32 OR BELOW:   0    0.50 INCH OR MORE:   5
MIN  0 OR BELOW:   0    1.00 INCH OR MORE:   1

[HDD (BASE 65) ]
TOTAL THIS MO.     0    CLEAR  (SCALE 0-3)   9
DPTR FM NORMAL   -12    PTCLDY (SCALE 4-7)  15
TOTAL FM JUL 1     0    CLOUDY (SCALE 8-10)  4
DPTR FM NORMAL   -12

[CDD (BASE 65) ]
TOTAL THIS MO.   154
DPTR FM NORMAL    19    [PRESSURE DATA]
TOTAL FM JAN 1   210    HIGHEST SLP M ON M
DPTR FM NORMAL    11    LOWEST  SLP 29.42 ON 28

[REMARKS]
