000
CXUS53 KMKX 300646
CF6RAC
PRELIMINARY LOCAL CLIMATOLOGICAL DATA (WS FORM: F-6)

                                          STATION:   RACINE WI
                                          MONTH:     NOVEMBER
                                          YEAR:      2016
                                          LATITUDE:   42 45 N
                                          LONGITUDE:  87 49 W

  TEMPERATURE IN F:       :PCPN:    SNOW:  WIND      :SUNSHINE: SKY     :PK WND
================================================================================
1   2   3   4   5  6A  6B    7    8   9   10  11  12  13   14  15   16   17  18
                                     12Z  AVG MX 2MIN
DY MAX MIN AVG DEP HDD CDD  WTR  SNW DPTH SPD SPD DIR MIN PSBL S-S WX    SPD DR
================================================================================

 1  74  56  65  19   0   0 0.00  0.0    0  5.6 14 230   M    M   4 8      20 290
 2  62  49  56  11   9   0 0.85  0.0    0  8.5 17  20   M    M   9 13     22  10
 3  63  42  53   8  12   0 0.00  0.0    0  6.0 14  30   M    M   3 1      20  40
 4  61  41  51   7  14   0 0.00  0.0    0  5.4 12 260   M    M   0        17 220
 5  69  47  58  14   7   0 0.00  0.0    0  5.1 12 260   M    M   0 18     15 260
 6  69  47  58  15   7   0 0.00  0.0    0  5.3 10 160   M    M   0 18     13 160
 7  62  42  52   9  13   0 0.00  0.0    0  5.1 14 170   M    M   0        17 170
 8  59  45  52  10  13   0    T  0.0    0 12.2 23  10   M    M   7        32 360
 9  58  38  48   6  17   0 0.00  0.0    0  6.6 13 330   M    M   0        16 350
10  65  41  53  11  12   0 0.00  0.0    0 11.3 23 240   M    M   0        31 230
11  52  36  44   3  21   0 0.00    M    M 13.8 25  10   M    M   5        33  30
12  52  31  42   2  23   0 0.00    M    M  9.4 17 240   M    M   0        24 240
13  58  38  48   8  17   0 0.00    M    M 12.9 22 230   M    M   0        27 220
14  58  40  49   9  16   0 0.00    M    M  7.0 14 220   M    M   0        20 220
15  53  40  47   8  18   0 0.00  0.0    0  4.2  9 300   M    M   5 128    13 300
16  53  40  47   8  18   0 0.00  0.0    0  5.9 14 170   M    M   2 18     17 150
17  67  51  59  21   6   0 0.00  0.0    0 10.7 17 210   M    M   0 18     24 210
18  69  38  54  16  11   0    T    M    0 16.1 28 230   M    M   4        42 220
19  38  27  33  -4  32   0    T    M    0 16.7 26 320   M    M   7 1      40 300
20  33  23  28  -9  37   0 0.00  0.0    0  7.4 16 360   M    M   1        19 360
21  36  23  30  -6  35   0 0.00  0.0    0  5.2 14 360   M    M   1        17 340
22  43  23  33  -3  32   0    T    M    M  7.6 17 110   M    M   6        22 140
23  44  41  43   8  22   0 0.06    M    M 10.8 21 160   M    M   9 18     27 150
24  42  36  39   4  26   0 0.00    M    M  9.2 16 300   M    M  10        23 300
25  40  34  37   3  28   0 0.01    M    M  6.3 13 280   M    M  10 1      19 280
26  47  33  40   6  25   0 0.00    M    M  6.6 13 210   M    M   4 1      17 220
27  45  32  39   6  26   0 0.02    M    M 10.6 22 160   M    M   7 18     32 180
28  51  42  47  14  18   0 0.96    M    M 14.7 25 160   M    M  10 18     34 150
29  55  42  49  17  16   0    T    M    M 10.4 24 210   M    M   1        29 220
================================================================================
SM 1578 1118       531   0  1.90     0.0 256.6          M      105
================================================================================
AV 54.4 38.6                               8.8 FASTST   M    M   4    MAX(MPH)
                                 MISC ---->  # 28 230               # 42  220
================================================================================
NOTES:
# LAST OF SEVERAL OCCURRENCES

COLUMN 17 PEAK WIND IN M.P.H.

PRELIMINARY LOCAL CLIMATOLOGICAL DATA (WS FORM: F-6) , PAGE 2

                                          STATION:  RACINE WI
                                          MONTH:    NOVEMBER
                                          YEAR:     2016
                                          LATITUDE:   42 45 N
                                          LONGITUDE:  87 49 W

[TEMPERATURE DATA]      [PRECIPITATION DATA]       SYMBOLS USED IN COLUMN 16

AVERAGE MONTHLY: 46.5   TOTAL FOR MONTH:   1.90    1 = FOG OR MIST
DPTR FM NORMAL:   7.4   DPTR FM NORMAL:   -0.65    2 = FOG REDUCING VISIBILITY
HIGHEST:    74 ON  1    GRTST 24HR  0.96 ON 28-28      TO 1/4 MILE OR LESS
LOWEST:     23 ON 22,21                            3 = THUNDER
                        SNOW, ICE PELLETS, HAIL    4 = ICE PELLETS
                        TOTAL MONTH:   0.0 INCH    5 = HAIL
                        GRTST 24HR     0.0         6 = FREEZING RAIN OR DRIZZLE
                        GRTST DEPTH:   0           7 = DUSTSTORM OR SANDSTORM:
                                                       VSBY 1/2 MILE OR LESS
                                                   8 = SMOKE OR HAZE
[NO. OF DAYS WITH]      [WEATHER - DAYS WITH]      9 = BLOWING SNOW
                                                   X = TORNADO
MAX 32 OR BELOW:   0    0.01 INCH OR MORE:   5
MAX 90 OR ABOVE:   0    0.10 INCH OR MORE:   2
MIN 32 OR BELOW:   6    0.50 INCH OR MORE:   2
MIN  0 OR BELOW:   0    1.00 INCH OR MORE:   0

[HDD (BASE 65) ]
TOTAL THIS MO.   531    CLEAR  (SCALE 0-3)  14
DPTR FM NORMAL  -221    PTCLDY (SCALE 4-7)  10
TOTAL FM JUL 1   871    CLOUDY (SCALE 8-10)  5
DPTR FM NORMAL  -453

[CDD (BASE 65) ]
TOTAL THIS MO.     0
DPTR FM NORMAL     0    [PRESSURE DATA]
TOTAL FM JAN 1   874    HIGHEST SLP M ON M
DPTR FM NORMAL   293    LOWEST  SLP 29.06 ON 28

[REMARKS]
