595
CXUS53 KMKX 190655
CF6RAC
PRELIMINARY LOCAL CLIMATOLOGICAL DATA (WS FORM: F-6)

                                          STATION:   RACINE WI
                                          MONTH:     SEPTEMBER
                                          YEAR:      2017
                                          LATITUDE:   42 45 N
                                          LONGITUDE:  87 49 W

  TEMPERATURE IN F:       :PCPN:    SNOW:  WIND      :SUNSHINE: SKY     :PK WND
================================================================================
1   2   3   4   5  6A  6B    7    8   9   10  11  12  13   14  15   16   17  18
                                     12Z  AVG MX 2MIN
DY MAX MIN AVG DEP HDD CDD  WTR  SNW DPTH SPD SPD DIR MIN PSBL S-S WX    SPD DR
================================================================================

 1  67  53  60  -8   5   0 0.00  0.0    0 11.5 23 100   M    M   2        27 110
 2  73  48  61  -6   4   0 0.17  0.0    0  4.5 14 330   M    M   2 13     17 310
 3  82  55  69   2   0   4 0.00  0.0    0  7.7 14 220   M    M   0        20 240
 4  78  59  69   2   0   4    T  0.0    0  9.1 22 270   M    M   3 18     31 280
 5  67  50  59  -7   6   0    T    M    M  9.7 20 300   M    M   4        27 310
 6  64  47  56 -10   9   0 0.07    M    M  6.5 15 340   M    M   5 1      18 330
 7  68  51  60  -6   5   0 0.01    M    M  7.0 15 320   M    M   5        19 300
 8  66  55  61  -5   4   0 0.17  0.0    0  7.4 15  50   M    M   7 1      18  50
 9  67  53  60  -5   5   0 0.00  0.0    0  9.0 17 130   M    M   1        23 120
10  67  48  58  -7   7   0 0.00  0.0    0  5.4 15 120   M    M   0        20 130
11  71  47  59  -5   6   0 0.00  0.0    0  3.8 14 120   M    M   0        17 140
12  75  49  62  -2   3   0 0.00  0.0    0  2.7 10 100   M    M   0 1      12 120
13  75  52  64   0   1   0 0.00  0.0    0  4.6 12 110   M    M   5 12     15 110
14  73  61  67   4   0   2 0.00  0.0    0  6.0 14 160   M    M   4 128    17 160
15  78  61  70   7   0   5 0.00  0.0    0  9.0 17 160   M    M   0        22 160
16  81  62  72   9   0   7 0.00  0.0    0  8.1 18 160   M    M   0        23 160
17  83  54  69   7   0   4    T  0.0    0  7.1 15 310   M    M   3        17 310
18  72  50  61  -1   4   0 0.00    M    M  5.2 14 100   M    M   3        19 100
================================================================================
SM 1307  955        59  26  0.42     0.0 124.3          M       44
================================================================================
AV 72.6 53.1                               6.9 FASTST   M    M   2    MAX(MPH)
                                 MISC ---->  # 23 100               # 31  280
================================================================================
NOTES:
# LAST OF SEVERAL OCCURRENCES

COLUMN 17 PEAK WIND IN M.P.H.

PRELIMINARY LOCAL CLIMATOLOGICAL DATA (WS FORM: F-6) , PAGE 2

                                          STATION:  RACINE WI
                                          MONTH:    SEPTEMBER
                                          YEAR:     2017
                                          LATITUDE:   42 45 N
                                          LONGITUDE:  87 49 W

[TEMPERATURE DATA]      [PRECIPITATION DATA]       SYMBOLS USED IN COLUMN 16

AVERAGE MONTHLY: 62.8   TOTAL FOR MONTH:   0.42    1 = FOG OR MIST
DPTR FM NORMAL:  -2.1   DPTR FM NORMAL:   -1.73    2 = FOG REDUCING VISIBILITY
HIGHEST:    83 ON 17    GRTST 24HR  0.17 ON  8- 8      TO 1/4 MILE OR LESS
LOWEST:     47 ON 11, 6                            3 = THUNDER
                        SNOW, ICE PELLETS, HAIL    4 = ICE PELLETS
                        TOTAL MONTH:   0.0 INCH    5 = HAIL
                        GRTST 24HR     0.0         6 = FREEZING RAIN OR DRIZZLE
                        GRTST DEPTH:   0           7 = DUSTSTORM OR SANDSTORM:
                                                       VSBY 1/2 MILE OR LESS
                                                   8 = SMOKE OR HAZE
[NO. OF DAYS WITH]      [WEATHER - DAYS WITH]      9 = BLOWING SNOW
                                                   X = TORNADO
MAX 32 OR BELOW:   0    0.01 INCH OR MORE:   4
MAX 90 OR ABOVE:   0    0.10 INCH OR MORE:   2
MIN 32 OR BELOW:   0    0.50 INCH OR MORE:   0
MIN  0 OR BELOW:   0    1.00 INCH OR MORE:   0

[HDD (BASE 65) ]
TOTAL THIS MO.    59    CLEAR  (SCALE 0-3)  11
DPTR FM NORMAL    14    PTCLDY (SCALE 4-7)   7
TOTAL FM JUL 1    73    CLOUDY (SCALE 8-10)  0
DPTR FM NORMAL     7

[CDD (BASE 65) ]
TOTAL THIS MO.    26
DPTR FM NORMAL   -17    [PRESSURE DATA]
TOTAL FM JAN 1   499    HIGHEST SLP M ON M
DPTR FM NORMAL   -64    LOWEST  SLP 29.65 ON  4

[REMARKS]
