000
CXUS53 KUNR 010945
CF6RAP
PRELIMINARY LOCAL CLIMATOLOGICAL DATA (WS FORM: F-6)

                                          STATION:   RAPID CITY AIRPORT SD
                                          MONTH:     JULY
                                          YEAR:      2014
                                          LATITUDE:   44  2 N
                                          LONGITUDE: 103  4 W

  TEMPERATURE IN F:       :PCPN:    SNOW:  WIND      :SUNSHINE: SKY     :PK WND
================================================================================
1   2   3   4   5  6A  6B    7    8   9   10  11  12  13   14  15   16   17  18
                                     12Z  AVG MX 2MIN
DY MAX MIN AVG DEP HDD CDD  WTR  SNW DPTH SPD SPD DIR MIN PSBL S-S WX    SPD DR
================================================================================

 1  71  51  61  -9   4   0    T  0.0    0 19.9 33 320   M    M   2 1      43 310
 2  75  49  62  -8   3   0 0.00  0.0    0  4.9 12 120   M    M   0        17 120
 3  83  51  67  -3   0   2 0.00  0.0    0  6.4 16 120   M    M   0        21 120
 4  88  63  76   6   0  11 0.01  0.0    0  7.6 20 240   M    M   0 18     24 240
 5  91  59  75   4   0  10 0.00  0.0    0  5.8 13 340   M    M   0 18     16 160
 6  86  64  75   4   0  10 0.00  0.0    0  9.2 18 350   M    M   0        24 350
 7  80  56  68  -3   0   3 0.13  0.0    0 11.8 25 340   M    M   4 3      34  20
 8  79  52  66  -6   0   1 0.00  0.0    0  8.2 20 350   M    M   0        25 360
 9  79  54  67  -5   0   2 0.00  0.0    0  6.9 18 130   M    M   2        23 150
10  84  56  70  -2   0   5 0.03  0.0    0  6.7 15 160   M    M   0 13     17 160
11  89  62  76   4   0  11 0.73  0.0    0  7.9 26 130   M    M   2 138    34 130
12  82  60  71  -1   0   6 0.00  0.0    0  5.2 13 170   M    M   3 18     16 160
13  85  57  71  -2   0   6 0.00  0.0    0  8.1 18  30   M    M   1        23 350
14  72  46  59 -14   6   0 0.00  0.0    0 10.7 21 360   M    M   0        30  10
15  73  45  59 -14   6   0 0.00  0.0    0  7.2 18 140   M    M   1        22 140
16  77  52  65  -8   0   0 0.00  0.0    0  6.0 17 130   M    M   1        21 130
17  82  52  67  -6   0   2 0.00  0.0    0  6.1 15 200   M    M   0 1      22 180
18  88  57  73   0   0   8 0.04  0.0    0  9.4 29 340   M    M   0 3      34 350
19  87  60  74   1   0   9 0.23  0.0    0  9.5 26 150   M    M   1 13     31 200
20  93  60  77   3   0  12 0.00  0.0    0  4.5 14 350   M    M   0        16 140
21  96  64  80   6   0  15    T  0.0    0  8.2 23 330   M    M   0 3      33 340
22  86  62  74   0   0   9 0.30  0.0    0  7.2 30 120   M    M   2 13     37 120
23  85  60  73  -1   0   8 0.46  0.0    0 12.6 39 280   M    M   1 13     49 280
24  93  64  79   5   0  14 0.00  0.0    0  7.4 23 330   M    M   0        33 290
25  81  62  72  -2   0   7 0.00  0.0    0 11.1 31 330   M    M   0        40 330
26  83  54  69  -5   0   4 0.00  0.0    0 14.2 25 330   M    M   0        34 330
27  82  51  67  -7   0   2 0.00  0.0    0  9.8 23 360   M    M   0        29  10
28  81  50  66  -8   0   1 0.00  0.0    0  6.9 16 130   M    M   1        21 120
29  73  51  62 -12   3   0    T  0.0    0  3.9 13 190   M    M   1        15 190
30  86  50  68  -6   0   3 0.00  0.0    0  6.7 17  20   M    M   0        24  10
31  88  54  71  -3   0   6 0.01  0.0    0  6.7 25  90   M    M   1 3      32  80
================================================================================
SM 2578 1728        22 167  1.94     0.0 256.7          M       23
================================================================================
AV 83.2 55.7                               8.3 FASTST   M    M   1    MAX(MPH)
                                 MISC ---->  # 39 280               # 49  280
================================================================================
NOTES:
# LAST OF SEVERAL OCCURRENCES

COLUMN 17 PEAK WIND IN M.P.H.

PRELIMINARY LOCAL CLIMATOLOGICAL DATA (WS FORM: F-6) , PAGE 2

                                          STATION:  RAPID CITY AIRPORT SD
                                          MONTH:    JULY
                                          YEAR:     2014
                                          LATITUDE:   44  2 N
                                          LONGITUDE: 103  4 W

[TEMPERATURE DATA]      [PRECIPITATION DATA]       SYMBOLS USED IN COLUMN 16

AVERAGE MONTHLY: 69.5   TOTAL FOR MONTH:   1.94    1 = FOG OR MIST
DPTR FM NORMAL:  -3.1   DPTR FM NORMAL:    0.09    2 = FOG REDUCING VISIBILITY
HIGHEST:    96 ON 21    GRTST 24HR  0.76 ON 22-23      TO 1/4 MILE OR LESS
LOWEST:     45 ON 15                               3 = THUNDER
                        SNOW, ICE PELLETS, HAIL    4 = ICE PELLETS
                        TOTAL MONTH:   0.0 INCH    5 = HAIL
                        GRTST 24HR     0.0         6 = FREEZING RAIN OR DRIZZLE
                        GRTST DEPTH:   0           7 = DUSTSTORM OR SANDSTORM:
                                                       VSBY 1/2 MILE OR LESS
                                                   8 = SMOKE OR HAZE
[NO. OF DAYS WITH]      [WEATHER - DAYS WITH]      9 = BLOWING SNOW
                                                   X = TORNADO
MAX 32 OR BELOW:   0    0.01 INCH OR MORE:   9
MAX 90 OR ABOVE:   4    0.10 INCH OR MORE:   5
MIN 32 OR BELOW:   0    0.50 INCH OR MORE:   1
MIN  0 OR BELOW:   0    1.00 INCH OR MORE:   0

[HDD (BASE 65) ]
TOTAL THIS MO.    22    CLEAR  (SCALE 0-3)  30
DPTR FM NORMAL     7    PTCLDY (SCALE 4-7)   1
TOTAL FM JUL 1    22    CLOUDY (SCALE 8-10)  0
DPTR FM NORMAL     7

[CDD (BASE 65) ]
TOTAL THIS MO.   167
DPTR FM NORMAL   -83    [PRESSURE DATA]
TOTAL FM JAN 1   209    HIGHEST SLP 30.37 ON 23
DPTR FM NORMAL  -140    LOWEST  SLP 29.56 ON 24

[REMARKS]
#FINAL-07-14#
