000
CXUS54 KFWD 200730
CF6RBD
PRELIMINARY LOCAL CLIMATOLOGICAL DATA (WS FORM: F-6)

                                          STATION:   DALLAS EXECUTIVE
                                          MONTH:     OCTOBER
                                          YEAR:      2017
                                          LATITUDE:   32 40 N
                                          LONGITUDE:  96 52 W

  TEMPERATURE IN F:       :PCPN:    SNOW:  WIND      :SUNSHINE: SKY     :PK WND
================================================================================
1   2   3   4   5  6A  6B    7    8   9   10  11  12  13   14  15   16   17  18
                                     12Z  AVG MX 2MIN
DY MAX MIN AVG DEP HDD CDD  WTR  SNW DPTH SPD SPD DIR MIN PSBL S-S WX    SPD DR
================================================================================

 1  88  60  74   2   0   9 0.00  0.0    0  5.7 12 170   M    M   0        15 160
 2  91  67  79   8   0  14 0.00  0.0    0  9.9 20 140   M    M   2        26 150
 3  86  74  80   9   0  15 2.47  0.0    0  8.8 20 140   M    M   9 123    24 140
 4  87  73  80   9   0  15 0.19  0.0    0  7.5 16 140   M    M   3 1      20 130
 5  88  65  77   7   0  12 0.00  0.0    0  4.4 10 120   M    M   1        15 160
 6  88  68  78   8   0  13 0.00  0.0    0  6.9 16 150   M    M   0        22 180
 7  87  63  75   5   0  10 0.00  0.0    0  7.2 18 350   M    M   2        23 330
 8  90  57  74   5   0   9 0.00  0.0    0  4.4 10 280   M    M   0 8      16 280
 9  94  69  82  13   0  17 0.13  0.0    0  9.7 23 310   M    M   2        28 160
10  72  54  63  -6   2   0 0.56  0.0    0 14.0 24 330   M    M   5 3      31 320
11  76  49  63  -5   2   0 0.00  0.0    0  4.3 13 340   M    M   0        16 340
12  87  57  72   4   0   7 0.00  0.0    0  4.0 12 140   M    M   0        17 160
13  91  68  80  12   0  15 0.00  0.0    0  5.7 14 150   M    M   1 1      18 140
14  91  70  81  13   0  16 0.00  0.0    0  7.5 17 160   M    M   0 1      24 170
15  78  55  67   0   0   2 0.05  0.0    0 12.8 30 340   M    M   3 1      34 340
16  74  47  61  -6   4   0 0.00  0.0    0  5.6 13  30   M    M   0        17  50
17  76  46  61  -6   4   0 0.00  0.0    0  3.4 13 130   M    M   0        17 120
18  82  50  66   0   0   1 0.00  0.0    0  6.8 14 160   M    M   0        21 140
19  82  57  70   4   0   5 0.00  0.0    0  6.6 15 140   M    M   0 8      19 140
================================================================================
SM 1608 1149        12 160  3.40     0.0 135.2          M       28
================================================================================
AV 84.6 60.5                               7.1 FASTST   M    M   1    MAX(MPH)
                                 MISC ---->  # 30 340               # 34  340
================================================================================
NOTES:
# LAST OF SEVERAL OCCURRENCES

COLUMN 17 PEAK WIND IN M.P.H.

PRELIMINARY LOCAL CLIMATOLOGICAL DATA (WS FORM: F-6) , PAGE 2

                                          STATION:  DALLAS EXECUTIVE
                                          MONTH:    OCTOBER
                                          YEAR:     2017
                                          LATITUDE:   32 40 N
                                          LONGITUDE:  96 52 W

[TEMPERATURE DATA]      [PRECIPITATION DATA]       SYMBOLS USED IN COLUMN 16

AVERAGE MONTHLY: 72.6   TOTAL FOR MONTH:   3.40    1 = FOG OR MIST
DPTR FM NORMAL:   3.8   DPTR FM NORMAL:    0.71    2 = FOG REDUCING VISIBILITY
HIGHEST:    94 ON  9    GRTST 24HR  2.63 ON  3- 4      TO 1/4 MILE OR LESS
LOWEST:     46 ON 17                               3 = THUNDER
                        SNOW, ICE PELLETS, HAIL    4 = ICE PELLETS
                        TOTAL MONTH:   0.0 INCH    5 = HAIL
                        GRTST 24HR     0.0         6 = FREEZING RAIN OR DRIZZLE
                        GRTST DEPTH:   0           7 = DUSTSTORM OR SANDSTORM:
                                                       VSBY 1/2 MILE OR LESS
                                                   8 = SMOKE OR HAZE
[NO. OF DAYS WITH]      [WEATHER - DAYS WITH]      9 = BLOWING SNOW
                                                   X = TORNADO
MAX 32 OR BELOW:   0    0.01 INCH OR MORE:   5
MAX 90 OR ABOVE:   5    0.10 INCH OR MORE:   4
MIN 32 OR BELOW:   0    0.50 INCH OR MORE:   2
MIN  0 OR BELOW:   0    1.00 INCH OR MORE:   1

[HDD (BASE 65) ]
TOTAL THIS MO.    12    CLEAR  (SCALE 0-3)  17
DPTR FM NORMAL   -16    PTCLDY (SCALE 4-7)   1
TOTAL FM JUL 1    12    CLOUDY (SCALE 8-10)  1
DPTR FM NORMAL   -21

[CDD (BASE 65) ]
TOTAL THIS MO.   160
DPTR FM NORMAL    59    [PRESSURE DATA]
TOTAL FM JAN 1  2850    HIGHEST SLP M ON M
DPTR FM NORMAL   345    LOWEST  SLP 29.58 ON  8

[REMARKS]
