000
CXUS56 KSTO 011355
CF6RBL
PRELIMINARY LOCAL CLIMATOLOGICAL DATA (WS FORM: F-6)

                                          STATION:   RED BLUFF AIRPORT CA
                                          MONTH:     AUGUST
                                          YEAR:      2015
                                          LATITUDE:   40  9 N
                                          LONGITUDE: 122 15 W

  TEMPERATURE IN F:       :PCPN:    SNOW:  WIND      :SUNSHINE: SKY     :PK WND
================================================================================
1   2   3   4   5  6A  6B    7    8   9   10  11  12  13   14  15   16   17  18
                                     12Z  AVG MX 2MIN
DY MAX MIN AVG DEP HDD CDD  WTR  SNW DPTH SPD SPD DIR MIN PSBL S-S WX    SPD DR
================================================================================

 1  97  69  83   2   0  18 0.00  0.0    0  7.9 15 160   M    M   0        22 140
 2  95  73  84   3   0  19 0.00  0.0    0  4.6 14 160   M    M   0 3      17 160
 3  96  66  81   0   0  16 0.00  0.0    0  7.6 16 170   M    M   0        21 130
 4  82  61  72  -9   0   7 0.00  0.0    0  7.3 18 140   M    M   0        23 150
 5  91  64  78  -3   0  13 0.00  0.0    0  3.3 12 170   M    M   0        14 170
 6  98  64  81   0   0  16 0.00  0.0    0  5.6 18 140   M    M   1 8      22 130
 7  96  72  84   3   0  19 0.00  0.0    0  7.8 18 170   M    M   0        23 150
 8  92  66  79  -1   0  14 0.00  0.0    0  6.8 15 160   M    M   0        19 170
 9  97  64  81   1   0  16 0.00  0.0    0  4.5 13 310   M    M   1 8      17 320
10  92  68  80   0   0  15 0.00  0.0    0  6.5 17 140   M    M   4 8      29 170
11  91  64  78  -2   0  13 0.00  0.0    0  8.1 16 150   M    M   0        22 150
12  93  62  78  -2   0  13 0.00  0.0    0  7.0 17 160   M    M   1        23 140
13  94  60  77  -3   0  12 0.00  0.0    0  8.2 22 140   M    M   0        29 150
14  91  62  77  -3   0  12 0.00  0.0    0  5.2 17 160   M    M   3 8      23 170
15 102  63  83   3   0  18 0.00  0.0    0  7.3 22 350   M    M   1 8      27 350
16 105  62  84   5   0  19 0.00  0.0    0  6.8 13 130   M    M   2 8      17 140
17 106  66  86   7   0  21 0.00  0.0    0  5.0 12 170   M    M   0 8      15 140
18 105  63  84   5   0  19 0.00  0.0    0  6.4 16 150   M    M   0 8      20 150
19  96  64  80   1   0  15 0.00  0.0    0  4.5 13 160   M    M   2        15 160
20  92  64  78  -1   0  13 0.00  0.0    0  4.7 13 150   M    M   4        18 140
21  94  65  80   1   0  15 0.00  0.0    0  3.9 13 150   M    M   0        16 140
22  97  62  80   2   0  15 0.00  0.0    0  5.6 17 150   M    M   0        26 150
23  93  61  77  -1   0  12 0.00  0.0    0  5.8 16 160   M    M   0        20 150
24  96  64  80   2   0  15 0.00  0.0    0  5.8 16 140   M    M   0        20 160
25  97  60  79   1   0  14 0.00  0.0    0  5.8 18 160   M    M   0        22 140
26  98  62  80   2   0  15 0.00  0.0    0  5.5 16 170   M    M   0        21 160
27 101  64  83   5   0  18 0.00  0.0    0  6.3 17 150   M    M   0        21 170
28  99  70  85   7   0  20 0.00  0.0    0 10.4 24 150   M    M   0        29 160
29  89  67  78   0   0  13 0.00  0.0    0 18.2 32 140   M    M   2        39 150
30  89  58  74  -3   0   9 0.00  0.0    0  3.7 10 330   M    M   0        19 330
31  95  60  78   1   0  13 0.00  0.0    0  6.6 15 150   M    M   0        19 150
================================================================================
SM 2959 1990         0 467  0.00     0.0 202.7          M       21
================================================================================
AV 95.5 64.2                               6.5 FASTST   M    M   1    MAX(MPH)
                                 MISC ---->  # 32 140               # 39  150
================================================================================
NOTES:
# LAST OF SEVERAL OCCURRENCES

COLUMN 17 PEAK WIND IN M.P.H.

PRELIMINARY LOCAL CLIMATOLOGICAL DATA (WS FORM: F-6) , PAGE 2

                                          STATION:  RED BLUFF AIRPORT CA
                                          MONTH:    AUGUST
                                          YEAR:     2015
                                          LATITUDE:   40  9 N
                                          LONGITUDE: 122 15 W

[TEMPERATURE DATA]      [PRECIPITATION DATA]       SYMBOLS USED IN COLUMN 16

AVERAGE MONTHLY: 79.8   TOTAL FOR MONTH:   0.00    1 = FOG OR MIST
DPTR FM NORMAL:   0.5   DPTR FM NORMAL:   -0.13    2 = FOG REDUCING VISIBILITY
HIGHEST:   106 ON 17    GRTST 24HR  0.00 ON 31-31      TO 1/4 MILE OR LESS
LOWEST:     58 ON 30                               3 = THUNDER
                        SNOW, ICE PELLETS, HAIL    4 = ICE PELLETS
                        TOTAL MONTH:   0.0 INCH    5 = HAIL
                        GRTST 24HR     0.0         6 = FREEZING RAIN OR DRIZZLE
                        GRTST DEPTH:   0           7 = DUSTSTORM OR SANDSTORM:
                                                       VSBY 1/2 MILE OR LESS
                                                   8 = SMOKE OR HAZE
[NO. OF DAYS WITH]      [WEATHER - DAYS WITH]      9 = BLOWING SNOW
                                                   X = TORNADO
MAX 32 OR BELOW:   0    0.01 INCH OR MORE:   0
MAX 90 OR ABOVE:  28    0.10 INCH OR MORE:   0
MIN 32 OR BELOW:   0    0.50 INCH OR MORE:   0
MIN  0 OR BELOW:   0    1.00 INCH OR MORE:   0

[HDD (BASE 65) ]
TOTAL THIS MO.     0    CLEAR  (SCALE 0-3)  29
DPTR FM NORMAL     0    PTCLDY (SCALE 4-7)   2
TOTAL FM JUL 1     0    CLOUDY (SCALE 8-10)  0
DPTR FM NORMAL     0

[CDD (BASE 65) ]
TOTAL THIS MO.   467
DPTR FM NORMAL    22    [PRESSURE DATA]
TOTAL FM JAN 1  1794    HIGHEST SLP M ON M
DPTR FM NORMAL   336    LOWEST  SLP 29.67 ON 28

[REMARKS]
#FINAL-08-15#
