524
CXUS56 KSTO 291355
CF6RBL
PRELIMINARY LOCAL CLIMATOLOGICAL DATA (WS FORM: F-6)

                                          STATION:   RED BLUFF AIRPORT CA
                                          MONTH:     APRIL
                                          YEAR:      2016
                                          LATITUDE:   40  9 N
                                          LONGITUDE: 122 15 W

  TEMPERATURE IN F:       :PCPN:    SNOW:  WIND      :SUNSHINE: SKY     :PK WND
================================================================================
1   2   3   4   5  6A  6B    7    8   9   10  11  12  13   14  15   16   17  18
                                     12Z  AVG MX 2MIN
DY MAX MIN AVG DEP HDD CDD  WTR  SNW DPTH SPD SPD DIR MIN PSBL S-S WX    SPD DR
================================================================================

 1  74  48  61   5   4   0 0.00  0.0    0  5.8 13 180   M    M   0        16 170
 2  75  49  62   6   3   0 0.00  0.0    0  3.2 10 200   M    M   0        13 200
 3  79  53  66  10   0   1 0.00  0.0    0  4.2 15 190   M    M   2        17 200
 4  78  49  64   8   1   0 0.00  0.0    0  7.3 16 320   M    M   0        24 320
 5  84  56  70  13   0   5 0.00  0.0    0 15.0 29 350   M    M   0        37 350
 6  91  57  74  17   0   9 0.00  0.0    0  8.3 16 350   M    M   0 8      27 300
 7  87  50  69  12   0   4 0.00  0.0    0  8.1 22 150   M    M   0 8      29 150
 8  78  50  64   7   1   0    T  0.0    0  4.3 13 170   M    M   0        16  60
 9  65  58  62   5   3   0 0.19  0.0    0  8.6 16 160   M    M  10 1      20 180
10  68  57  63   5   2   0 0.01  0.0    0  5.8 10 170   M    M  10 1      13 190
11  73  58  66   8   0   1    T  0.0    0  4.4 12 200   M    M   9 1      14 170
12  70  57  64   6   1   0 0.41  0.0    0  6.5 13 340   M    M   9 138    17 320
13  70  48  59   1   6   0 0.05  0.0    0  9.3 28 160   M    M   4        35 160
14  66  42  54  -4  11   0 0.01    M    0  8.0 18 320   M    M   2        26 320
15  74  43  59   0   6   0 0.00  0.0    0 10.9 22 350   M    M   0        29 340
16  84  44  64   5   1   0 0.00  0.0    0  7.9 15 340   M    M   0        20 350
17  89  52  71  12   0   6 0.00  0.0    0  5.6 12 330   M    M   0        14 340
18  87  50  69   9   0   4 0.00  0.0    0  5.5 10 340   M    M   0        13 340
19  86  55  71  11   0   6 0.00  0.0    0  4.7 13 160   M    M   0        14 170
20  82  53  68   8   0   3 0.00  0.0    0  8.1 22 160   M    M   0        27 140
21  77  50  64   4   1   0 0.00  0.0    0 12.4 29 170   M    M   0        36 170
22  65  48  57  -4   8   0 0.61    M    0 13.6 28 150   M    M   7 13     37 150
23  67  44  56  -5   9   0 0.00  0.0    0  3.8 10 330   M    M   4        15 330
24  71  50  61   0   4   0 0.00  0.0    0 12.3 28 300   M    M   1        37 310
25  71  47  59  -3   6   0 0.00  0.0    0 13.0 26 360   M    M   0        34 330
26  72  47  60  -2   5   0 0.00  0.0    0  6.4 18 360   M    M   4        24 360
27  69  52  61  -1   4   0    T  0.0    0  7.5 16 360   M    M   5        20  10
28  81  54  68   6   0   3 0.00  0.0    0 12.4 28 350   M    M   0        33 350
================================================================================
SM 2133 1421        76  42  1.28     0.0 222.9          M       67
================================================================================
AV 76.2 50.8                               8.0 FASTST   M    M   2    MAX(MPH)
                                 MISC ---->  # 29 350               # 37  350
================================================================================
NOTES:
# LAST OF SEVERAL OCCURRENCES

COLUMN 17 PEAK WIND IN M.P.H.

PRELIMINARY LOCAL CLIMATOLOGICAL DATA (WS FORM: F-6) , PAGE 2

                                          STATION:  RED BLUFF AIRPORT CA
                                          MONTH:    APRIL
                                          YEAR:     2016
                                          LATITUDE:   40  9 N
                                          LONGITUDE: 122 15 W

[TEMPERATURE DATA]      [PRECIPITATION DATA]       SYMBOLS USED IN COLUMN 16

AVERAGE MONTHLY: 63.5   TOTAL FOR MONTH:   1.28    1 = FOG OR MIST
DPTR FM NORMAL:   4.6   DPTR FM NORMAL:   -0.18    2 = FOG REDUCING VISIBILITY
HIGHEST:    91 ON  6    GRTST 24HR  0.61 ON 22-22      TO 1/4 MILE OR LESS
LOWEST:     42 ON 14                               3 = THUNDER
                        SNOW, ICE PELLETS, HAIL    4 = ICE PELLETS
                        TOTAL MONTH:   0.0 INCH    5 = HAIL
                        GRTST 24HR     0.0         6 = FREEZING RAIN OR DRIZZLE
                        GRTST DEPTH:   0           7 = DUSTSTORM OR SANDSTORM:
                                                       VSBY 1/2 MILE OR LESS
                                                   8 = SMOKE OR HAZE
[NO. OF DAYS WITH]      [WEATHER - DAYS WITH]      9 = BLOWING SNOW
                                                   X = TORNADO
MAX 32 OR BELOW:   0    0.01 INCH OR MORE:   6
MAX 90 OR ABOVE:   1    0.10 INCH OR MORE:   3
MIN 32 OR BELOW:   0    0.50 INCH OR MORE:   1
MIN  0 OR BELOW:   0    1.00 INCH OR MORE:   0

[HDD (BASE 65) ]
TOTAL THIS MO.    76    CLEAR  (SCALE 0-3)  19
DPTR FM NORMAL  -118    PTCLDY (SCALE 4-7)   5
TOTAL FM JUL 1  2108    CLOUDY (SCALE 8-10)  4
DPTR FM NORMAL  -476

[CDD (BASE 65) ]
TOTAL THIS MO.    42
DPTR FM NORMAL    18    [PRESSURE DATA]
TOTAL FM JAN 1    45    HIGHEST SLP M ON M
DPTR FM NORMAL    18    LOWEST  SLP 29.67 ON 22

[REMARKS]
