000
CXUS51 KPHI 011137
CF6RDG
PRELIMINARY LOCAL CLIMATOLOGICAL DATA (WS FORM: F-6)

                                          STATION:   READING PA
                                          MONTH:     AUGUST
                                          YEAR:      2015
                                          LATITUDE:   40 22 N
                                          LONGITUDE:  75 58 W

  TEMPERATURE IN F:       :PCPN:    SNOW:  WIND      :SUNSHINE: SKY     :PK WND
================================================================================
1   2   3   4   5  6A  6B    7    8   9   10  11  12  13   14  15   16   17  18
                                     12Z  AVG MX 2MIN
DY MAX MIN AVG DEP HDD CDD  WTR  SNW DPTH SPD SPD DIR MIN PSBL S-S WX    SPD DR
================================================================================

 1  87  65  76   2   0  11 0.00    M    M  5.4 17 280   M    M   3        24 270
 2  87  60  74   0   0   9 0.00    M    M  3.6 15 220   M    M   1 1      20 240
 3  89  65  77   3   0  12    T    M    M  6.5 17 220   M    M   2 3      24 230
 4  88  66  77   3   0  12 0.01    M    M  6.5 25 320   M    M   2 13     34 320
 5  86  62  74   0   0   9 0.00    M    M  5.6 20 290   M    M   2        24 290
 6  82  59  71  -3   0   6    T    M    M  3.4 10 260   M    M   0        13 310
 7  83  62  73  -1   0   8 0.00    M    M  4.5 12  10   M    M   1        16  60
 8  84  61  73  -1   0   8 0.00    M    M  1.7  9 160   M    M   3        13 160
 9  86  64  75   1   0  10 0.00    M    M  2.5 14 150   M    M   5        18 150
10  73  67  70  -4   0   5 0.38    M    M  6.0 16 160   M    M  10 1      22 150
11  85  67  76   2   0  11 1.29    M    M  8.0 17 160   M    M   7 1      27 160
12  82  63  73  -1   0   8 0.00    M    M  6.0 20 330   M    M   3        25 320
13  81  59  70  -4   0   5 0.00    M    M  3.1 13 260   M    M   1        18 330
14  86  57  72  -1   0   7 0.00    M    M  3.4 13 260   M    M   1        16 260
15  90  64  77   4   0  12 0.00    M    M  3.5 12 230   M    M   0        14 240
16  91  66  79   6   0  14 0.00    M    M  3.1 12 260   M    M   1        16 250
17  93  70  82   9   0  17    T    M    M  3.7 12 220   M    M   2        15 250
18  91  72  82   9   0  17 0.00    M    M  5.5 15 140   M    M   1        22 160
19  90  74  82   9   0  17 0.01    M    M  8.2 18 200   M    M   6 8      23 210
20  88  70  79   6   0  14 1.76    M    M  7.0 20 170   M    M   9 13     28 150
21  83  63  73   0   0   8 0.00    M    M  5.2 13 340   M    M   2 1      18  10
22  80  57  69  -3   0   4 0.00    M    M  3.9 13 320   M    M   1        16 340
23  81  57  69  -3   0   4 0.00    M    M  2.1  8 230   M    M   0 1      10 220
24  88  60  74   2   0   9    T    M    M  2.8 10 190   M    M   5 13     13 190
25  81  60  71  -1   0   6    T    M    M  5.2 15 300   M    M   3        21 280
26  78  58  68  -4   0   3 0.00    M    M  4.8 15 290   M    M   3        19 310
27  77  57  67  -5   0   2 0.00    M    M  5.8 15 310   M    M   3        18 320
28  81  58  70  -1   0   5 0.00    M    M  2.3 10 290   M    M   4        14 310
29  85  57  71   0   0   6 0.00    M    M  3.6 10 210   M    M   2 18     17 210
30  88  64  76   5   0  11 0.00    M    M  3.1 12 250   M    M   1 8      14 220
31  90  70  80   9   0  15 0.00    M    M  4.1 12 240   M    M   2 8      17 240
================================================================================
SM 2634 1954         0 285  3.45    M    140.1          M       86
================================================================================
AV 85.0 63.0                               4.5 FASTST   M    M   3    MAX(MPH)
                                 MISC ---->  # 25 320               # 34  320
================================================================================
NOTES:
# LAST OF SEVERAL OCCURRENCES

COLUMN 17 PEAK WIND IN M.P.H.

PRELIMINARY LOCAL CLIMATOLOGICAL DATA (WS FORM: F-6) , PAGE 2

                                          STATION:  READING PA
                                          MONTH:    AUGUST
                                          YEAR:     2015
                                          LATITUDE:   40 22 N
                                          LONGITUDE:  75 58 W

[TEMPERATURE DATA]      [PRECIPITATION DATA]       SYMBOLS USED IN COLUMN 16

AVERAGE MONTHLY: 74.0   TOTAL FOR MONTH:   3.45    1 = FOG OR MIST
DPTR FM NORMAL:   1.0   DPTR FM NORMAL:   -0.19    2 = FOG REDUCING VISIBILITY
HIGHEST:    93 ON 17    GRTST 24HR  1.76 ON 20-20      TO 1/4 MILE OR LESS
LOWEST:     57 ON 29,27                            3 = THUNDER
                        SNOW, ICE PELLETS, HAIL    4 = ICE PELLETS
                        TOTAL MONTH:    M          5 = HAIL
                        GRTST 24HR    M  ON   M    6 = FREEZING RAIN OR DRIZZLE
                        GRTST DEPTH:  M  ON   M    7 = DUSTSTORM OR SANDSTORM:
                                                       VSBY 1/2 MILE OR LESS
                                                   8 = SMOKE OR HAZE
[NO. OF DAYS WITH]      [WEATHER - DAYS WITH]      9 = BLOWING SNOW
                                                   X = TORNADO
MAX 32 OR BELOW:   0    0.01 INCH OR MORE:   5
MAX 90 OR ABOVE:   6    0.10 INCH OR MORE:   3
MIN 32 OR BELOW:   0    0.50 INCH OR MORE:   2
MIN  0 OR BELOW:   0    1.00 INCH OR MORE:   2

[HDD (BASE 65) ]
TOTAL THIS MO.     0    CLEAR  (SCALE 0-3)  22
DPTR FM NORMAL    -4    PTCLDY (SCALE 4-7)   7
TOTAL FM JUL 1     0    CLOUDY (SCALE 8-10)  2
DPTR FM NORMAL    -5

[CDD (BASE 65) ]
TOTAL THIS MO.   285
DPTR FM NORMAL    34    [PRESSURE DATA]
TOTAL FM JAN 1   995    HIGHEST SLP 30.23 ON 29
DPTR FM NORMAL   192    LOWEST  SLP 29.74 ON 11

[REMARKS]
#FINAL-08-15#
