000
CXUS51 KPHI 290800
CF6RDG
PRELIMINARY LOCAL CLIMATOLOGICAL DATA (WS FORM: F-6)

                                          STATION:   READING PA
                                          MONTH:     SEPTEMBER
                                          YEAR:      2016
                                          LATITUDE:   40 22 N
                                          LONGITUDE:  75 58 W

  TEMPERATURE IN F:       :PCPN:    SNOW:  WIND      :SUNSHINE: SKY     :PK WND
================================================================================
1   2   3   4   5  6A  6B    7    8   9   10  11  12  13   14  15   16   17  18
                                     12Z  AVG MX 2MIN
DY MAX MIN AVG DEP HDD CDD  WTR  SNW DPTH SPD SPD DIR MIN PSBL S-S WX    SPD DR
================================================================================

 1  82  63  73   3   0   8 0.03    M    M  5.6 16 340   M    M   6 18     21 340
 2  79  58  69  -1   0   4 0.00    M    M  6.8 15 340   M    M   2        23 350
 3  79  59  69  -1   0   4 0.00    M    M  7.1 16  30   M    M   2        22  40
 4  82  55  69  -1   0   4 0.00    M    M  4.6 15  20   M    M   0        20  10
 5  87  55  71   2   0   6 0.00    M    M  4.5 16 340   M    M   0        19 310
 6  89  61  75   6   0  10 0.00    M    M  7.9 21 340   M    M   2        26 340
 7  91  63  77   8   0  12 0.00    M    M  3.4 15 350   M    M   2        19 350
 8  95  68  82  14   0  17    T    M    M  4.8 17 250   M    M   2        22 270
 9  93  74  84  16   0  19    T    M    M  4.9 13 270   M    M   4        17 310
10  95  73  84  16   0  19 0.08    M    M  6.2 16 190   M    M   3 13     21 190
11  83  63  73   6   0   8 0.00    M    M  9.5 23 310   M    M   4        28 290
12  80  53  67   0   0   2 0.00    M    M  3.4 13 330   M    M   0        16 330
13  87  57  72   5   0   7 0.00    M    M  5.0 15 180   M    M   3        21 150
14  91  62  77  11   0  12    T    M    M  5.2 25 350   M    M   2        30 350
15  76  58  67   1   0   2 0.00    M    M  5.4 13  40   M    M   2        17  30
16  79  52  66   1   0   1 0.00    M    M  4.1 13 160   M    M   3        19 150
17  82  58  70   5   0   5 0.00    M    M  5.7 16 190   M    M   8        21 210
18  86  70  78  14   0  13 0.04    M    M  5.4 14 230   M    M   6 18     19 210
19  76  69  73   9   0   8 2.32    M    M  3.7 14 300   M    M   8 13     16 300
20  83  66  75  11   0  10 0.00    M    M  2.7  8 330   M    M   5 128    11 330
21  83  61  72   9   0   7 0.00    M    M  3.2  8  10   M    M   0 1      11  10
22  86  55  71   8   0   6 0.00    M    M  2.0  7 190   M    M   0 1      10 110
23  88  55  72  10   0   7 0.00    M    M  2.3 13 320   M    M   0 18     15 310
24  73  54  64   2   1   0 0.06    M    M  5.9 14 330   M    M   4 1      19  40
25  71  45  58  -4   7   0 0.00    M    M  2.1  9 330   M    M   0        14  10
26  68  47  58  -3   7   0 0.11    M    M  4.2 13 170   M    M   6 1      17 170
27  75  54  65   4   0   0 0.18    M    M  3.3 10 250   M    M   3 12     14 230
28  71  51  61   1   4   0 0.05    M    M  5.8 16  80   M    M   5 1      24  80
================================================================================
SM 2310 1659        19 191  2.87    M    134.7          M       82
================================================================================
AV 82.5 59.3                               4.8 FASTST   M    M   3    MAX(MPH)
                                 MISC ---->  # 25 350               # 30  350
================================================================================
NOTES:
# LAST OF SEVERAL OCCURRENCES

COLUMN 17 PEAK WIND IN M.P.H.

PRELIMINARY LOCAL CLIMATOLOGICAL DATA (WS FORM: F-6) , PAGE 2

                                          STATION:  READING PA
                                          MONTH:    SEPTEMBER
                                          YEAR:     2016
                                          LATITUDE:   40 22 N
                                          LONGITUDE:  75 58 W

[TEMPERATURE DATA]      [PRECIPITATION DATA]       SYMBOLS USED IN COLUMN 16

AVERAGE MONTHLY: 70.9   TOTAL FOR MONTH:   2.87    1 = FOG OR MIST
DPTR FM NORMAL:   5.2   DPTR FM NORMAL:   -1.13    2 = FOG REDUCING VISIBILITY
HIGHEST:    95 ON 10, 8 GRTST 24HR  2.35 ON 18-19      TO 1/4 MILE OR LESS
LOWEST:     45 ON 25                               3 = THUNDER
                        SNOW, ICE PELLETS, HAIL    4 = ICE PELLETS
                        TOTAL MONTH:    M          5 = HAIL
                        GRTST 24HR    M  ON   M    6 = FREEZING RAIN OR DRIZZLE
                        GRTST DEPTH:  M  ON   M    7 = DUSTSTORM OR SANDSTORM:
                                                       VSBY 1/2 MILE OR LESS
                                                   8 = SMOKE OR HAZE
[NO. OF DAYS WITH]      [WEATHER - DAYS WITH]      9 = BLOWING SNOW
                                                   X = TORNADO
MAX 32 OR BELOW:   0    0.01 INCH OR MORE:   8
MAX 90 OR ABOVE:   5    0.10 INCH OR MORE:   3
MIN 32 OR BELOW:   0    0.50 INCH OR MORE:   1
MIN  0 OR BELOW:   0    1.00 INCH OR MORE:   1

[HDD (BASE 65) ]
TOTAL THIS MO.    19    CLEAR  (SCALE 0-3)  16
DPTR FM NORMAL   -41    PTCLDY (SCALE 4-7)  12
TOTAL FM JUL 1    19    CLOUDY (SCALE 8-10)  0
DPTR FM NORMAL   -46

[CDD (BASE 65) ]
TOTAL THIS MO.   191
DPTR FM NORMAL   108    [PRESSURE DATA]
TOTAL FM JAN 1  1333    HIGHEST SLP M ON M
DPTR FM NORMAL   447    LOWEST  SLP 29.83 ON M

[REMARKS]
