000
CXUS51 KPHI 300800
CF6RDG
PRELIMINARY LOCAL CLIMATOLOGICAL DATA (WS FORM: F-6)

                                          STATION:   READING PA
                                          MONTH:     JUNE
                                          YEAR:      2015
                                          LATITUDE:   40 22 N
                                          LONGITUDE:  75 58 W

  TEMPERATURE IN F:       :PCPN:    SNOW:  WIND      :SUNSHINE: SKY     :PK WND
================================================================================
1   2   3   4   5  6A  6B    7    8   9   10  11  12  13   14  15   16   17  18
                                     12Z  AVG MX 2MIN
DY MAX MIN AVG DEP HDD CDD  WTR  SNW DPTH SPD SPD DIR MIN PSBL S-S WX    SPD DR
================================================================================

 1  68  57  63  -3   2   0 0.56    M    M  5.5 12  10   M    M   9 13     16  20
 2  57  51  54 -12  11   0 0.52    M    M  4.9 13  40   M    M  10 1      17  40
 3  65  54  60  -7   5   0 0.00    M    M  4.5 13 100   M    M  10 1      20 110
 4  66  57  62  -5   3   0 0.00    M    M  5.1 12  70   M    M  10        19  70
 5  79  56  68   0   0   3    T    M    M  4.3  9 140   M    M   8        13 250
 6  81  59  70   2   0   5 0.00    M    M  7.6 20 360   M    M   4        27  50
 7  78  52  65  -3   0   0 0.00    M    M  6.9 17 150   M    M   7        25 190
 8  84  61  73   5   0   8 1.56    M    M  8.5 35 290   M    M   5 13     44 290
 9  83  62  73   4   0   8 0.31    M    M  7.9 21 250   M    M   4 1      27 270
10  83  58  71   2   0   6 0.00    M    M  5.5 17 210   M    M   1 1      23 210
11  91  67  79  10   0  14 0.00    M    M  4.8 16 360   M    M   1 38     21 360
12  93  68  81  11   0  16 0.01    M    M  5.2 25 210   M    M   1 138    33 210
13  85  71  78   8   0  13 0.00    M    M  6.2 17 340   M    M   4        21 330
14  89  66  78   8   0  13 0.23    M    M  2.9 20 280   M    M   3 13     26 280
15  88  73  81  10   0  16 0.02    M    M  5.1 14 250   M    M   6 1      18 240
16  88  71  80   9   0  15 0.03    M    M  7.3 18 280   M    M   5 1      27 280
17  84  62  73   2   0   8    T    M    M  5.8 15 160   M    M   3        20 160
18  71  66  69  -2   0   4 0.63    M    M  5.3 12 130   M    M  10 13     15 120
19  86  68  77   5   0  12 0.14    M    M  5.1 16 270   M    M   4 1      20 300
20  78  65  72   0   0   7 0.64    M    M  5.7 16 130   M    M   9 13     22 130
21  87  72  80   8   0  15 0.14    M    M  9.2 18 270   M    M   6 1      25 270
22  88  67  78   6   0  13 0.00    M    M  6.3 16 270   M    M   1        22 280
23  90  68  79   6   0  14 0.04    M    M  6.1 20 240   M    M   1 138    25 220
24  82  61  72  -1   0   7 0.00    M    M  7.2 16 320   M    M   0        21 320
25  81  59  70  -3   0   5 0.23    M    M  2.8 10 310   M    M   4 1      12 280
26  82  63  73   0   0   8 0.02    M    M  3.3  9 130   M    M   6 1      13 130
27  71  58  65  -9   0   0 0.90    M    M  7.9 20  50   M    M   9 1      29  50
28  75  60  68  -6   0   3 0.14    M    M  8.5 17 260   M    M   9 1      24 260
29  80  58  69  -5   0   4 0.00    M    M  6.0 16 260   M    M   4        20 260
================================================================================
SM 2333 1810        21 217  6.12    M    171.4          M      154
================================================================================
AV 80.4 62.4                               5.9 FASTST   M    M   5    MAX(MPH)
                                 MISC ---->  # 35 290               # 44  290
================================================================================
NOTES:
# LAST OF SEVERAL OCCURRENCES

COLUMN 17 PEAK WIND IN M.P.H.

PRELIMINARY LOCAL CLIMATOLOGICAL DATA (WS FORM: F-6) , PAGE 2

                                          STATION:  READING PA
                                          MONTH:    JUNE
                                          YEAR:     2015
                                          LATITUDE:   40 22 N
                                          LONGITUDE:  75 58 W

[TEMPERATURE DATA]      [PRECIPITATION DATA]       SYMBOLS USED IN COLUMN 16

AVERAGE MONTHLY: 71.4   TOTAL FOR MONTH:   6.12    1 = FOG OR MIST
DPTR FM NORMAL:   1.1   DPTR FM NORMAL:    2.47    2 = FOG REDUCING VISIBILITY
HIGHEST:    93 ON 12    GRTST 24HR  1.87 ON  8- 9      TO 1/4 MILE OR LESS
LOWEST:     51 ON  2                               3 = THUNDER
                        SNOW, ICE PELLETS, HAIL    4 = ICE PELLETS
                        TOTAL MONTH:    M          5 = HAIL
                        GRTST 24HR    M  ON   M    6 = FREEZING RAIN OR DRIZZLE
                        GRTST DEPTH:  M  ON   M    7 = DUSTSTORM OR SANDSTORM:
                                                       VSBY 1/2 MILE OR LESS
                                                   8 = SMOKE OR HAZE
[NO. OF DAYS WITH]      [WEATHER - DAYS WITH]      9 = BLOWING SNOW
                                                   X = TORNADO
MAX 32 OR BELOW:   0    0.01 INCH OR MORE:  17
MAX 90 OR ABOVE:   3    0.10 INCH OR MORE:  12
MIN 32 OR BELOW:   0    0.50 INCH OR MORE:   6
MIN  0 OR BELOW:   0    1.00 INCH OR MORE:   1

[HDD (BASE 65) ]
TOTAL THIS MO.    21    CLEAR  (SCALE 0-3)   7
DPTR FM NORMAL    -2    PTCLDY (SCALE 4-7)  13
TOTAL FM JUL 1  5683    CLOUDY (SCALE 8-10)  9
DPTR FM NORMAL   292

[CDD (BASE 65) ]
TOTAL THIS MO.   217
DPTR FM NORMAL    37    [PRESSURE DATA]
TOTAL FM JAN 1   376    HIGHEST SLP  0.00 ON 16
DPTR FM NORMAL   136    LOWEST  SLP 29.61 ON 28

[REMARKS]
