000
CXUS52 KRAH 241345
CF6RDU
PRELIMINARY LOCAL CLIMATOLOGICAL DATA (WS FORM: F-6)

                                          STATION:   RALEIGH-DURHAM INTL AIRPORT NC
                                          MONTH:     JULY
                                          YEAR:      2017
                                          LATITUDE:   35 52 N
                                          LONGITUDE:  78 47 W

  TEMPERATURE IN F:       :PCPN:    SNOW:  WIND      :SUNSHINE: SKY     :PK WND
================================================================================
1   2   3   4   5  6A  6B    7    8   9   10  11  12  13   14  15   16   17  18
                                     12Z  AVG MX 2MIN
DY MAX MIN AVG DEP HDD CDD  WTR  SNW DPTH SPD SPD DIR MIN PSBL S-S WX    SPD DR
================================================================================

 1  90  73  82   2   0  17    T  0.0    0  9.1 17 220   M    M   8        21 220
 2  92  71  82   2   0  17 0.00  0.0    0  4.4 10 230   M    M   6        13 200
 3  93  70  82   2   0  17 0.15  0.0    0  2.8 15 190   M    M   6 1      18 170
 4  92  71  82   2   0  17 0.84  0.0    0  3.8 16  40   M    M   7 13     19  40
 5  89  70  80   0   0  15 0.47  0.0    0  2.4 13  10   M    M   5 123    20 340
 6  93  68  81   1   0  16    T  0.0    0  5.8 15 250   M    M   6 1      21 230
 7  91  73  82   2   0  17 0.00  0.0    0  8.9 16 240   M    M   4        23 230
 8  95  71  83   3   0  18 0.05  0.0    0  6.4 16  30   M    M   5 13     25  20
 9  88  69  79  -1   0  14 0.00  0.0    0  3.4 13  50   M    M   6        14  40
10  90  70  80   0   0  15 0.00  0.0    0  4.5 15 150   M    M   7        17 150
11  95  71  83   3   0  18 0.00  0.0    0  7.0 16 180   M    M   5        19 210
12  94  75  85   5   0  20 0.00  0.0    0  8.7 16 210   M    M   7        21 210
13  97  78  88   8   0  23    T  0.0    0  8.6 17 220   M    M   4 3      24 280
14  97  77  87   7   0  22 0.00  0.0    0  9.3 21 230   M    M   5 3      26 240
15  94  75  85   5   0  20 0.00  0.0    0  5.9 16 230   M    M   6 3      21 230
16  91  73  82   2   0  17 0.05  0.0    0  5.2 15 130   M    M   8 13     20 130
17  90  71  81   1   0  16 0.02  0.0    0  4.5 12 200   M    M   7 3      16 190
18  89  71  80   0   0  15    T  0.0    0  5.1 13  10   M    M   8 3      20 360
19  94  67  81   1   0  16 0.00  0.0    0  2.6 12  70   M    M   4        16  30
20  99  71  85   5   0  20 0.00  0.0    0  3.8 10 210   M    M   5        12 220
21  98  74  86   6   0  21 0.00  0.0    0  5.6 16 230   M    M   7        20 230
22 101  76  89   9   0  24 0.00  0.0    0 10.8 20 220   M    M   5 1      27 200
23 102  71  87   7   0  22 0.56  0.0    0  8.9 25 220   M    M   6 13     32 220
================================================================================
SM 2154 1656         0 417  2.14     0.0 137.5          M      137
================================================================================
AV 93.7 72.0                               6.0 FASTST   M    M   6    MAX(MPH)
                                 MISC ---->  # 25 220               # 32  220
================================================================================
NOTES:
# LAST OF SEVERAL OCCURRENCES

COLUMN 17 PEAK WIND IN M.P.H.

PRELIMINARY LOCAL CLIMATOLOGICAL DATA (WS FORM: F-6) , PAGE 2

                                          STATION:  RALEIGH-DURHAM INTL AIRPORT NC
                                          MONTH:    JULY
                                          YEAR:     2017
                                          LATITUDE:   35 52 N
                                          LONGITUDE:  78 47 W

[TEMPERATURE DATA]      [PRECIPITATION DATA]       SYMBOLS USED IN COLUMN 16

AVERAGE MONTHLY: 82.8   TOTAL FOR MONTH:   2.14    1 = FOG OR MIST
DPTR FM NORMAL:   2.8   DPTR FM NORMAL:   -1.32    2 = FOG REDUCING VISIBILITY
HIGHEST:   102 ON 23    GRTST 24HR  0.84 ON  4- 4      TO 1/4 MILE OR LESS
LOWEST:     67 ON 19                               3 = THUNDER
                        SNOW, ICE PELLETS, HAIL    4 = ICE PELLETS
                        TOTAL MONTH:   0.0 INCH    5 = HAIL
                        GRTST 24HR     0.0         6 = FREEZING RAIN OR DRIZZLE
                        GRTST DEPTH:   0           7 = DUSTSTORM OR SANDSTORM:
                                                       VSBY 1/2 MILE OR LESS
                                                   8 = SMOKE OR HAZE
[NO. OF DAYS WITH]      [WEATHER - DAYS WITH]      9 = BLOWING SNOW
                                                   X = TORNADO
MAX 32 OR BELOW:   0    0.01 INCH OR MORE:   7
MAX 90 OR ABOVE:  20    0.10 INCH OR MORE:   4
MIN 32 OR BELOW:   0    0.50 INCH OR MORE:   2
MIN  0 OR BELOW:   0    1.00 INCH OR MORE:   0

[HDD (BASE 65) ]
TOTAL THIS MO.     0    CLEAR  (SCALE 0-3)   0
DPTR FM NORMAL     0    PTCLDY (SCALE 4-7)  22
TOTAL FM JUL 1     0    CLOUDY (SCALE 8-10)  1
DPTR FM NORMAL     0

[CDD (BASE 65) ]
TOTAL THIS MO.   417
DPTR FM NORMAL    72    [PRESSURE DATA]
TOTAL FM JAN 1  1081    HIGHEST SLP M ON M
DPTR FM NORMAL   180    LOWEST  SLP 29.78 ON 23

[REMARKS]
