000
CXUS53 KGRB 220656
CF6RHI
PRELIMINARY LOCAL CLIMATOLOGICAL DATA (WS FORM: F-6)

                                          STATION:   RHINELANDER WI
                                          MONTH:     AUGUST
                                          YEAR:      2017
                                          LATITUDE:   45 37 N
                                          LONGITUDE:  89 27 W

  TEMPERATURE IN F:       :PCPN:    SNOW:  WIND      :SUNSHINE: SKY     :PK WND
================================================================================
1   2   3   4   5  6A  6B    7    8   9   10  11  12  13   14  15   16   17  18
                                     12Z  AVG MX 2MIN
DY MAX MIN AVG DEP HDD CDD  WTR  SNW DPTH SPD SPD DIR MIN PSBL S-S WX    SPD DR
================================================================================

 1  85  58  72   5   0   7 0.15  0.0    0  5.9 18 230   M    M   3 123    27 330
 2  72  54  63  -3   2   0 0.00  0.0    0  5.8 12  80   M    M   6 12     17  30
 3  57  50  54 -12  11   0 1.24  0.0    0  8.5 15  80   M    M  10 1      19  80
 4  68  48  58  -8   7   0 0.02  0.0    0  8.9 17 350   M    M   8 1      29  10
 5  75  48  62  -4   3   0    T  0.0    0  5.0 20 260   M    M   4 12     24 260
 6  76  46  61  -5   4   0 0.00  0.0    0  3.0 13 320   M    M   4 12     16 300
 7  77  42  60  -6   5   0 0.00  0.0    0  5.0 14 290   M    M   3 12     19 270
 8  81  51  66   0   0   1 0.00  0.0    0  7.3 20 270   M    M   1        26 270
 9  79  49  64  -2   1   0 0.23  0.0    0  6.1 17 210   M    M   3 12     21 250
10  68  56  62  -4   3   0 0.47  0.0    0  4.8 15 290   M    M   8 13     24 300
11  70  45  58  -8   7   0    T  0.0    0  5.6 14 360   M    M   8 1      24 310
12  77  42  60  -6   5   0 0.00  0.0    0  2.4 12  70   M    M   2 12     16  60
13  78  47  63  -3   2   0 0.00  0.0    0  2.1 10 230   M    M   3 12     13 230
14  65  52  59  -7   6   0 0.62  0.0    0  1.9  9  60   M    M   7 1      12  30
15  74  48  61  -4   4   0 0.00  0.0    0  2.6 10  70   M    M   4 12     16 200
16  76  54  65   0   0   0    T  0.0    0  7.8 14 110   M    M   4 1      20 130
17  72  60  66   1   0   1 0.29  0.0    0  8.7 18 300   M    M  10 12     26 320
18  70  55  63  -2   2   0    T  0.0    0  6.9 15 280   M    M   6 1      21 320
19  79  55  67   2   0   2    T  0.0    0  6.9 16 270   M    M   2 1      22 280
20  83  52  68   3   0   3 0.00  0.0    0  7.4 20 220   M    M   3 12     27 230
21  78  59  69   5   0   4 0.82  0.0    0  5.0 24 220   M    M   4 13     31 200
================================================================================
SM 1560 1071        62  18  3.84     0.0 117.6          M      103
================================================================================
AV 74.3 51.0                               5.6 FASTST   M    M   5    MAX(MPH)
                                 MISC ---->  # 24 220               # 31  200
================================================================================
NOTES:
# LAST OF SEVERAL OCCURRENCES

COLUMN 17 PEAK WIND IN M.P.H.

PRELIMINARY LOCAL CLIMATOLOGICAL DATA (WS FORM: F-6) , PAGE 2

                                          STATION:  RHINELANDER WI
                                          MONTH:    AUGUST
                                          YEAR:     2017
                                          LATITUDE:   45 37 N
                                          LONGITUDE:  89 27 W

[TEMPERATURE DATA]      [PRECIPITATION DATA]       SYMBOLS USED IN COLUMN 16

AVERAGE MONTHLY: 62.6   TOTAL FOR MONTH:   3.84    1 = FOG OR MIST
DPTR FM NORMAL:  -3.0   DPTR FM NORMAL:    1.62    2 = FOG REDUCING VISIBILITY
HIGHEST:    85 ON  1    GRTST 24HR  1.24 ON  3- 3      TO 1/4 MILE OR LESS
LOWEST:     42 ON 12, 7                            3 = THUNDER
                        SNOW, ICE PELLETS, HAIL    4 = ICE PELLETS
                        TOTAL MONTH:   0.0 INCH    5 = HAIL
                        GRTST 24HR     0.0         6 = FREEZING RAIN OR DRIZZLE
                        GRTST DEPTH:   0           7 = DUSTSTORM OR SANDSTORM:
                                                       VSBY 1/2 MILE OR LESS
                                                   8 = SMOKE OR HAZE
[NO. OF DAYS WITH]      [WEATHER - DAYS WITH]      9 = BLOWING SNOW
                                                   X = TORNADO
MAX 32 OR BELOW:   0    0.01 INCH OR MORE:   8
MAX 90 OR ABOVE:   0    0.10 INCH OR MORE:   7
MIN 32 OR BELOW:   0    0.50 INCH OR MORE:   3
MIN  0 OR BELOW:   0    1.00 INCH OR MORE:   1

[HDD (BASE 65) ]
TOTAL THIS MO.    62    CLEAR  (SCALE 0-3)   8
DPTR FM NORMAL    21    PTCLDY (SCALE 4-7)  10
TOTAL FM JUL 1    98    CLOUDY (SCALE 8-10)  3
DPTR FM NORMAL     6

[CDD (BASE 65) ]
TOTAL THIS MO.    18
DPTR FM NORMAL   -40    [PRESSURE DATA]
TOTAL FM JAN 1   162    HIGHEST SLP M ON M
DPTR FM NORMAL   -66    LOWEST  SLP 29.54 ON 17

[REMARKS]
