000
CXUS55 KGJT 271000
CF6RIL
PRELIMINARY LOCAL CLIMATOLOGICAL DATA (WS FORM: F-6)

                                          STATION:   RIFLE CO
                                          MONTH:     MAY
                                          YEAR:      2016
                                          LATITUDE:   39 31 N
                                          LONGITUDE: 107 43 W

  TEMPERATURE IN F:       :PCPN:    SNOW:  WIND      :SUNSHINE: SKY     :PK WND
================================================================================
1   2   3   4   5  6A  6B    7    8   9   10  11  12  13   14  15   16   17  18
                                     12Z  AVG MX 2MIN
DY MAX MIN AVG DEP HDD CDD  WTR  SNW DPTH SPD SPD DIR MIN PSBL S-S WX    SPD DR
================================================================================

 1  63  35  49  -3  16   0 0.03    M    M  8.3 23 150   M    M   5        29  50
 2  65  40  53   1  12   0    T    M    M  3.0 15 300   M    M   5        18 310
 3  72  33  53   0  12   0 0.00    M    M  2.8 10 310   M    M   0        13 320
 4  78  37  58   5   7   0 0.00    M    M  5.4 20 280   M    M   0        23 280
 5  82  40  61   8   4   0 0.00    M    M  4.2 18 120   M    M   0        19 120
 6  80  47  64  10   1   0    T    M    M 11.7 31 260   M    M   3 3      39 210
 7  52  41  47  -7  18   0 0.28    M    M  7.0 32 270   M    M   5 3      41 270
 8  58  35  47  -7  18   0 0.03    M    M  8.2 25 170   M    M   5 3      34 230
 9  64  44  54   0  11   0 0.32    M    M  7.8 22 330   M    M   8 13     32 330
10  63  44  54  -1  11   0 0.19    M    M  8.0 23 320   M    M   6 13     37 320
11  62  33  48  -7  17   0 0.00    M    M  5.7 16 280   M    M   2        21 270
12  73  33  53  -2  12   0 0.00    M    M  5.8 22 260   M    M   0        26 280
13  80  36  58   2   7   0 0.00    M    M  5.7 20 260   M    M   0        23 260
14  83  40  62   6   3   0 0.00    M    M  6.6 29 260   M    M   0        35 280
15  72  49  61   5   4   0 0.13    M    M  7.1 26 320   M    M   5 3      34 310
16  58  42  50  -6  15   0 0.40    M    M  4.5 30 240   M    M   5 13     35 240
17  68  38  53  -4  12   0 0.03    M    M  3.4 23 140   M    M   4 3      27 180
18  71  40  56  -1   9   0    T    M    M  4.6 21 250   M    M   4 3      27 250
19  73  42  58   1   7   0 0.00    M    M  4.6 23 260   M    M   2        30 260
20  78  51  65   7   0   0    T    M    M  6.3 22 180   M    M   3        26 180
21  80  51  66   8   0   1 0.00    M    M 11.2 25 190   M    M   0        33 170
22  70  45  58   0   7   0 0.00    M    M 10.5 31 260   M    M   6        37 260
23  72  35  54  -5  11   0    T    M    M  5.6 23 200   M    M   2        32 200
24  78  37  58  -1   7   0 0.00    M    M 10.3 30 220   M    M   1        46 210
25  73  45  59   0   6   0 0.00    M    M  9.4 22 270   M    M   1        31 280
26  73  38  56  -4   9   0    T    M    M  5.9 32 290   M    M   3        42 310
================================================================================
SM 1841 1051       236   1  1.41    M    173.6          M       75
================================================================================
AV 70.8 40.4                               6.7 FASTST   M    M   3    MAX(MPH)
                                 MISC ---->  # 32 270               # 46  210
================================================================================
NOTES:
# LAST OF SEVERAL OCCURRENCES

COLUMN 17 PEAK WIND IN M.P.H.

PRELIMINARY LOCAL CLIMATOLOGICAL DATA (WS FORM: F-6) , PAGE 2

                                          STATION:  RIFLE CO
                                          MONTH:    MAY
                                          YEAR:     2016
                                          LATITUDE:   39 31 N
                                          LONGITUDE: 107 43 W

[TEMPERATURE DATA]      [PRECIPITATION DATA]       SYMBOLS USED IN COLUMN 16

AVERAGE MONTHLY: 55.6   TOTAL FOR MONTH:   1.41    1 = FOG OR MIST
DPTR FM NORMAL:  -0.2   DPTR FM NORMAL:    0.15    2 = FOG REDUCING VISIBILITY
HIGHEST:    83 ON 14    GRTST 24HR  0.47 ON 15-16      TO 1/4 MILE OR LESS
LOWEST:     33 ON 12,11                            3 = THUNDER
                        SNOW, ICE PELLETS, HAIL    4 = ICE PELLETS
                        TOTAL MONTH:    M          5 = HAIL
                        GRTST 24HR    M  ON   M    6 = FREEZING RAIN OR DRIZZLE
                        GRTST DEPTH:  M  ON   M    7 = DUSTSTORM OR SANDSTORM:
                                                       VSBY 1/2 MILE OR LESS
                                                   8 = SMOKE OR HAZE
[NO. OF DAYS WITH]      [WEATHER - DAYS WITH]      9 = BLOWING SNOW
                                                   X = TORNADO
MAX 32 OR BELOW:   0    0.01 INCH OR MORE:   8
MAX 90 OR ABOVE:   0    0.10 INCH OR MORE:   5
MIN 32 OR BELOW:   0    0.50 INCH OR MORE:   0
MIN  0 OR BELOW:   0    1.00 INCH OR MORE:   0

[HDD (BASE 65) ]
TOTAL THIS MO.   236    CLEAR  (SCALE 0-3)  15
DPTR FM NORMAL    -6    PTCLDY (SCALE 4-7)  11
TOTAL FM JUL 1  6359    CLOUDY (SCALE 8-10)  0
DPTR FM NORMAL  -180

[CDD (BASE 65) ]
TOTAL THIS MO.     1
DPTR FM NORMAL     1    [PRESSURE DATA]
TOTAL FM JAN 1     1    HIGHEST SLP M ON M
DPTR FM NORMAL     1    LOWEST  SLP 29.49 ON  9

[REMARKS]
