000
CXUS55 KGJT 301000
CF6RIL
PRELIMINARY LOCAL CLIMATOLOGICAL DATA (WS FORM: F-6)

                                          STATION:   RIFLE CO
                                          MONTH:     JUNE
                                          YEAR:      2015
                                          LATITUDE:   39 31 N
                                          LONGITUDE: 107 43 W

  TEMPERATURE IN F:       :PCPN:    SNOW:  WIND      :SUNSHINE: SKY     :PK WND
================================================================================
1   2   3   4   5  6A  6B    7    8   9   10  11  12  13   14  15   16   17  18
                                     12Z  AVG MX 2MIN
DY MAX MIN AVG DEP HDD CDD  WTR  SNW DPTH SPD SPD DIR MIN PSBL S-S WX    SPD DR
================================================================================

 1  87  50  69   8   0   4    T    M    M  7.0 46 220   M    M   1        63 220
 2  84  46  65   3   0   0 0.00    M    M  6.0 23 220   M    M   0        35 240
 3  86  42  64   2   1   0 0.00    M    M  6.0 24 160   M    M   0        30 150
 4  87  43  65   3   0   0 0.00    M    M  4.9 18 260   M    M   0        25 200
 5  76  51  64   1   1   0 0.04    M    M  5.5 35 270   M    M   3        43 260
 6  69  49  59  -4   6   0 0.01    M    M  7.0 26 130   M    M   5        33 140
 7  79  42  61  -2   4   0    T    M    M  6.5 26 170   M    M   1 3      33 340
 8  84  40  62  -2   3   0 0.00    M    M  4.0 12 260   M    M   0        14 270
 9  88  46  67   3   0   2 0.00    M    M  6.3 22 260   M    M   0 8      33 250
10  72  58  65   1   0   0 0.18    M    M  5.2 16 270   M    M   9 1      22 320
11  69  55  62  -3   3   0 0.17    M    M  4.1 20 250   M    M  10        24 310
12  81  50  66   1   0   1 0.00    M    M  4.3 14 270   M    M   2        17 270
13  86  50  68   2   0   3 0.00    M    M  4.4 24 360   M    M   1 3      32  10
14  89  49  69   3   0   4 0.00    M    M  3.7 13 320   M    M   0        18 320
15  88  52  70   4   0   5 0.00    M    M  6.7 22 160   M    M   1        27 170
16  90  57  74   8   0   9 0.05    M    M  8.3 26 170   M    M   1 3      32 190
17  93  54  74   7   0   9    T    M    M  6.4 18 310   M    M   0        24 290
18  95  49  72   5   0   7 0.00    M    M  5.2 20 270   M    M   0        24 270
19  96  49  73   6   0   8 0.00    M    M  6.9 23 280   M    M   0        31 280
20  96  51  74   6   0   9 0.00    M    M  6.2 23 250   M    M   0        28 260
21  98  51  75   7   0  10 0.00    M    M  6.3 25 250   M    M   0        32 260
22  96  51  74   6   0   9 0.00    M    M  7.1 23 280   M    M   0        29 280
23  98  50  74   5   0   9 0.00    M    M  7.1 23 240   M    M   0        29 290
24  96  55  76   7   0  11 0.00    M    M  7.8 38 150   M    M   0        46 150
25  95  57  76   7   0  11    T    M    M  6.0 26 350   M    M   0        36 360
26  93  54  74   4   0   9 0.00    M    M  5.4 17 300   M    M   0        25 280
27  98  53  76   6   0  11 0.00    M    M  5.4 18 360   M    M   0        26 310
28  97  56  77   7   0  12 0.00    M    M  6.0 22 260   M    M   0 3      27 250
29  97  62  80  10   0  15 0.00    M    M  6.4 17 330   M    M   0        23 340
================================================================================
SM 2563 1472        18 158  0.45    M    172.1          M       34
================================================================================
AV 88.4 50.8                               5.9 FASTST   M    M   1    MAX(MPH)
                                 MISC ---->  # 46 220               # 63  220
================================================================================
NOTES:
# LAST OF SEVERAL OCCURRENCES

COLUMN 17 PEAK WIND IN M.P.H.

PRELIMINARY LOCAL CLIMATOLOGICAL DATA (WS FORM: F-6) , PAGE 2

                                          STATION:  RIFLE CO
                                          MONTH:    JUNE
                                          YEAR:     2015
                                          LATITUDE:   39 31 N
                                          LONGITUDE: 107 43 W

[TEMPERATURE DATA]      [PRECIPITATION DATA]       SYMBOLS USED IN COLUMN 16

AVERAGE MONTHLY: 69.6   TOTAL FOR MONTH:   0.45    1 = FOG OR MIST
DPTR FM NORMAL:   3.6   DPTR FM NORMAL:   -0.55    2 = FOG REDUCING VISIBILITY
HIGHEST:    98 ON 27,23 GRTST 24HR  0.30 ON 10-11      TO 1/4 MILE OR LESS
LOWEST:     40 ON  8                               3 = THUNDER
                        SNOW, ICE PELLETS, HAIL    4 = ICE PELLETS
                        TOTAL MONTH:    M          5 = HAIL
                        GRTST 24HR    M  ON   M    6 = FREEZING RAIN OR DRIZZLE
                        GRTST DEPTH:  M  ON   M    7 = DUSTSTORM OR SANDSTORM:
                                                       VSBY 1/2 MILE OR LESS
                                                   8 = SMOKE OR HAZE
[NO. OF DAYS WITH]      [WEATHER - DAYS WITH]      9 = BLOWING SNOW
                                                   X = TORNADO
MAX 32 OR BELOW:   0    0.01 INCH OR MORE:   5
MAX 90 OR ABOVE:  14    0.10 INCH OR MORE:   2
MIN 32 OR BELOW:   0    0.50 INCH OR MORE:   0
MIN  0 OR BELOW:   0    1.00 INCH OR MORE:   0

[HDD (BASE 65) ]
TOTAL THIS MO.    18    CLEAR  (SCALE 0-3)  26
DPTR FM NORMAL   -39    PTCLDY (SCALE 4-7)   1
TOTAL FM JUL 1  5823    CLOUDY (SCALE 8-10)  2
DPTR FM NORMAL  -800

[CDD (BASE 65) ]
TOTAL THIS MO.   158
DPTR FM NORMAL    69    [PRESSURE DATA]
TOTAL FM JAN 1   159    HIGHEST SLP M ON M
DPTR FM NORMAL    63    LOWEST  SLP 29.63 ON  3

[REMARKS]
