000
CXUS55 KGJT 251000
CF6RIL
PRELIMINARY LOCAL CLIMATOLOGICAL DATA (WS FORM: F-6)

                                          STATION:   RIFLE CO
                                          MONTH:     JULY
                                          YEAR:      2016
                                          LATITUDE:   39 31 N
                                          LONGITUDE: 107 43 W

  TEMPERATURE IN F:       :PCPN:    SNOW:  WIND      :SUNSHINE: SKY     :PK WND
================================================================================
1   2   3   4   5  6A  6B    7    8   9   10  11  12  13   14  15   16   17  18
                                     12Z  AVG MX 2MIN
DY MAX MIN AVG DEP HDD CDD  WTR  SNW DPTH SPD SPD DIR MIN PSBL S-S WX    SPD DR
================================================================================

 1  72  59  66  -5   0   1 0.17    M    M  3.4 16 260   M    M   8        19 260
 2  77  59  68  -3   0   3 0.79    M    M  3.6 16  90   M    M   7 13     21  50
 3  82  58  70  -1   0   5 0.05    M    M  8.0 24 270   M    M   2 13     30 270
 4  90  53  72   0   0   7 0.00    M    M  6.3 21 140   M    M   1        26 150
 5  92  62  77   5   0  12    T    M    M  6.8 22 270   M    M   2        26 280
 6  92  54  73   1   0   8 0.00    M    M  9.2 28 270   M    M   0        35 270
 7  91  51  71  -1   0   6 0.00    M    M  8.5 28 270   M    M   0        33 270
 8  94  52  73   1   0   8 0.00    M    M  6.8 28 270   M    M   0        35 260
 9  94  51  73   1   0   8 0.00    M    M  6.1 23 270   M    M   0        31 280
10  94  54  74   1   0   9 0.00    M    M  7.4 30 220   M    M   0        40 230
11  86  55  71  -2   0   6 0.00    M    M 11.5 28 260   M    M   0        37 270
12  90  46  68  -5   0   3 0.00    M    M  6.8 29 260   M    M   0        37 260
13  93  49  71  -2   0   6 0.00    M    M  6.4 24 270   M    M   0        29 250
14  94  50  72  -1   0   7 0.00    M    M  6.5 28 310   M    M   0        36 320
15  97  51  74   1   0   9 0.00    M    M  5.3 25 280   M    M   0        34 270
16  97  54  76   3   0  11 0.00    M    M  8.1 29 270   M    M   0        36 280
17  96  55  76   3   0  11 0.00    M    M  6.2 23 260   M    M   0        34 270
18  87  64  76   3   0  11    T    M    M  5.7 33 260   M    M   3 3      42 260
19  87  64  76   3   0  11 0.01    M    M  7.2 18 160   M    M   3        24 160
20  89  58  74   1   0   9    T    M    M  5.5 21 110   M    M   3 3      25 100
21  87  59  73   0   0   8    T    M    M  5.8 20 170   M    M   1        26 180
22  91  57  74   1   0   9 0.04    M    M  5.6 35 320   M    M   1 3      42 310
23  98  57  78   5   0  13 0.00    M    M  5.7 23 320   M    M   0 3      34 320
24  99  64  82   9   0  17    T    M    M  7.2 20 240   M    M   0        28 240
================================================================================
SM 2169 1336         0 198  1.06    M    159.6          M       31
================================================================================
AV 90.4 55.7                               6.7 FASTST   M    M   1    MAX(MPH)
                                 MISC ---->  # 35 320               # 42  260
================================================================================
NOTES:
# LAST OF SEVERAL OCCURRENCES

COLUMN 17 PEAK WIND IN M.P.H.

PRELIMINARY LOCAL CLIMATOLOGICAL DATA (WS FORM: F-6) , PAGE 2

                                          STATION:  RIFLE CO
                                          MONTH:    JULY
                                          YEAR:     2016
                                          LATITUDE:   39 31 N
                                          LONGITUDE: 107 43 W

[TEMPERATURE DATA]      [PRECIPITATION DATA]       SYMBOLS USED IN COLUMN 16

AVERAGE MONTHLY: 73.0   TOTAL FOR MONTH:   1.06    1 = FOG OR MIST
DPTR FM NORMAL:   0.5   DPTR FM NORMAL:    0.32    2 = FOG REDUCING VISIBILITY
HIGHEST:    99 ON 24    GRTST 24HR  0.83 ON  2- 3      TO 1/4 MILE OR LESS
LOWEST:     46 ON 12                               3 = THUNDER
                        SNOW, ICE PELLETS, HAIL    4 = ICE PELLETS
                        TOTAL MONTH:    M          5 = HAIL
                        GRTST 24HR    M  ON   M    6 = FREEZING RAIN OR DRIZZLE
                        GRTST DEPTH:  M  ON   M    7 = DUSTSTORM OR SANDSTORM:
                                                       VSBY 1/2 MILE OR LESS
                                                   8 = SMOKE OR HAZE
[NO. OF DAYS WITH]      [WEATHER - DAYS WITH]      9 = BLOWING SNOW
                                                   X = TORNADO
MAX 32 OR BELOW:   0    0.01 INCH OR MORE:   5
MAX 90 OR ABOVE:  16    0.10 INCH OR MORE:   2
MIN 32 OR BELOW:   0    0.50 INCH OR MORE:   1
MIN  0 OR BELOW:   0    1.00 INCH OR MORE:   0

[HDD (BASE 65) ]
TOTAL THIS MO.     0    CLEAR  (SCALE 0-3)  20
DPTR FM NORMAL     0    PTCLDY (SCALE 4-7)   4
TOTAL FM JUL 1     0    CLOUDY (SCALE 8-10)  0
DPTR FM NORMAL     0

[CDD (BASE 65) ]
TOTAL THIS MO.   198
DPTR FM NORMAL    18    [PRESSURE DATA]
TOTAL FM JAN 1   402    HIGHEST SLP M ON M
DPTR FM NORMAL   120    LOWEST  SLP 29.58 ON 10

[REMARKS]
